{"id":75,"date":"2011-10-23T10:05:38","date_gmt":"2011-10-23T10:05:38","guid":{"rendered":"http:\/\/localhost\/fisch-fest_wordpress\/wordpress\/?page_id=75"},"modified":"2011-11-12T18:05:23","modified_gmt":"2011-11-12T18:05:23","slug":"25-september-2011-steckerlfisch-im-winkler-markt","status":"publish","type":"page","link":"https:\/\/www.fisch-fest.net\/wordpress\/news\/25-september-2011-steckerlfisch-im-winkler-markt\/","title":{"rendered":"25. September 2011 &#8211; Steckerlfisch im Winkler Markt"},"content":{"rendered":"<p>Das Nachbarschaftsfest im Winklermarkt war ein gro\u00dfer Erfolg.<\/p>\n<p>Besten Dank an Alle! Besonders gefreut haben wir uns \u00fcber das ausgezeichnete Feedback bez\u00fcglich unserer Steckerlfische!<br \/>\nWir freuen uns bereits wieder auf das n\u00e4chste Nachbarschaftsfest!<\/p>\n<p>Mit besten Dank<br \/>\nAndreas Pinter\u00a0\u00a0\u00a0\u00a0\u00a0\u00a0\u00a0\u00a0\u00a0\u00a0\u00a0\u00a0\u00a0\u00a0\u00a0\u00a0\u00a0\u00a0\u00a0\u00a0\u00a0\u00a0\u00a0\u00a0\u00a0\u00a0\u00a0\u00a0\u00a0\u00a0\u00a0\u00a0\u00a0\u00a0\u00a0\u00a0\u00a0\u00a0\u00a0\u00a0\u00a0\u00a0\u00a0\u00a0\u00a0\u00a0\u00a0\u00a0\u00a0\u00a0\u00a0\u00a0\u00a0\u00a0\u00a0\u00a0\u00a0\u00a0\u00a0\u00a0\u00a0\u00a0\u00a0\u00a0\u00a0\u00a0\u00a0\u00a0\u00a0\u00a0\u00a0\u00a0\u00a0\u00a0\u00a0\u00a0\u00a0\u00a0\u00a0\u00a0\u00a0\u00a0 <a title=\"News und Veranstaltungskalender\" href=\"https:\/\/www.fisch-fest.net\/wordpress\/?page_id=56\">zur\u00fcck<\/a><\/p>\n","protected":false},"excerpt":{"rendered":"<p>Das Nachbarschaftsfest im Winklermarkt war ein gro\u00dfer Erfolg. Besten Dank an Alle! Besonders gefreut haben wir uns \u00fcber das ausgezeichnete Feedback bez\u00fcglich unserer Steckerlfische! Wir freuen uns bereits wieder auf das n\u00e4chste Nachbarschaftsfest! Mit besten Dank Andreas Pinter\u00a0\u00a0\u00a0\u00a0\u00a0\u00a0\u00a0\u00a0\u00a0\u00a0\u00a0\u00a0\u00a0\u00a0\u00a0\u00a0\u00a0\u00a0\u00a0\u00a0\u00a0\u00a0\u00a0\u00a0\u00a0\u00a0\u00a0\u00a0\u00a0\u00a0\u00a0\u00a0\u00a0\u00a0\u00a0\u00a0\u00a0\u00a0\u00a0\u00a0\u00a0\u00a0\u00a0\u00a0\u00a0\u00a0\u00a0\u00a0\u00a0\u00a0\u00a0\u00a0\u00a0\u00a0\u00a0\u00a0\u00a0\u00a0\u00a0\u00a0\u00a0\u00a0\u00a0\u00a0\u00a0\u00a0\u00a0\u00a0\u00a0\u00a0\u00a0\u00a0\u00a0\u00a0\u00a0\u00a0\u00a0\u00a0\u00a0\u00a0\u00a0\u00a0 zur\u00fcck<\/p>\n","protected":false},"author":1,"featured_media":0,"parent":56,"menu_order":3,"comment_status":"open","ping_status":"open","template":"sidebar-page.php","meta":{"jetpack_post_was_ever_published":false,"footnotes":""},"class_list":["post-75","page","type-page","status-publish","hentry"],"jetpack_sharing_enabled":true,"jetpack_shortlink":"https:\/\/wp.me\/P8BrCw-1d","jetpack-related-posts":[{"id":440,"url":"https:\/\/www.fisch-fest.net\/wordpress\/news\/13-14-september-2013-genusslandstrase-2013\/","url_meta":{"origin":75,"position":0},"title":"Genusslandstra\u00dfe","date":"25. August 2013","format":false,"excerpt":"Die n\u00e4chste Genusslandstra\u00dfe findet wieder im Jahr 2017 statt! Freuen\u00a0wir uns\u00a0darauf! \u00a0 \u00a0 \u00a0 \u00a0 Auch vom 13. - 14. September 2013 haben\u00a0Sie die Aussteller der Genusslandstra\u00dfe mit einem kulinarischem Feuerwerk begeistert. Fisch & Fest\u00a0hat\u00a0Sie mit den besten Fischspezialit\u00e4ten verw\u00f6hnt. F\u00fcr Ihr\u00a0leibliches\u00a0Wohl sorgten wir mit unseren Spizialit\u00e4ten: \"M\u00fchlviertler\u00a0Fischsuppe und Fischetti\".\u2026","rel":"","context":"\u00c4hnlicher Beitrag","img":{"alt_text":"","src":"https:\/\/i0.wp.com\/www.fisch-fest.net\/wordpress\/wp-content\/uploads\/2011\/11\/genussland_ooe_0271-450x3001.jpg?resize=350%2C200","width":350,"height":200},"classes":[]},{"id":608,"url":"https:\/\/www.fisch-fest.net\/wordpress\/","url_meta":{"origin":75,"position":1},"title":"Fisch&#038;Fest","date":"8. April 2017","format":false,"excerpt":"Alle Informationen zu unseren \u00d6ffnungszeiten finden Sie im Veranstaltungskalender \u00a0 Fisch in seiner besten Form Heimische S\u00fc\u00dfwasserfische gelten als besonders schmackhaft und sind zudem eine gesunde Sache! Genie\u00dfen Sie Fische von heimischen Fischz\u00fcchtern, denen Ihre Fische und unsere Umwelt besonders am Herzen liegen. Leidenschaftliche Fischliebhaber und Fischkenner sind hier richtig!\u2026","rel":"","context":"\u00c4hnlicher Beitrag","img":{"alt_text":"","src":"","width":0,"height":0},"classes":[]},{"id":2829,"url":"https:\/\/www.fisch-fest.net\/wordpress\/datenschutzerklaerung\/","url_meta":{"origin":75,"position":2},"title":"Datenschutzerkl\u00e4rung","date":"3. September 2022","format":false,"excerpt":"Wer wir sind Die Adresse unserer Website ist: https:\/\/www.fisch-fest.net\/wordpress.Die Adresse unseres Impressums ist: https:\/\/www.fisch-fest.net\/wordpress\/impressum\/Copyright-Erkl\u00e4rung: https:\/\/www.fisch-fest.net\/wordpress\/copyright\/ Kommentare Wenn Besucher Kommentare auf der Website schreiben, sammeln wir die Daten, die im Kommentar-Formular angezeigt werden, au\u00dferdem die IP-Adresse des Besuchers und den User-Agent-String (damit wird der Browser identifiziert), um die Erkennung von Spam\u2026","rel":"","context":"\u00c4hnlicher Beitrag","img":{"alt_text":"","src":"","width":0,"height":0},"classes":[]},{"id":487,"url":"https:\/\/www.fisch-fest.net\/wordpress\/news\/fest-der-sinne-am-22-23-november-2013-in-der-pluscity\/","url_meta":{"origin":75,"position":3},"title":"Fest der Sinne vom 22. &#8211; 23. November 2013 in der PlusCity","date":"1. September 2013","format":false,"excerpt":"Sehen, schmecken, riechen: Das ist das Moto vom Fest der Sinne in der PlusCity! Das Fest der Sinne spricht alle Liebhaber von heimischen K\u00f6stlichkeiten und andere Gaumenfreuden an. Geboten werden nat\u00fcrlich unsere heimischen Fischspezialit\u00e4ten und andere Schmankerl, vom besten Fleisch \u00fcber Milchprodukte frische Backware und einiges mehr. Lassen Sie sich\u2026","rel":"","context":"\u00c4hnlicher Beitrag","img":{"alt_text":"","src":"","width":0,"height":0},"classes":[]},{"id":82,"url":"https:\/\/www.fisch-fest.net\/wordpress\/news\/16-september-2011-genusslandstrase-2011\/","url_meta":{"origin":75,"position":4},"title":"16. September 2011 &#8211; Genusslandstra\u00dfe 2011","date":"23. Oktober 2011","format":false,"excerpt":"Auch heuer war die Genusslandstra\u00dfe ein gro\u00dfer Erfolg. Zahlreiche Besucher erfreuten sich an einem \u00fcberragenden Angebot! Einen herzlichen Dank \u00fcbermitteln wir auch unserem Landeshauptmann Dr. P\u00fchringer, der bereits \u00fcber Jahre diese Veranstaltung unterst\u00fctzt. Beste Gr\u00fc\u00dfe und ein Dankesch\u00f6n an alle Besucher!\u00a0\u00a0\u00a0\u00a0\u00a0\u00a0\u00a0\u00a0\u00a0\u00a0\u00a0\u00a0\u00a0\u00a0\u00a0\u00a0\u00a0\u00a0\u00a0\u00a0\u00a0\u00a0\u00a0\u00a0\u00a0\u00a0\u00a0\u00a0\u00a0\u00a0\u00a0\u00a0\u00a0\u00a0\u00a0\u00a0\u00a0\u00a0\u00a0\u00a0\u00a0\u00a0\u00a0\u00a0\u00a0\u00a0\u00a0\u00a0\u00a0\u00a0\u00a0\u00a0\u00a0\u00a0\u00a0\u00a0\u00a0\u00a0\u00a0\u00a0\u00a0\u00a0\u00a0\u00a0\u00a0\u00a0\u00a0\u00a0\u00a0\u00a0\u00a0\u00a0\u00a0\u00a0\u00a0\u00a0\u00a0\u00a0\u00a0\u00a0\u00a0\u00a0\u00a0\u00a0\u00a0\u00a0\u00a0\u00a0\u00a0\u00a0\u00a0\u00a0\u00a0\u00a0\u00a0\u00a0\u00a0\u00a0\u00a0\u00a0\u00a0zur\u00fcck","rel":"","context":"\u00c4hnlicher Beitrag","img":{"alt_text":"","src":"https:\/\/i0.wp.com\/www.fisch-fest.net\/wordpress\/wp-content\/uploads\/2011\/11\/genussland_ooe_0271-450x3001.jpg?resize=350%2C200","width":350,"height":200},"classes":[]},{"id":6,"url":"https:\/\/www.fisch-fest.net\/wordpress\/fisch_und_fest_kontaktformular\/","url_meta":{"origin":75,"position":5},"title":"Kontaktformular","date":"22. Oktober 2011","format":false,"excerpt":"Hier haben Sie die M\u00f6glichkeit mit uns in Verbindung zu treten. Senden Sie uns eine Mail, wir freuen uns \u00fcber jeden Kontakt und werden Ihre Fragen und Anliegen so schnell als m\u00f6glich beantworten. Unsere Postanschrift lautet: Andreas Pinter Hirschenau 27 4382 St. Nikola an der Donau Telefonnummer: 0650 52 66\u2026","rel":"","context":"\u00c4hnlicher Beitrag","img":{"alt_text":"","src":"","width":0,"height":0},"classes":[]}],"_links":{"self":[{"href":"https:\/\/www.fisch-fest.net\/wordpress\/wp-json\/wp\/v2\/pages\/75","targetHints":{"allow":["GET"]}}],"collection":[{"href":"https:\/\/www.fisch-fest.net\/wordpress\/wp-json\/wp\/v2\/pages"}],"about":[{"href":"https:\/\/www.fisch-fest.net\/wordpress\/wp-json\/wp\/v2\/types\/page"}],"author":[{"embeddable":true,"href":"https:\/\/www.fisch-fest.net\/wordpress\/wp-json\/wp\/v2\/users\/1"}],"replies":[{"embeddable":true,"href":"https:\/\/www.fisch-fest.net\/wordpress\/wp-json\/wp\/v2\/comments?post=75"}],"version-history":[{"count":1,"href":"https:\/\/www.fisch-fest.net\/wordpress\/wp-json\/wp\/v2\/pages\/75\/revisions"}],"predecessor-version":[{"id":128,"href":"https:\/\/www.fisch-fest.net\/wordpress\/wp-json\/wp\/v2\/pages\/75\/revisions\/128"}],"up":[{"embeddable":true,"href":"https:\/\/www.fisch-fest.net\/wordpress\/wp-json\/wp\/v2\/pages\/56"}],"wp:attachment":[{"href":"https:\/\/www.fisch-fest.net\/wordpress\/wp-json\/wp\/v2\/media?parent=75"}],"curies":[{"name":"wp","href":"https:\/\/api.w.org\/{rel}","templated":true}]}}

<p>Das Nachbarschaftsfest im Winklermarkt war ein großer Erfolg.</p>
<p>Besten Dank an Alle! Besonders gefreut haben wir uns über das ausgezeichnete Feedback bezüglich unserer Steckerlfische!<br />
Wir freuen uns bereits wieder auf das nächste Nachbarschaftsfest!</p>
<p>Mit besten Dank<br />
Andreas Pinter                                                                                   <a title="News und Veranstaltungskalender" href="https://www.fisch-fest.net/wordpress/?page_id=56">zurück</a></p>

<p>Das Nachbarschaftsfest im Winklermarkt war ein großer Erfolg. Besten Dank an Alle! Besonders gefreut haben wir uns über das ausgezeichnete Feedback bezüglich unserer Steckerlfische! Wir freuen uns bereits wieder auf das nächste Nachbarschaftsfest! Mit besten Dank Andreas Pinter                                                                                   zurück</p>

Genusslandstraße

Die nächste Genusslandstraße findet wieder im Jahr 2017 statt! Freuen wir uns darauf!         Auch vom 13. - 14. September 2013 haben Sie die Aussteller der Genusslandstraße mit einem kulinarischem Feuerwerk begeistert. Fisch & Fest hat Sie mit den besten Fischspezialitäten verwöhnt. Für Ihr leibliches Wohl sorgten wir mit unseren Spizialitäten: "Mühlviertler Fischsuppe und Fischetti".…

Ähnlicher Beitrag

Alle Informationen zu unseren Öffnungszeiten finden Sie im Veranstaltungskalender   Fisch in seiner besten Form Heimische Süßwasserfische gelten als besonders schmackhaft und sind zudem eine gesunde Sache! Genießen Sie Fische von heimischen Fischzüchtern, denen Ihre Fische und unsere Umwelt besonders am Herzen liegen. Leidenschaftliche Fischliebhaber und Fischkenner sind hier richtig!…

Datenschutzerklärung

Wer wir sind Die Adresse unserer Website ist: https://www.fisch-fest.net/wordpress.Die Adresse unseres Impressums ist: https://www.fisch-fest.net/wordpress/impressum/Copyright-Erklärung: https://www.fisch-fest.net/wordpress/copyright/ Kommentare Wenn Besucher Kommentare auf der Website schreiben, sammeln wir die Daten, die im Kommentar-Formular angezeigt werden, außerdem die IP-Adresse des Besuchers und den User-Agent-String (damit wird der Browser identifiziert), um die Erkennung von Spam…

Sehen, schmecken, riechen: Das ist das Moto vom Fest der Sinne in der PlusCity! Das Fest der Sinne spricht alle Liebhaber von heimischen Köstlichkeiten und andere Gaumenfreuden an. Geboten werden natürlich unsere heimischen Fischspezialitäten und andere Schmankerl, vom besten Fleisch über Milchprodukte frische Backware und einiges mehr. Lassen Sie sich…

16. September 2011 &#8211; Genusslandstraße 2011

Auch heuer war die Genusslandstraße ein großer Erfolg. Zahlreiche Besucher erfreuten sich an einem überragenden Angebot! Einen herzlichen Dank übermitteln wir auch unserem Landeshauptmann Dr. Pühringer, der bereits über Jahre diese Veranstaltung unterstützt. Beste Grüße und ein Dankeschön an alle Besucher!                                                                                                     zurück

Hier haben Sie die Möglichkeit mit uns in Verbindung zu treten. Senden Sie uns eine Mail, wir freuen uns über jeden Kontakt und werden Ihre Fragen und Anliegen so schnell als möglich beantworten. Unsere Postanschrift lautet: Andreas Pinter Hirschenau 27 4382 St. Nikola an der Donau Telefonnummer: 0650 52 66…
