{"id":64,"date":"2011-10-23T09:47:42","date_gmt":"2011-10-23T09:47:42","guid":{"rendered":"http:\/\/localhost\/fisch-fest_wordpress\/wordpress\/?page_id=64"},"modified":"2012-04-20T08:51:23","modified_gmt":"2012-04-20T08:51:23","slug":"neuer-verarbeitungsraum-eingerichtet","status":"publish","type":"page","link":"https:\/\/www.fisch-fest.net\/wordpress\/news\/neuer-verarbeitungsraum-eingerichtet\/","title":{"rendered":"18. September 2011 &#8211; Neuer Verarbeitungsraum eingerichtet"},"content":{"rendered":"<p>Nach mehrmonatiger Bauzeit wurde der neue und den modernsten<br \/>\nStand der Technik entsprechende Verarbeitungsraum fertiggestellt.<\/p>\n<p>Wir bedanken uns bei allen Firmen, die uns bei der Errichtung<br \/>\nzur Seite gestanden sind, sehr herzlich.\u00a0\u00a0\u00a0\u00a0\u00a0\u00a0\u00a0\u00a0\u00a0\u00a0\u00a0\u00a0\u00a0\u00a0\u00a0\u00a0\u00a0\u00a0\u00a0\u00a0\u00a0\u00a0\u00a0\u00a0\u00a0\u00a0\u00a0\u00a0\u00a0\u00a0\u00a0\u00a0\u00a0\u00a0\u00a0\u00a0\u00a0 <a title=\"News und Veranstaltungskalender\" href=\"https:\/\/www.fisch-fest.net\/wordpress\/?page_id=56\">zur\u00fcck<\/a><a href=\"https:\/\/i0.wp.com\/www.fisch-fest.net\/wordpress\/wp-content\/uploads\/2011\/11\/Verarbeitungsraum-300x2251.jpg?ssl=1\"><img loading=\"lazy\" decoding=\"async\" data-attachment-id=\"106\" data-permalink=\"https:\/\/www.fisch-fest.net\/wordpress\/news\/neuer-verarbeitungsraum-eingerichtet\/verarbeitungsraum-300x225\/\" data-orig-file=\"https:\/\/i0.wp.com\/www.fisch-fest.net\/wordpress\/wp-content\/uploads\/2011\/11\/Verarbeitungsraum-300x2251.jpg?fit=300%2C225&amp;ssl=1\" data-orig-size=\"300,225\" data-comments-opened=\"1\" data-image-meta=\"{&quot;aperture&quot;:&quot;0&quot;,&quot;credit&quot;:&quot;&quot;,&quot;camera&quot;:&quot;&quot;,&quot;caption&quot;:&quot;&quot;,&quot;created_timestamp&quot;:&quot;0&quot;,&quot;copyright&quot;:&quot;&quot;,&quot;focal_length&quot;:&quot;0&quot;,&quot;iso&quot;:&quot;0&quot;,&quot;shutter_speed&quot;:&quot;0&quot;,&quot;title&quot;:&quot;&quot;}\" data-image-title=\"Verarbeitungsraum-300&amp;#215;225\" data-image-description=\"\" data-image-caption=\"\" data-medium-file=\"https:\/\/i0.wp.com\/www.fisch-fest.net\/wordpress\/wp-content\/uploads\/2011\/11\/Verarbeitungsraum-300x2251.jpg?fit=300%2C225&amp;ssl=1\" data-large-file=\"https:\/\/i0.wp.com\/www.fisch-fest.net\/wordpress\/wp-content\/uploads\/2011\/11\/Verarbeitungsraum-300x2251.jpg?fit=300%2C225&amp;ssl=1\" class=\"alignleft size-full wp-image-106\" title=\"Verarbeitungsraum-300x225\" src=\"https:\/\/i0.wp.com\/www.fisch-fest.net\/wordpress\/wp-content\/uploads\/2011\/11\/Verarbeitungsraum.jpg?resize=300%2C225&#038;ssl=1\" alt=\"\" width=\"300\" height=\"225\" data-recalc-dims=\"1\" \/><\/a><\/p>\n","protected":false},"excerpt":{"rendered":"<p>Nach mehrmonatiger Bauzeit wurde der neue und den modernsten Stand der Technik entsprechende Verarbeitungsraum fertiggestellt. Wir bedanken uns bei allen Firmen, die uns bei der Errichtung zur Seite gestanden sind, sehr herzlich.\u00a0\u00a0\u00a0\u00a0\u00a0\u00a0\u00a0\u00a0\u00a0\u00a0\u00a0\u00a0\u00a0\u00a0\u00a0\u00a0\u00a0\u00a0\u00a0\u00a0\u00a0\u00a0\u00a0\u00a0\u00a0\u00a0\u00a0\u00a0\u00a0\u00a0\u00a0\u00a0\u00a0\u00a0\u00a0\u00a0\u00a0 zur\u00fcck<\/p>\n","protected":false},"author":1,"featured_media":0,"parent":56,"menu_order":4,"comment_status":"open","ping_status":"open","template":"sidebar-page.php","meta":{"jetpack_post_was_ever_published":false,"footnotes":""},"class_list":["post-64","page","type-page","status-publish","hentry"],"jetpack_sharing_enabled":true,"jetpack_shortlink":"https:\/\/wp.me\/P8BrCw-12","jetpack-related-posts":[{"id":213,"url":"https:\/\/www.fisch-fest.net\/wordpress\/news\/02-marz-2012-medaillenregen-bei-der-messe-ab-hof-in-wieselburg\/","url_meta":{"origin":64,"position":0},"title":"02. M\u00e4rz 2012 &#8211; Medaillenregen bei der Messe &#8222;Ab Hof&#8220; in Wieselburg","date":"20. April 2012","format":false,"excerpt":"Andreas Pinter r\u00e4umte beim Fischkaiser gewaltig ab!! Mit zwei Goldmedaillen und drei Silbermedaillen ist Andreas sehr zufrieden und freut sich, dass auch auf der \u201cAb Hof 2012\u2033 in Wieselburg seine Anstrengungen, Fisch f\u00fcr h\u00f6chste Qualit\u00e4tsanspr\u00fcche zu produzieren, Anerkennung gefunden haben. zur\u00fcck \u00a0 \u00a0","rel":"","context":"\u00c4hnlicher Beitrag","img":{"alt_text":"","src":"https:\/\/i0.wp.com\/www.fisch-fest.net\/wordpress\/wp-content\/uploads\/2012\/04\/Medaillenregen-300x200.jpg?resize=350%2C200","width":350,"height":200},"classes":[]},{"id":453,"url":"https:\/\/www.fisch-fest.net\/wordpress\/news\/01-04-marz-2013-erneuter-medaillenregen-bei-der-messe-ab-hof-in-wieselburg\/","url_meta":{"origin":64,"position":1},"title":"01. &#8211; 04. M\u00e4rz 2013 &#8211; Erneuter Medaillenregen bei der Messe &#8222;Ab Hof&#8220; in Wieselburg","date":"25. August 2013","format":false,"excerpt":"Andreas Pinter r\u00e4umte bei der \"Ab Hof 2013\" gewaltig ab!! Neben zahlreichen Goldmedaillen\u00a0hat es Andreas Pinter auf der \u201cAb Hof 2013\u2033 in Wieselburg nun\u00a0geschafft.\u00a0Seine Anstrengungen, Fische f\u00fcr h\u00f6chste Qualit\u00e4tsanspr\u00fcche zu produzieren hat durch die h\u00f6chste Auszeichnung \"dem Fischkaiser\" Anerkennung gefunden. \u00a0 Als bestes Produkt \u00d6sterreichs hat Andreas Pinter f\u00fcr die\u2026","rel":"","context":"\u00c4hnlicher Beitrag","img":{"alt_text":"","src":"","width":0,"height":0},"classes":[]},{"id":369,"url":"https:\/\/www.fisch-fest.net\/wordpress\/news\/steckerlfische-beim-tag-der-offenen-tur-bei-firma-biokompakt-heiztechnik-gmbh\/","url_meta":{"origin":64,"position":2},"title":"Steckerlfische beim Tag der offenen T\u00fcr bei Firma Biokompakt Heiztechnik","date":"17. April 2013","format":false,"excerpt":"Die Firma Biokompakt Heiztechnik GmbH und Andreas Pinter verk\u00fcndete erfreut, dass am 3. und 4. Mai 2013 die Nahversorgertage (Tag der offenen T\u00fcr) in 4381 St. Nikola, Sattl 11 stattfinden. Bei dieser Gelegenheit luden wir alle Freunde der Biomasse herzlich ein die Produktionshallen und den Kesselpr\u00fcfstand der Firma Biokompakt Heiztechnik\u2026","rel":"","context":"\u00c4hnlicher Beitrag","img":{"alt_text":"","src":"","width":0,"height":0},"classes":[]},{"id":2829,"url":"https:\/\/www.fisch-fest.net\/wordpress\/datenschutzerklaerung\/","url_meta":{"origin":64,"position":3},"title":"Datenschutzerkl\u00e4rung","date":"3. September 2022","format":false,"excerpt":"Wer wir sind Die Adresse unserer Website ist: https:\/\/www.fisch-fest.net\/wordpress.Die Adresse unseres Impressums ist: https:\/\/www.fisch-fest.net\/wordpress\/impressum\/Copyright-Erkl\u00e4rung: https:\/\/www.fisch-fest.net\/wordpress\/copyright\/ Kommentare Wenn Besucher Kommentare auf der Website schreiben, sammeln wir die Daten, die im Kommentar-Formular angezeigt werden, au\u00dferdem die IP-Adresse des Besuchers und den User-Agent-String (damit wird der Browser identifiziert), um die Erkennung von Spam\u2026","rel":"","context":"\u00c4hnlicher Beitrag","img":{"alt_text":"","src":"","width":0,"height":0},"classes":[]},{"id":56,"url":"https:\/\/www.fisch-fest.net\/wordpress\/news\/","url_meta":{"origin":64,"position":4},"title":"News","date":"23. Oktober 2011","format":false,"excerpt":"Alle Termine finden Sie in unserem Veranstaltungskalender Ehrungen Ab Hof 2013 \"Verleihung Fischkaiser\" Hier finden Sie vergangene Ereignisse! Fest der Sinne vom 22. bis 23. November in der Plus City in Pasching Genusslandstra\u00dfe vom 13. bis 14 September in der Linzer City Einkaufsnacht in Waidhofen am 30.08.2013 03.05. - 04.05.2013\u2026","rel":"","context":"\u00c4hnlicher Beitrag","img":{"alt_text":"","src":"","width":0,"height":0},"classes":[]},{"id":6,"url":"https:\/\/www.fisch-fest.net\/wordpress\/fisch_und_fest_kontaktformular\/","url_meta":{"origin":64,"position":5},"title":"Kontaktformular","date":"22. Oktober 2011","format":false,"excerpt":"Hier haben Sie die M\u00f6glichkeit mit uns in Verbindung zu treten. Senden Sie uns eine Mail, wir freuen uns \u00fcber jeden Kontakt und werden Ihre Fragen und Anliegen so schnell als m\u00f6glich beantworten. Unsere Postanschrift lautet: Andreas Pinter Hirschenau 27 4382 St. Nikola an der Donau Telefonnummer: 0650 52 66\u2026","rel":"","context":"\u00c4hnlicher Beitrag","img":{"alt_text":"","src":"","width":0,"height":0},"classes":[]}],"_links":{"self":[{"href":"https:\/\/www.fisch-fest.net\/wordpress\/wp-json\/wp\/v2\/pages\/64","targetHints":{"allow":["GET"]}}],"collection":[{"href":"https:\/\/www.fisch-fest.net\/wordpress\/wp-json\/wp\/v2\/pages"}],"about":[{"href":"https:\/\/www.fisch-fest.net\/wordpress\/wp-json\/wp\/v2\/types\/page"}],"author":[{"embeddable":true,"href":"https:\/\/www.fisch-fest.net\/wordpress\/wp-json\/wp\/v2\/users\/1"}],"replies":[{"embeddable":true,"href":"https:\/\/www.fisch-fest.net\/wordpress\/wp-json\/wp\/v2\/comments?post=64"}],"version-history":[{"count":3,"href":"https:\/\/www.fisch-fest.net\/wordpress\/wp-json\/wp\/v2\/pages\/64\/revisions"}],"predecessor-version":[{"id":207,"href":"https:\/\/www.fisch-fest.net\/wordpress\/wp-json\/wp\/v2\/pages\/64\/revisions\/207"}],"up":[{"embeddable":true,"href":"https:\/\/www.fisch-fest.net\/wordpress\/wp-json\/wp\/v2\/pages\/56"}],"wp:attachment":[{"href":"https:\/\/www.fisch-fest.net\/wordpress\/wp-json\/wp\/v2\/media?parent=64"}],"curies":[{"name":"wp","href":"https:\/\/api.w.org\/{rel}","templated":true}]}}

<p>Nach mehrmonatiger Bauzeit wurde der neue und den modernsten<br />
Stand der Technik entsprechende Verarbeitungsraum fertiggestellt.</p>
<p>Wir bedanken uns bei allen Firmen, die uns bei der Errichtung<br />
zur Seite gestanden sind, sehr herzlich.                                      <a title="News und Veranstaltungskalender" href="https://www.fisch-fest.net/wordpress/?page_id=56">zurück</a><a href="https://i0.wp.com/www.fisch-fest.net/wordpress/wp-content/uploads/2011/11/Verarbeitungsraum-300x2251.jpg?ssl=1"><img loading="lazy" decoding="async" data-attachment-id="106" data-permalink="https://www.fisch-fest.net/wordpress/news/neuer-verarbeitungsraum-eingerichtet/verarbeitungsraum-300x225/" data-orig-file="https://i0.wp.com/www.fisch-fest.net/wordpress/wp-content/uploads/2011/11/Verarbeitungsraum-300x2251.jpg?fit=300%2C225&amp;ssl=1" data-orig-size="300,225" data-comments-opened="1" data-image-meta="{&quot;aperture&quot;:&quot;0&quot;,&quot;credit&quot;:&quot;&quot;,&quot;camera&quot;:&quot;&quot;,&quot;caption&quot;:&quot;&quot;,&quot;created_timestamp&quot;:&quot;0&quot;,&quot;copyright&quot;:&quot;&quot;,&quot;focal_length&quot;:&quot;0&quot;,&quot;iso&quot;:&quot;0&quot;,&quot;shutter_speed&quot;:&quot;0&quot;,&quot;title&quot;:&quot;&quot;}" data-image-title="Verarbeitungsraum-300&amp;#215;225" data-image-description="" data-image-caption="" data-medium-file="https://i0.wp.com/www.fisch-fest.net/wordpress/wp-content/uploads/2011/11/Verarbeitungsraum-300x2251.jpg?fit=300%2C225&amp;ssl=1" data-large-file="https://i0.wp.com/www.fisch-fest.net/wordpress/wp-content/uploads/2011/11/Verarbeitungsraum-300x2251.jpg?fit=300%2C225&amp;ssl=1" class="alignleft size-full wp-image-106" title="Verarbeitungsraum-300x225" src="https://i0.wp.com/www.fisch-fest.net/wordpress/wp-content/uploads/2011/11/Verarbeitungsraum.jpg?resize=300%2C225&#038;ssl=1" alt="" width="300" height="225" data-recalc-dims="1" /></a></p>

<p>Nach mehrmonatiger Bauzeit wurde der neue und den modernsten Stand der Technik entsprechende Verarbeitungsraum fertiggestellt. Wir bedanken uns bei allen Firmen, die uns bei der Errichtung zur Seite gestanden sind, sehr herzlich.                                      zurück</p>

02. März 2012 &#8211; Medaillenregen bei der Messe &#8222;Ab Hof&#8220; in Wieselburg

Andreas Pinter räumte beim Fischkaiser gewaltig ab!! Mit zwei Goldmedaillen und drei Silbermedaillen ist Andreas sehr zufrieden und freut sich, dass auch auf der “Ab Hof 2012″ in Wieselburg seine Anstrengungen, Fisch für höchste Qualitätsansprüche zu produzieren, Anerkennung gefunden haben. zurück

Ähnlicher Beitrag

01. &#8211; 04. März 2013 &#8211; Erneuter Medaillenregen bei der Messe &#8222;Ab Hof&#8220; in Wieselburg

Andreas Pinter räumte bei der "Ab Hof 2013" gewaltig ab!! Neben zahlreichen Goldmedaillen hat es Andreas Pinter auf der “Ab Hof 2013″ in Wieselburg nun geschafft. Seine Anstrengungen, Fische für höchste Qualitätsansprüche zu produzieren hat durch die höchste Auszeichnung "dem Fischkaiser" Anerkennung gefunden.   Als bestes Produkt Österreichs hat Andreas Pinter für die…

Steckerlfische beim Tag der offenen Tür bei Firma Biokompakt Heiztechnik

Die Firma Biokompakt Heiztechnik GmbH und Andreas Pinter verkündete erfreut, dass am 3. und 4. Mai 2013 die Nahversorgertage (Tag der offenen Tür) in 4381 St. Nikola, Sattl 11 stattfinden. Bei dieser Gelegenheit luden wir alle Freunde der Biomasse herzlich ein die Produktionshallen und den Kesselprüfstand der Firma Biokompakt Heiztechnik…

Datenschutzerklärung

Wer wir sind Die Adresse unserer Website ist: https://www.fisch-fest.net/wordpress.Die Adresse unseres Impressums ist: https://www.fisch-fest.net/wordpress/impressum/Copyright-Erklärung: https://www.fisch-fest.net/wordpress/copyright/ Kommentare Wenn Besucher Kommentare auf der Website schreiben, sammeln wir die Daten, die im Kommentar-Formular angezeigt werden, außerdem die IP-Adresse des Besuchers und den User-Agent-String (damit wird der Browser identifiziert), um die Erkennung von Spam…

Alle Termine finden Sie in unserem Veranstaltungskalender Ehrungen Ab Hof 2013 "Verleihung Fischkaiser" Hier finden Sie vergangene Ereignisse! Fest der Sinne vom 22. bis 23. November in der Plus City in Pasching Genusslandstraße vom 13. bis 14 September in der Linzer City Einkaufsnacht in Waidhofen am 30.08.2013 03.05. - 04.05.2013…

Hier haben Sie die Möglichkeit mit uns in Verbindung zu treten. Senden Sie uns eine Mail, wir freuen uns über jeden Kontakt und werden Ihre Fragen und Anliegen so schnell als möglich beantworten. Unsere Postanschrift lautet: Andreas Pinter Hirschenau 27 4382 St. Nikola an der Donau Telefonnummer: 0650 52 66…
