{"id":608,"date":"2017-04-08T18:52:11","date_gmt":"2017-04-08T18:52:11","guid":{"rendered":"http:\/\/www.fisch-fest.net\/wordpress\/?page_id=608"},"modified":"2020-07-27T16:17:47","modified_gmt":"2020-07-27T16:17:47","slug":"fischfest","status":"publish","type":"page","link":"https:\/\/www.fisch-fest.net\/wordpress\/","title":{"rendered":"Fisch&#038;Fest"},"content":{"rendered":"<div id=\"pl-608\"  class=\"panel-layout\" ><div id=\"pg-608-0\"  class=\"panel-grid panel-no-style\" ><div id=\"pgc-608-0-0\"  class=\"panel-grid-cell\" ><div id=\"panel-608-0-0-0\" class=\"so-panel widget widget_sow-editor panel-first-child\" data-index=\"0\" ><div\n\t\t\t\n\t\t\tclass=\"so-widget-sow-editor so-widget-sow-editor-base\"\n\t\t\t\n\t\t>\n<div class=\"siteorigin-widget-tinymce textwidget\">\n\t<h4>Alle Informationen zu unseren \u00d6ffnungszeiten finden Sie im<\/h4>\n<h1><a href=\"http:\/\/www.fisch-fest.net\/wordpress\/veranstaltungskalender\/\" target=\"_blank\" rel=\"noopener\">Veranstaltungskalender<\/a><\/h1>\n<p>&nbsp;<\/p>\n<\/div>\n<\/div><\/div><div id=\"panel-608-0-0-1\" class=\"so-panel widget widget_sow-editor panel-last-child\" data-index=\"1\" ><div\n\t\t\t\n\t\t\tclass=\"so-widget-sow-editor so-widget-sow-editor-base\"\n\t\t\t\n\t\t>\n<div class=\"siteorigin-widget-tinymce textwidget\">\n\t<h1><span style=\"color: #19398c;\">Fisch in seiner besten Form<\/span><\/h1>\n<p>Heimische S\u00fc\u00dfwasserfische gelten als besonders schmackhaft und sind zudem eine gesunde Sache! Genie\u00dfen Sie Fische von heimischen Fischz\u00fcchtern, denen Ihre Fische und unsere Umwelt besonders am Herzen liegen.<\/p>\n<\/div>\n<\/div><\/div><\/div><\/div><div id=\"pg-608-1\"  class=\"panel-grid panel-no-style\" ><div id=\"pgc-608-1-0\"  class=\"panel-grid-cell\" ><div id=\"panel-608-1-0-0\" class=\"so-panel widget widget_sow-editor panel-first-child panel-last-child\" data-index=\"2\" ><div\n\t\t\t\n\t\t\tclass=\"so-widget-sow-editor so-widget-sow-editor-base\"\n\t\t\t\n\t\t>\n<div class=\"siteorigin-widget-tinymce textwidget\">\n\t<p><span style=\"color: #19398c;\">Leidenschaftliche Fischliebhaber und Fischkenner sind hier richtig! Sie werden von<\/span><\/p>\n<p><span style=\"color: #19398c;\">der Qualit\u00e4t begeistert sein!<\/span><\/p>\n<p><span style=\"color: #19398c;\">Probieren Sie die Spezialit\u00e4ten, Filets und ganzen Fische von Andreas Pinter. Egal ob ger\u00e4uchert oder f\u00fcr die Bratpfanne, diese Qualit\u00e4t wird Sie \u00fcberzeugen!<\/span><\/p>\n<\/div>\n<\/div><\/div><\/div><div id=\"pgc-608-1-1\"  class=\"panel-grid-cell\" ><div id=\"panel-608-1-1-0\" class=\"so-panel widget widget_sow-image panel-first-child panel-last-child\" data-index=\"3\" ><div\n\t\t\t\n\t\t\tclass=\"so-widget-sow-image so-widget-sow-image-default-d6014b76747a-608\"\n\t\t\t\n\t\t>\n\n<div class=\"sow-image-container\">\n\t\t<img decoding=\"async\" src=\"https:\/\/i0.wp.com\/www.fisch-fest.net\/wordpress\/wp-content\/uploads\/2017\/04\/9838788236.jpg?fit=675%2C448&amp;ssl=1\" width=\"675\" height=\"448\" srcset=\"https:\/\/i0.wp.com\/www.fisch-fest.net\/wordpress\/wp-content\/uploads\/2017\/04\/9838788236.jpg?w=675&amp;ssl=1 675w, https:\/\/i0.wp.com\/www.fisch-fest.net\/wordpress\/wp-content\/uploads\/2017\/04\/9838788236.jpg?resize=300%2C199&amp;ssl=1 300w, https:\/\/i0.wp.com\/www.fisch-fest.net\/wordpress\/wp-content\/uploads\/2017\/04\/9838788236.jpg?resize=452%2C300&amp;ssl=1 452w\" title=\"Frischfisch gebraten\" alt=\"Frischfisch gebraten\" loading=\"lazy\" \t\tclass=\"so-widget-image\"\/>\n\t<\/div>\n\n<\/div><\/div><\/div><\/div><div id=\"pg-608-2\"  class=\"panel-grid panel-no-style\" ><div id=\"pgc-608-2-0\"  class=\"panel-grid-cell\" ><div id=\"panel-608-2-0-0\" class=\"so-panel widget widget_sow-editor panel-first-child panel-last-child\" data-index=\"4\" ><div\n\t\t\t\n\t\t\tclass=\"so-widget-sow-editor so-widget-sow-editor-base\"\n\t\t\t\n\t\t>\n<div class=\"siteorigin-widget-tinymce textwidget\">\n\t<h1>\u00a0<\/h1>\n<p>Bei <span style=\"color: #0499cc;\">Fisch&amp;Fest<\/span> z\u00e4hlt Handarbeit! Die Fische werden noch von Hand geschnitten und mit viel Liebe und unter h\u00f6chsten Hygienema\u00dfst\u00e4ben zubereitet.<\/p>\n<p><span style=\"color: #19398c;\">Sie k\u00f6nnen Andreas Pinter auch f\u00fcr ein Event, f\u00fcr das Zubereiten von Steckerlfisch oder als Gourmetkoch buchen.<\/span><\/p>\n<p><span style=\"color: #19398c;\">Fisch, Fleisch, Gem\u00fcse - Andreas Pinter wird Ihren Gaumen begeistern.<\/span><\/p>\n<p><span style=\"color: #19398c;\">Lassen Sie sich verzaubern und \u00fcberraschen!<\/span><\/p>\n<\/div>\n<\/div><\/div><\/div><div id=\"pgc-608-2-1\"  class=\"panel-grid-cell\" ><div id=\"panel-608-2-1-0\" class=\"so-panel widget widget_sow-image panel-first-child panel-last-child\" data-index=\"5\" ><div\n\t\t\t\n\t\t\tclass=\"so-widget-sow-image so-widget-sow-image-default-d6014b76747a-608\"\n\t\t\t\n\t\t>\n\n<div class=\"sow-image-container\">\n\t\t<img decoding=\"async\" src=\"https:\/\/i0.wp.com\/www.fisch-fest.net\/wordpress\/wp-content\/uploads\/2017\/04\/8766952831.jpg?fit=295%2C411&amp;ssl=1\" width=\"295\" height=\"411\" srcset=\"https:\/\/i0.wp.com\/www.fisch-fest.net\/wordpress\/wp-content\/uploads\/2017\/04\/8766952831.jpg?w=295&amp;ssl=1 295w, https:\/\/i0.wp.com\/www.fisch-fest.net\/wordpress\/wp-content\/uploads\/2017\/04\/8766952831.jpg?resize=215%2C300&amp;ssl=1 215w\" title=\"Kalt ger\u00e4ucherte Lachsforelle\" alt=\"Kalt ger\u00e4ucherte Lachsforelle\" loading=\"lazy\" \t\tclass=\"so-widget-image\"\/>\n\t<\/div>\n\n<\/div><\/div><\/div><\/div><\/div>","protected":false},"excerpt":{"rendered":"<p>Alle Informationen zu unseren \u00d6ffnungszeiten finden Sie im Veranstaltungskalender &nbsp; Fisch in seiner besten Form Heimische S\u00fc\u00dfwasserfische gelten als besonders schmackhaft und sind zudem eine gesunde Sache! Genie\u00dfen Sie Fische von heimischen Fischz\u00fcchtern, denen Ihre Fische und unsere Umwelt besonders am Herzen liegen. Leidenschaftliche Fischliebhaber und Fischkenner sind hier richtig! Sie werden vonder Qualit\u00e4t begeistert &hellip; <a href=\"https:\/\/www.fisch-fest.net\/wordpress\/\" class=\"more-link\"><span class=\"screen-reader-text\">Fisch&#038;Fest<\/span> weiterlesen<\/a><\/p>\n","protected":false},"author":1,"featured_media":0,"parent":0,"menu_order":0,"comment_status":"closed","ping_status":"closed","template":"","meta":{"jetpack_post_was_ever_published":false,"footnotes":""},"class_list":["post-608","page","type-page","status-publish","hentry"],"jetpack_sharing_enabled":true,"jetpack_shortlink":"https:\/\/wp.me\/P8BrCw-9O","jetpack-related-posts":[{"id":2362,"url":"https:\/\/www.fisch-fest.net\/wordpress\/veranstaltung\/wochenmarkt-marchtrenk\/","url_meta":{"origin":608,"position":0},"title":"Wochenmarkt Marchtrenk","date":"12. April 2017","format":false,"excerpt":"Der Wochenmarkt in Marchtrenk am Samstag von 8:15 bis 11:30 Uhr bietet ein frisches und regionales Angebot von Fischprodukten. (14-Tage-Rhythmus) Nat\u00fcrlich finden Sie bei diesem beliebten Markt noch viele weitere Angebote vom Speck bis zum Brot uvm. Ein Besuch wird Sie vom Angebot \u00fcberzeugen. Ich freue mich in einem 14-Tage-Rhythmus\u2026","rel":"","context":"\u00c4hnlicher Beitrag","img":{"alt_text":"","src":"","width":0,"height":0},"classes":[]},{"id":2236,"url":"https:\/\/www.fisch-fest.net\/wordpress\/veranstaltung\/wochenmarkt-amstetten\/","url_meta":{"origin":608,"position":1},"title":"Wochenmarkt Amstetten","date":"12. April 2017","format":false,"excerpt":"Der Wochenmarkt in Amstetten bietet jeden Donnerstag von 7:30 bis 11:45 Uhr ein frisches und regionales Angebot von Fischprodukten. Der Markt findet in der Fu\u00dfg\u00e4ngerzone am Hauptplatz in Amstetten statt. Nat\u00fcrlich finden Sie bei diesem beliebten Markt noch viele weitere Angebote vom Speck bis zum Brot uvm. Ein Besuch wird\u2026","rel":"","context":"\u00c4hnlicher Beitrag","img":{"alt_text":"","src":"","width":0,"height":0},"classes":[]},{"id":2479,"url":"https:\/\/www.fisch-fest.net\/wordpress\/veranstaltung\/wochenmarkt-purkersdorf\/","url_meta":{"origin":608,"position":2},"title":"Wochenmarkt Purkersdorf","date":"12. April 2017","format":false,"excerpt":"Der Wochenmarkt in Purkersdorf bietet jeden Freitag von 8:30 bis 16:30 Uhr ein frisches und regionales Angebot von Fischprodukten. Der Markt findet am Hauptplatz in Purkersdorf\u00a0statt. Nat\u00fcrlich finden Sie bei diesem beliebten Markt noch viele weitere Angebote vom Speck bis zum Brot uvm. Ein Besuch wird Sie vom Angebot \u00fcberzeugen.\u2026","rel":"","context":"\u00c4hnlicher Beitrag","img":{"alt_text":"","src":"","width":0,"height":0},"classes":[]},{"id":56,"url":"https:\/\/www.fisch-fest.net\/wordpress\/news\/","url_meta":{"origin":608,"position":3},"title":"News","date":"23. Oktober 2011","format":false,"excerpt":"Alle Termine finden Sie in unserem Veranstaltungskalender Ehrungen Ab Hof 2013 \"Verleihung Fischkaiser\" Hier finden Sie vergangene Ereignisse! Fest der Sinne vom 22. bis 23. November in der Plus City in Pasching Genusslandstra\u00dfe vom 13. bis 14 September in der Linzer City Einkaufsnacht in Waidhofen am 30.08.2013 03.05. - 04.05.2013\u2026","rel":"","context":"\u00c4hnlicher Beitrag","img":{"alt_text":"","src":"","width":0,"height":0},"classes":[]},{"id":585,"url":"https:\/\/www.fisch-fest.net\/wordpress\/veranstaltungskalender\/","url_meta":{"origin":608,"position":4},"title":"Veranstaltungskalender","date":"8. April 2017","format":false,"excerpt":"","rel":"","context":"\u00c4hnlicher Beitrag","img":{"alt_text":"","src":"","width":0,"height":0},"classes":[]},{"id":440,"url":"https:\/\/www.fisch-fest.net\/wordpress\/news\/13-14-september-2013-genusslandstrase-2013\/","url_meta":{"origin":608,"position":5},"title":"Genusslandstra\u00dfe","date":"25. August 2013","format":false,"excerpt":"Die n\u00e4chste Genusslandstra\u00dfe findet wieder im Jahr 2017 statt! Freuen\u00a0wir uns\u00a0darauf! \u00a0 \u00a0 \u00a0 \u00a0 Auch vom 13. - 14. September 2013 haben\u00a0Sie die Aussteller der Genusslandstra\u00dfe mit einem kulinarischem Feuerwerk begeistert. Fisch & Fest\u00a0hat\u00a0Sie mit den besten Fischspezialit\u00e4ten verw\u00f6hnt. F\u00fcr Ihr\u00a0leibliches\u00a0Wohl sorgten wir mit unseren Spizialit\u00e4ten: \"M\u00fchlviertler\u00a0Fischsuppe und Fischetti\".\u2026","rel":"","context":"\u00c4hnlicher Beitrag","img":{"alt_text":"","src":"https:\/\/i0.wp.com\/www.fisch-fest.net\/wordpress\/wp-content\/uploads\/2011\/11\/genussland_ooe_0271-450x3001.jpg?resize=350%2C200","width":350,"height":200},"classes":[]}],"_links":{"self":[{"href":"https:\/\/www.fisch-fest.net\/wordpress\/wp-json\/wp\/v2\/pages\/608","targetHints":{"allow":["GET"]}}],"collection":[{"href":"https:\/\/www.fisch-fest.net\/wordpress\/wp-json\/wp\/v2\/pages"}],"about":[{"href":"https:\/\/www.fisch-fest.net\/wordpress\/wp-json\/wp\/v2\/types\/page"}],"author":[{"embeddable":true,"href":"https:\/\/www.fisch-fest.net\/wordpress\/wp-json\/wp\/v2\/users\/1"}],"replies":[{"embeddable":true,"href":"https:\/\/www.fisch-fest.net\/wordpress\/wp-json\/wp\/v2\/comments?post=608"}],"version-history":[{"count":28,"href":"https:\/\/www.fisch-fest.net\/wordpress\/wp-json\/wp\/v2\/pages\/608\/revisions"}],"predecessor-version":[{"id":2648,"href":"https:\/\/www.fisch-fest.net\/wordpress\/wp-json\/wp\/v2\/pages\/608\/revisions\/2648"}],"wp:attachment":[{"href":"https:\/\/www.fisch-fest.net\/wordpress\/wp-json\/wp\/v2\/media?parent=608"}],"curies":[{"name":"wp","href":"https:\/\/api.w.org\/{rel}","templated":true}]}}

<div id="pl-608"  class="panel-layout" ><div id="pg-608-0"  class="panel-grid panel-no-style" ><div id="pgc-608-0-0"  class="panel-grid-cell" ><div id="panel-608-0-0-0" class="so-panel widget widget_sow-editor panel-first-child" data-index="0" ><div
			
			class="so-widget-sow-editor so-widget-sow-editor-base"
			
		>
<div class="siteorigin-widget-tinymce textwidget">
	<h4>Alle Informationen zu unseren Öffnungszeiten finden Sie im</h4>
<h1><a href="http://www.fisch-fest.net/wordpress/veranstaltungskalender/" target="_blank" rel="noopener">Veranstaltungskalender</a></h1>
<p>&nbsp;</p>
</div>
</div></div><div id="panel-608-0-0-1" class="so-panel widget widget_sow-editor panel-last-child" data-index="1" ><div
			
			class="so-widget-sow-editor so-widget-sow-editor-base"
			
		>
<div class="siteorigin-widget-tinymce textwidget">
	<h1><span style="color: #19398c;">Fisch in seiner besten Form</span></h1>
<p>Heimische Süßwasserfische gelten als besonders schmackhaft und sind zudem eine gesunde Sache! Genießen Sie Fische von heimischen Fischzüchtern, denen Ihre Fische und unsere Umwelt besonders am Herzen liegen.</p>
</div>
</div></div></div></div><div id="pg-608-1"  class="panel-grid panel-no-style" ><div id="pgc-608-1-0"  class="panel-grid-cell" ><div id="panel-608-1-0-0" class="so-panel widget widget_sow-editor panel-first-child panel-last-child" data-index="2" ><div
			
			class="so-widget-sow-editor so-widget-sow-editor-base"
			
		>
<div class="siteorigin-widget-tinymce textwidget">
	<p><span style="color: #19398c;">Leidenschaftliche Fischliebhaber und Fischkenner sind hier richtig! Sie werden von</span></p>
<p><span style="color: #19398c;">der Qualität begeistert sein!</span></p>
<p><span style="color: #19398c;">Probieren Sie die Spezialitäten, Filets und ganzen Fische von Andreas Pinter. Egal ob geräuchert oder für die Bratpfanne, diese Qualität wird Sie überzeugen!</span></p>
</div>
</div></div></div><div id="pgc-608-1-1"  class="panel-grid-cell" ><div id="panel-608-1-1-0" class="so-panel widget widget_sow-image panel-first-child panel-last-child" data-index="3" ><div
			
			class="so-widget-sow-image so-widget-sow-image-default-d6014b76747a-608"
			
		>

<div class="sow-image-container">
		<img decoding="async" src="https://i0.wp.com/www.fisch-fest.net/wordpress/wp-content/uploads/2017/04/9838788236.jpg?fit=675%2C448&amp;ssl=1" width="675" height="448" srcset="https://i0.wp.com/www.fisch-fest.net/wordpress/wp-content/uploads/2017/04/9838788236.jpg?w=675&amp;ssl=1 675w, https://i0.wp.com/www.fisch-fest.net/wordpress/wp-content/uploads/2017/04/9838788236.jpg?resize=300%2C199&amp;ssl=1 300w, https://i0.wp.com/www.fisch-fest.net/wordpress/wp-content/uploads/2017/04/9838788236.jpg?resize=452%2C300&amp;ssl=1 452w" title="Frischfisch gebraten" alt="Frischfisch gebraten" loading="lazy" 		class="so-widget-image"/>
	</div>

</div></div></div></div><div id="pg-608-2"  class="panel-grid panel-no-style" ><div id="pgc-608-2-0"  class="panel-grid-cell" ><div id="panel-608-2-0-0" class="so-panel widget widget_sow-editor panel-first-child panel-last-child" data-index="4" ><div
			
			class="so-widget-sow-editor so-widget-sow-editor-base"
			
		>
<div class="siteorigin-widget-tinymce textwidget">
	<h1> </h1>
<p>Bei <span style="color: #0499cc;">Fisch&amp;Fest</span> zählt Handarbeit! Die Fische werden noch von Hand geschnitten und mit viel Liebe und unter höchsten Hygienemaßstäben zubereitet.</p>
<p><span style="color: #19398c;">Sie können Andreas Pinter auch für ein Event, für das Zubereiten von Steckerlfisch oder als Gourmetkoch buchen.</span></p>
<p><span style="color: #19398c;">Fisch, Fleisch, Gemüse - Andreas Pinter wird Ihren Gaumen begeistern.</span></p>
<p><span style="color: #19398c;">Lassen Sie sich verzaubern und überraschen!</span></p>
</div>
</div></div></div><div id="pgc-608-2-1"  class="panel-grid-cell" ><div id="panel-608-2-1-0" class="so-panel widget widget_sow-image panel-first-child panel-last-child" data-index="5" ><div
			
			class="so-widget-sow-image so-widget-sow-image-default-d6014b76747a-608"
			
		>

<div class="sow-image-container">
		<img decoding="async" src="https://i0.wp.com/www.fisch-fest.net/wordpress/wp-content/uploads/2017/04/8766952831.jpg?fit=295%2C411&amp;ssl=1" width="295" height="411" srcset="https://i0.wp.com/www.fisch-fest.net/wordpress/wp-content/uploads/2017/04/8766952831.jpg?w=295&amp;ssl=1 295w, https://i0.wp.com/www.fisch-fest.net/wordpress/wp-content/uploads/2017/04/8766952831.jpg?resize=215%2C300&amp;ssl=1 215w" title="Kalt geräucherte Lachsforelle" alt="Kalt geräucherte Lachsforelle" loading="lazy" 		class="so-widget-image"/>
	</div>

</div></div></div></div></div>

<p>Alle Informationen zu unseren Öffnungszeiten finden Sie im Veranstaltungskalender &nbsp; Fisch in seiner besten Form Heimische Süßwasserfische gelten als besonders schmackhaft und sind zudem eine gesunde Sache! Genießen Sie Fische von heimischen Fischzüchtern, denen Ihre Fische und unsere Umwelt besonders am Herzen liegen. Leidenschaftliche Fischliebhaber und Fischkenner sind hier richtig! Sie werden vonder Qualität begeistert &hellip; <a href="https://www.fisch-fest.net/wordpress/" class="more-link"><span class="screen-reader-text">Fisch&#038;Fest</span> weiterlesen</a></p>

Der Wochenmarkt in Marchtrenk am Samstag von 8:15 bis 11:30 Uhr bietet ein frisches und regionales Angebot von Fischprodukten. (14-Tage-Rhythmus) Natürlich finden Sie bei diesem beliebten Markt noch viele weitere Angebote vom Speck bis zum Brot uvm. Ein Besuch wird Sie vom Angebot überzeugen. Ich freue mich in einem 14-Tage-Rhythmus…

Ähnlicher Beitrag

Der Wochenmarkt in Amstetten bietet jeden Donnerstag von 7:30 bis 11:45 Uhr ein frisches und regionales Angebot von Fischprodukten. Der Markt findet in der Fußgängerzone am Hauptplatz in Amstetten statt. Natürlich finden Sie bei diesem beliebten Markt noch viele weitere Angebote vom Speck bis zum Brot uvm. Ein Besuch wird…

Der Wochenmarkt in Purkersdorf bietet jeden Freitag von 8:30 bis 16:30 Uhr ein frisches und regionales Angebot von Fischprodukten. Der Markt findet am Hauptplatz in Purkersdorf statt. Natürlich finden Sie bei diesem beliebten Markt noch viele weitere Angebote vom Speck bis zum Brot uvm. Ein Besuch wird Sie vom Angebot überzeugen.…

Alle Termine finden Sie in unserem Veranstaltungskalender Ehrungen Ab Hof 2013 "Verleihung Fischkaiser" Hier finden Sie vergangene Ereignisse! Fest der Sinne vom 22. bis 23. November in der Plus City in Pasching Genusslandstraße vom 13. bis 14 September in der Linzer City Einkaufsnacht in Waidhofen am 30.08.2013 03.05. - 04.05.2013…

Genusslandstraße

Die nächste Genusslandstraße findet wieder im Jahr 2017 statt! Freuen wir uns darauf!         Auch vom 13. - 14. September 2013 haben Sie die Aussteller der Genusslandstraße mit einem kulinarischem Feuerwerk begeistert. Fisch & Fest hat Sie mit den besten Fischspezialitäten verwöhnt. Für Ihr leibliches Wohl sorgten wir mit unseren Spizialitäten: "Mühlviertler Fischsuppe und Fischetti".…
