{"id":585,"date":"2017-04-08T15:17:40","date_gmt":"2017-04-08T15:17:40","guid":{"rendered":"http:\/\/www.fisch-fest.net\/wordpress\/?page_id=585"},"modified":"2021-01-11T16:06:28","modified_gmt":"2021-01-11T16:06:28","slug":"veranstaltungskalender","status":"publish","type":"page","link":"https:\/\/www.fisch-fest.net\/wordpress\/veranstaltungskalender\/","title":{"rendered":"Veranstaltungskalender"},"content":{"rendered":"<p><iframe loading=\"lazy\" style=\"border: solid 1px #777;\" src=\"https:\/\/calendar.google.com\/calendar\/embed?height=600&amp;wkst=2&amp;bgcolor=%23ffffff&amp;ctz=Europe%2FVienna&amp;src=ZmlzY2h1ZmVzdEBnbWFpbC5jb20&amp;src=ZGUuYXVzdHJpYW4jaG9saWRheUBncm91cC52LmNhbGVuZGFyLmdvb2dsZS5jb20&amp;color=%233F51B5&amp;color=%23F6BF26&amp;mode=WEEK&amp;showCalendars=0&amp;showTabs=0&amp;showNav=1&amp;showDate=1\" width=\"800\" height=\"600\" frameborder=\"0\" scrolling=\"no\"><\/iframe><\/p>\n","protected":false},"excerpt":{"rendered":"","protected":false},"author":1,"featured_media":0,"parent":0,"menu_order":2,"comment_status":"closed","ping_status":"closed","template":"","meta":{"jetpack_post_was_ever_published":false,"footnotes":""},"class_list":["post-585","page","type-page","status-publish","hentry"],"jetpack_sharing_enabled":true,"jetpack_shortlink":"https:\/\/wp.me\/P8BrCw-9r","jetpack-related-posts":[{"id":2236,"url":"https:\/\/www.fisch-fest.net\/wordpress\/veranstaltung\/wochenmarkt-amstetten\/","url_meta":{"origin":585,"position":0},"title":"Wochenmarkt Amstetten","date":"12. April 2017","format":false,"excerpt":"Der Wochenmarkt in Amstetten bietet jeden Donnerstag von 7:30 bis 11:45 Uhr ein frisches und regionales Angebot von Fischprodukten. Der Markt findet in der Fu\u00dfg\u00e4ngerzone am Hauptplatz in Amstetten statt. Nat\u00fcrlich finden Sie bei diesem beliebten Markt noch viele weitere Angebote vom Speck bis zum Brot uvm. Ein Besuch wird\u2026","rel":"","context":"\u00c4hnlicher Beitrag","img":{"alt_text":"","src":"","width":0,"height":0},"classes":[]},{"id":2362,"url":"https:\/\/www.fisch-fest.net\/wordpress\/veranstaltung\/wochenmarkt-marchtrenk\/","url_meta":{"origin":585,"position":1},"title":"Wochenmarkt Marchtrenk","date":"12. April 2017","format":false,"excerpt":"Der Wochenmarkt in Marchtrenk am Samstag von 8:15 bis 11:30 Uhr bietet ein frisches und regionales Angebot von Fischprodukten. (14-Tage-Rhythmus) Nat\u00fcrlich finden Sie bei diesem beliebten Markt noch viele weitere Angebote vom Speck bis zum Brot uvm. Ein Besuch wird Sie vom Angebot \u00fcberzeugen. Ich freue mich in einem 14-Tage-Rhythmus\u2026","rel":"","context":"\u00c4hnlicher Beitrag","img":{"alt_text":"","src":"","width":0,"height":0},"classes":[]},{"id":2479,"url":"https:\/\/www.fisch-fest.net\/wordpress\/veranstaltung\/wochenmarkt-purkersdorf\/","url_meta":{"origin":585,"position":2},"title":"Wochenmarkt Purkersdorf","date":"12. April 2017","format":false,"excerpt":"Der Wochenmarkt in Purkersdorf bietet jeden Freitag von 8:30 bis 16:30 Uhr ein frisches und regionales Angebot von Fischprodukten. Der Markt findet am Hauptplatz in Purkersdorf\u00a0statt. Nat\u00fcrlich finden Sie bei diesem beliebten Markt noch viele weitere Angebote vom Speck bis zum Brot uvm. Ein Besuch wird Sie vom Angebot \u00fcberzeugen.\u2026","rel":"","context":"\u00c4hnlicher Beitrag","img":{"alt_text":"","src":"","width":0,"height":0},"classes":[]},{"id":234,"url":"https:\/\/www.fisch-fest.net\/wordpress\/news\/termine-steckerlfisch\/","url_meta":{"origin":585,"position":3},"title":"Termine Steckerlfische","date":"20. April 2012","format":false,"excerpt":"Unsere Steckerlfische sind eine Gaumenfreude und ein Geschmackserlebnis der besonderen Art. F\u00fcr unsere K\u00f6stlichkeiten verwenden wir\u00a0nur Saiblinge oder Forellen in h\u00f6chster Qualit\u00e4t.\u00a0Besuchen Sie uns und sie sind \u00fcberzeugt! \u00a0 Termin\u00fcbersicht: (siehe auch den Veranstaltungskalender) Wochenmarkt Waidhofen leider k\u00f6nnen wir zur Zeit keine Steckerlfische anbieten zur\u00fcck","rel":"","context":"\u00c4hnlicher Beitrag","img":{"alt_text":"","src":"","width":0,"height":0},"classes":[]},{"id":56,"url":"https:\/\/www.fisch-fest.net\/wordpress\/news\/","url_meta":{"origin":585,"position":4},"title":"News","date":"23. Oktober 2011","format":false,"excerpt":"Alle Termine finden Sie in unserem Veranstaltungskalender Ehrungen Ab Hof 2013 \"Verleihung Fischkaiser\" Hier finden Sie vergangene Ereignisse! Fest der Sinne vom 22. bis 23. November in der Plus City in Pasching Genusslandstra\u00dfe vom 13. bis 14 September in der Linzer City Einkaufsnacht in Waidhofen am 30.08.2013 03.05. - 04.05.2013\u2026","rel":"","context":"\u00c4hnlicher Beitrag","img":{"alt_text":"","src":"","width":0,"height":0},"classes":[]},{"id":608,"url":"https:\/\/www.fisch-fest.net\/wordpress\/","url_meta":{"origin":585,"position":5},"title":"Fisch&#038;Fest","date":"8. April 2017","format":false,"excerpt":"Alle Informationen zu unseren \u00d6ffnungszeiten finden Sie im Veranstaltungskalender \u00a0 Fisch in seiner besten Form Heimische S\u00fc\u00dfwasserfische gelten als besonders schmackhaft und sind zudem eine gesunde Sache! Genie\u00dfen Sie Fische von heimischen Fischz\u00fcchtern, denen Ihre Fische und unsere Umwelt besonders am Herzen liegen. Leidenschaftliche Fischliebhaber und Fischkenner sind hier richtig!\u2026","rel":"","context":"\u00c4hnlicher Beitrag","img":{"alt_text":"","src":"","width":0,"height":0},"classes":[]}],"_links":{"self":[{"href":"https:\/\/www.fisch-fest.net\/wordpress\/wp-json\/wp\/v2\/pages\/585","targetHints":{"allow":["GET"]}}],"collection":[{"href":"https:\/\/www.fisch-fest.net\/wordpress\/wp-json\/wp\/v2\/pages"}],"about":[{"href":"https:\/\/www.fisch-fest.net\/wordpress\/wp-json\/wp\/v2\/types\/page"}],"author":[{"embeddable":true,"href":"https:\/\/www.fisch-fest.net\/wordpress\/wp-json\/wp\/v2\/users\/1"}],"replies":[{"embeddable":true,"href":"https:\/\/www.fisch-fest.net\/wordpress\/wp-json\/wp\/v2\/comments?post=585"}],"version-history":[{"count":5,"href":"https:\/\/www.fisch-fest.net\/wordpress\/wp-json\/wp\/v2\/pages\/585\/revisions"}],"predecessor-version":[{"id":2652,"href":"https:\/\/www.fisch-fest.net\/wordpress\/wp-json\/wp\/v2\/pages\/585\/revisions\/2652"}],"wp:attachment":[{"href":"https:\/\/www.fisch-fest.net\/wordpress\/wp-json\/wp\/v2\/media?parent=585"}],"curies":[{"name":"wp","href":"https:\/\/api.w.org\/{rel}","templated":true}]}}

Der Wochenmarkt in Amstetten bietet jeden Donnerstag von 7:30 bis 11:45 Uhr ein frisches und regionales Angebot von Fischprodukten. Der Markt findet in der Fußgängerzone am Hauptplatz in Amstetten statt. Natürlich finden Sie bei diesem beliebten Markt noch viele weitere Angebote vom Speck bis zum Brot uvm. Ein Besuch wird…

Ähnlicher Beitrag

Der Wochenmarkt in Marchtrenk am Samstag von 8:15 bis 11:30 Uhr bietet ein frisches und regionales Angebot von Fischprodukten. (14-Tage-Rhythmus) Natürlich finden Sie bei diesem beliebten Markt noch viele weitere Angebote vom Speck bis zum Brot uvm. Ein Besuch wird Sie vom Angebot überzeugen. Ich freue mich in einem 14-Tage-Rhythmus…

Der Wochenmarkt in Purkersdorf bietet jeden Freitag von 8:30 bis 16:30 Uhr ein frisches und regionales Angebot von Fischprodukten. Der Markt findet am Hauptplatz in Purkersdorf statt. Natürlich finden Sie bei diesem beliebten Markt noch viele weitere Angebote vom Speck bis zum Brot uvm. Ein Besuch wird Sie vom Angebot überzeugen.…

Unsere Steckerlfische sind eine Gaumenfreude und ein Geschmackserlebnis der besonderen Art. Für unsere Köstlichkeiten verwenden wir nur Saiblinge oder Forellen in höchster Qualität. Besuchen Sie uns und sie sind überzeugt!   Terminübersicht: (siehe auch den Veranstaltungskalender) Wochenmarkt Waidhofen leider können wir zur Zeit keine Steckerlfische anbieten zurück

Alle Termine finden Sie in unserem Veranstaltungskalender Ehrungen Ab Hof 2013 "Verleihung Fischkaiser" Hier finden Sie vergangene Ereignisse! Fest der Sinne vom 22. bis 23. November in der Plus City in Pasching Genusslandstraße vom 13. bis 14 September in der Linzer City Einkaufsnacht in Waidhofen am 30.08.2013 03.05. - 04.05.2013…

Alle Informationen zu unseren Öffnungszeiten finden Sie im Veranstaltungskalender   Fisch in seiner besten Form Heimische Süßwasserfische gelten als besonders schmackhaft und sind zudem eine gesunde Sache! Genießen Sie Fische von heimischen Fischzüchtern, denen Ihre Fische und unsere Umwelt besonders am Herzen liegen. Leidenschaftliche Fischliebhaber und Fischkenner sind hier richtig!…
