{"id":56,"date":"2011-10-23T09:38:01","date_gmt":"2011-10-23T09:38:01","guid":{"rendered":"http:\/\/localhost\/fisch-fest_wordpress\/wordpress\/?page_id=56"},"modified":"2021-07-27T07:37:26","modified_gmt":"2021-07-27T07:37:26","slug":"news","status":"publish","type":"page","link":"https:\/\/www.fisch-fest.net\/wordpress\/news\/","title":{"rendered":"News"},"content":{"rendered":"<p><a href=\"https:\/\/www.fisch-fest.net\/wordpress\/veranstaltungskalender\/\" target=\"_blank\" rel=\"noopener noreferrer\">Alle Termine finden Sie in unserem Veranstaltungskalender<\/a><\/p>\n<p><strong>Ehrungen<\/strong><\/p>\n<ul>\n<li><span style=\"line-height: 15px;\"><a title=\"01. \u2013 04. M\u00e4rz 2013 \u2013 Erneuter Medaillenregen bei der Messe \u201cAb Hof\u201d in Wieselburg\" href=\"https:\/\/www.fisch-fest.net\/wordpress\/?page_id=453\">Ab Hof 2013 &#8222;Verleihung Fischkaiser&#8220;<\/a><\/span><\/li>\n<\/ul>\n<h4><strong>Hier finden Sie vergangene Ereignisse!<\/strong><\/h4>\n<ul>\n<li><a title=\"Fest der Sinne vom 22. \u2013 23. November 2013 in der PlusCity\" href=\"https:\/\/www.fisch-fest.net\/wordpress\/news\/fest-der-sinne-am-22-23-november-2013-in-der-pluscity\">Fest der Sinne vom 22. bis 23. November in der Plus City in Pasching<\/a><\/li>\n<li><a title=\"13. \u2013 14. September 2013 \u2013 Genusslandstra\u00dfe 2013\" href=\"https:\/\/www.fisch-fest.net\/wordpress\/?page_id=440\">Genusslandstra\u00dfe vom 13. bis 14 September in der Linzer City<\/a><\/li>\n<li>Einkaufsnacht in Waidhofen am 30.08.2013<\/li>\n<li><a title=\"Steckerlfische beim Tag der offenen T\u00fcr bei Firma Biokompakt Heiztechnik\" href=\"https:\/\/www.fisch-fest.net\/wordpress\/?page_id=369\">03.05. &#8211; 04.05.2013 Tag der offenen T\u00fcr bei Biokompakt mit Steckerlfische<\/a><\/li>\n<li><a title=\"Fest der Sinne in der PlusCity\" href=\"https:\/\/www.fisch-fest.net\/wordpress\/?page_id=259\">Fest der Sinne (Plus City) 2012<\/a><\/li>\n<li><a title=\"07. Juli 2012 \u2013 Bauernmarktfest Brunn am Gebirge \u2013 Filmbeitrag\" href=\"https:\/\/www.fisch-fest.net\/wordpress\/?page_id=348\">07. Juli 2012 &#8211; Bauernmarktfest Brunn am Gebirge &#8211; Filmbeitrag<\/a><\/li>\n<li><a title=\"02. M\u00e4rz 2012 \u2013 Medaillenregen bei der Messe \u201cAb Hof\u201d in Wieselburg\" href=\"https:\/\/www.fisch-fest.net\/wordpress\/?page_id=213\">02. M\u00e4rz 2012 &#8211; Medaillenregen bei der Messe &#8222;Ab Hof&#8220; in Wieselburg<\/a><\/li>\n<li><a title=\"25. September 2011 \u2013 Steckerlfisch im Winkler Markt\" href=\"https:\/\/www.fisch-fest.net\/wordpress\/?page_id=75\">25. September 2011 &#8211; Steckerlfisch im Winkler Markt!<\/a><\/li>\n<li><a title=\"18. September 2011 \u2013 Neuer Verarbeitungsraum eingerichtet\" href=\"https:\/\/www.fisch-fest.net\/wordpress\/?page_id=64\">18. September 2011 &#8211; Neuer Verarbeitungsraum errichtet!<\/a><\/li>\n<li><a title=\"16. September 2011 \u2013 Genusslandstra\u00dfe 2011\" href=\"https:\/\/www.fisch-fest.net\/wordpress\/?page_id=82\">16. September 2011 &#8211; Genusslandstra\u00dfe 2011<\/a><\/li>\n<\/ul>\n","protected":false},"excerpt":{"rendered":"<p>Alle Termine finden Sie in unserem Veranstaltungskalender Ehrungen Ab Hof 2013 &#8222;Verleihung Fischkaiser&#8220; Hier finden Sie vergangene Ereignisse! Fest der Sinne vom 22. bis 23. November in der Plus City in Pasching Genusslandstra\u00dfe vom 13. bis 14 September in der Linzer City Einkaufsnacht in Waidhofen am 30.08.2013 03.05. &#8211; 04.05.2013 Tag der offenen T\u00fcr bei &hellip; <a href=\"https:\/\/www.fisch-fest.net\/wordpress\/news\/\" class=\"more-link\"><span class=\"screen-reader-text\">News<\/span> weiterlesen<\/a><\/p>\n","protected":false},"author":1,"featured_media":0,"parent":0,"menu_order":6,"comment_status":"closed","ping_status":"closed","template":"","meta":{"jetpack_post_was_ever_published":false,"footnotes":""},"class_list":["post-56","page","type-page","status-publish","hentry"],"jetpack_sharing_enabled":true,"jetpack_shortlink":"https:\/\/wp.me\/P8BrCw-U","jetpack-related-posts":[{"id":2236,"url":"https:\/\/www.fisch-fest.net\/wordpress\/veranstaltung\/wochenmarkt-amstetten\/","url_meta":{"origin":56,"position":0},"title":"Wochenmarkt Amstetten","date":"12. April 2017","format":false,"excerpt":"Der Wochenmarkt in Amstetten bietet jeden Donnerstag von 7:30 bis 11:45 Uhr ein frisches und regionales Angebot von Fischprodukten. Der Markt findet in der Fu\u00dfg\u00e4ngerzone am Hauptplatz in Amstetten statt. Nat\u00fcrlich finden Sie bei diesem beliebten Markt noch viele weitere Angebote vom Speck bis zum Brot uvm. Ein Besuch wird\u2026","rel":"","context":"\u00c4hnlicher Beitrag","img":{"alt_text":"","src":"","width":0,"height":0},"classes":[]},{"id":2362,"url":"https:\/\/www.fisch-fest.net\/wordpress\/veranstaltung\/wochenmarkt-marchtrenk\/","url_meta":{"origin":56,"position":1},"title":"Wochenmarkt Marchtrenk","date":"12. April 2017","format":false,"excerpt":"Der Wochenmarkt in Marchtrenk am Samstag von 8:15 bis 11:30 Uhr bietet ein frisches und regionales Angebot von Fischprodukten. (14-Tage-Rhythmus) Nat\u00fcrlich finden Sie bei diesem beliebten Markt noch viele weitere Angebote vom Speck bis zum Brot uvm. Ein Besuch wird Sie vom Angebot \u00fcberzeugen. Ich freue mich in einem 14-Tage-Rhythmus\u2026","rel":"","context":"\u00c4hnlicher Beitrag","img":{"alt_text":"","src":"","width":0,"height":0},"classes":[]},{"id":2479,"url":"https:\/\/www.fisch-fest.net\/wordpress\/veranstaltung\/wochenmarkt-purkersdorf\/","url_meta":{"origin":56,"position":2},"title":"Wochenmarkt Purkersdorf","date":"12. April 2017","format":false,"excerpt":"Der Wochenmarkt in Purkersdorf bietet jeden Freitag von 8:30 bis 16:30 Uhr ein frisches und regionales Angebot von Fischprodukten. Der Markt findet am Hauptplatz in Purkersdorf\u00a0statt. Nat\u00fcrlich finden Sie bei diesem beliebten Markt noch viele weitere Angebote vom Speck bis zum Brot uvm. Ein Besuch wird Sie vom Angebot \u00fcberzeugen.\u2026","rel":"","context":"\u00c4hnlicher Beitrag","img":{"alt_text":"","src":"","width":0,"height":0},"classes":[]},{"id":1501,"url":"https:\/\/www.fisch-fest.net\/wordpress\/produkte\/spezialitaeten\/","url_meta":{"origin":56,"position":3},"title":"Spezialit\u00e4ten","date":"9. April 2017","format":false,"excerpt":"Mousse vom R\u00e4ucherfisch Das fluffig elegante R\u00e4ucherfischmousse sollte auf keiner eleganten Fischplatte fehlen. Der einzigartig hervorragende Geschmack wird in Ihnen das Verlangen nach mehr hervorrufen. Tauchen Sie ein in die berauschende Welt des Fischgenusses. R\u00e4ucherfischtatare Die besondere Art des Fischgenusses. Das R\u00e4ucherfischtartare wird Ihnen eine andere Welt des Fischgenusses pr\u00e4sentieren.\u2026","rel":"","context":"\u00c4hnlicher Beitrag","img":{"alt_text":"Mousse vom R\u00c3\u00a4ucherfisch","src":"https:\/\/i0.wp.com\/www.fisch-fest.net\/wordpress\/wp-content\/uploads\/2017\/04\/5860287713-4-1-1.jpg?resize=350%2C200","width":350,"height":200},"classes":[]},{"id":487,"url":"https:\/\/www.fisch-fest.net\/wordpress\/news\/fest-der-sinne-am-22-23-november-2013-in-der-pluscity\/","url_meta":{"origin":56,"position":4},"title":"Fest der Sinne vom 22. &#8211; 23. November 2013 in der PlusCity","date":"1. September 2013","format":false,"excerpt":"Sehen, schmecken, riechen: Das ist das Moto vom Fest der Sinne in der PlusCity! Das Fest der Sinne spricht alle Liebhaber von heimischen K\u00f6stlichkeiten und andere Gaumenfreuden an. Geboten werden nat\u00fcrlich unsere heimischen Fischspezialit\u00e4ten und andere Schmankerl, vom besten Fleisch \u00fcber Milchprodukte frische Backware und einiges mehr. Lassen Sie sich\u2026","rel":"","context":"\u00c4hnlicher Beitrag","img":{"alt_text":"","src":"","width":0,"height":0},"classes":[]},{"id":758,"url":"https:\/\/www.fisch-fest.net\/wordpress\/fischer\/","url_meta":{"origin":56,"position":5},"title":"Der Fischer","date":"9. April 2017","format":false,"excerpt":"Fisch in seiner besten\u00a0Art Leidenschaftliche Fischliebhaber und Fischkenner sind hier richtig! Sie werden von der Qualit\u00e4t begeistert sein! Probieren Sie die Spezialit\u00e4ten, Filets und ganzen Fische von Andreas Pinter. Egal ob ger\u00e4uchert oder f\u00fcr die Bratpfanne, diese Qualit\u00e4t wird Sie \u00fcberzeugen! Bei Fisch&Fest z\u00e4hlt Handarbeit! Die Fische werden noch von\u2026","rel":"","context":"\u00c4hnlicher Beitrag","img":{"alt_text":"Frischfisch gebraten","src":"https:\/\/i0.wp.com\/www.fisch-fest.net\/wordpress\/wp-content\/uploads\/2017\/04\/9838788236.jpg?resize=350%2C200","width":350,"height":200},"classes":[]}],"_links":{"self":[{"href":"https:\/\/www.fisch-fest.net\/wordpress\/wp-json\/wp\/v2\/pages\/56","targetHints":{"allow":["GET"]}}],"collection":[{"href":"https:\/\/www.fisch-fest.net\/wordpress\/wp-json\/wp\/v2\/pages"}],"about":[{"href":"https:\/\/www.fisch-fest.net\/wordpress\/wp-json\/wp\/v2\/types\/page"}],"author":[{"embeddable":true,"href":"https:\/\/www.fisch-fest.net\/wordpress\/wp-json\/wp\/v2\/users\/1"}],"replies":[{"embeddable":true,"href":"https:\/\/www.fisch-fest.net\/wordpress\/wp-json\/wp\/v2\/comments?post=56"}],"version-history":[{"count":63,"href":"https:\/\/www.fisch-fest.net\/wordpress\/wp-json\/wp\/v2\/pages\/56\/revisions"}],"predecessor-version":[{"id":2658,"href":"https:\/\/www.fisch-fest.net\/wordpress\/wp-json\/wp\/v2\/pages\/56\/revisions\/2658"}],"wp:attachment":[{"href":"https:\/\/www.fisch-fest.net\/wordpress\/wp-json\/wp\/v2\/media?parent=56"}],"curies":[{"name":"wp","href":"https:\/\/api.w.org\/{rel}","templated":true}]}}

<p><a href="https://www.fisch-fest.net/wordpress/veranstaltungskalender/" target="_blank" rel="noopener noreferrer">Alle Termine finden Sie in unserem Veranstaltungskalender</a></p>
<p><strong>Ehrungen</strong></p>
<ul>
<li><span style="line-height: 15px;"><a title="01. – 04. März 2013 – Erneuter Medaillenregen bei der Messe “Ab Hof” in Wieselburg" href="https://www.fisch-fest.net/wordpress/?page_id=453">Ab Hof 2013 &#8222;Verleihung Fischkaiser&#8220;</a></span></li>
</ul>
<h4><strong>Hier finden Sie vergangene Ereignisse!</strong></h4>
<ul>
<li><a title="Fest der Sinne vom 22. – 23. November 2013 in der PlusCity" href="https://www.fisch-fest.net/wordpress/news/fest-der-sinne-am-22-23-november-2013-in-der-pluscity">Fest der Sinne vom 22. bis 23. November in der Plus City in Pasching</a></li>
<li><a title="13. – 14. September 2013 – Genusslandstraße 2013" href="https://www.fisch-fest.net/wordpress/?page_id=440">Genusslandstraße vom 13. bis 14 September in der Linzer City</a></li>
<li>Einkaufsnacht in Waidhofen am 30.08.2013</li>
<li><a title="Steckerlfische beim Tag der offenen Tür bei Firma Biokompakt Heiztechnik" href="https://www.fisch-fest.net/wordpress/?page_id=369">03.05. &#8211; 04.05.2013 Tag der offenen Tür bei Biokompakt mit Steckerlfische</a></li>
<li><a title="Fest der Sinne in der PlusCity" href="https://www.fisch-fest.net/wordpress/?page_id=259">Fest der Sinne (Plus City) 2012</a></li>
<li><a title="07. Juli 2012 – Bauernmarktfest Brunn am Gebirge – Filmbeitrag" href="https://www.fisch-fest.net/wordpress/?page_id=348">07. Juli 2012 &#8211; Bauernmarktfest Brunn am Gebirge &#8211; Filmbeitrag</a></li>
<li><a title="02. März 2012 – Medaillenregen bei der Messe “Ab Hof” in Wieselburg" href="https://www.fisch-fest.net/wordpress/?page_id=213">02. März 2012 &#8211; Medaillenregen bei der Messe &#8222;Ab Hof&#8220; in Wieselburg</a></li>
<li><a title="25. September 2011 – Steckerlfisch im Winkler Markt" href="https://www.fisch-fest.net/wordpress/?page_id=75">25. September 2011 &#8211; Steckerlfisch im Winkler Markt!</a></li>
<li><a title="18. September 2011 – Neuer Verarbeitungsraum eingerichtet" href="https://www.fisch-fest.net/wordpress/?page_id=64">18. September 2011 &#8211; Neuer Verarbeitungsraum errichtet!</a></li>
<li><a title="16. September 2011 – Genusslandstraße 2011" href="https://www.fisch-fest.net/wordpress/?page_id=82">16. September 2011 &#8211; Genusslandstraße 2011</a></li>
</ul>

<p>Alle Termine finden Sie in unserem Veranstaltungskalender Ehrungen Ab Hof 2013 &#8222;Verleihung Fischkaiser&#8220; Hier finden Sie vergangene Ereignisse! Fest der Sinne vom 22. bis 23. November in der Plus City in Pasching Genusslandstraße vom 13. bis 14 September in der Linzer City Einkaufsnacht in Waidhofen am 30.08.2013 03.05. &#8211; 04.05.2013 Tag der offenen Tür bei &hellip; <a href="https://www.fisch-fest.net/wordpress/news/" class="more-link"><span class="screen-reader-text">News</span> weiterlesen</a></p>

Der Wochenmarkt in Amstetten bietet jeden Donnerstag von 7:30 bis 11:45 Uhr ein frisches und regionales Angebot von Fischprodukten. Der Markt findet in der Fußgängerzone am Hauptplatz in Amstetten statt. Natürlich finden Sie bei diesem beliebten Markt noch viele weitere Angebote vom Speck bis zum Brot uvm. Ein Besuch wird…

Ähnlicher Beitrag

Der Wochenmarkt in Marchtrenk am Samstag von 8:15 bis 11:30 Uhr bietet ein frisches und regionales Angebot von Fischprodukten. (14-Tage-Rhythmus) Natürlich finden Sie bei diesem beliebten Markt noch viele weitere Angebote vom Speck bis zum Brot uvm. Ein Besuch wird Sie vom Angebot überzeugen. Ich freue mich in einem 14-Tage-Rhythmus…

Der Wochenmarkt in Purkersdorf bietet jeden Freitag von 8:30 bis 16:30 Uhr ein frisches und regionales Angebot von Fischprodukten. Der Markt findet am Hauptplatz in Purkersdorf statt. Natürlich finden Sie bei diesem beliebten Markt noch viele weitere Angebote vom Speck bis zum Brot uvm. Ein Besuch wird Sie vom Angebot überzeugen.…

Spezialitäten

Mousse vom Räucherfisch Das fluffig elegante Räucherfischmousse sollte auf keiner eleganten Fischplatte fehlen. Der einzigartig hervorragende Geschmack wird in Ihnen das Verlangen nach mehr hervorrufen. Tauchen Sie ein in die berauschende Welt des Fischgenusses. Räucherfischtatare Die besondere Art des Fischgenusses. Das Räucherfischtartare wird Ihnen eine andere Welt des Fischgenusses präsentieren.…

Mousse vom RÃ¤ucherfisch

Sehen, schmecken, riechen: Das ist das Moto vom Fest der Sinne in der PlusCity! Das Fest der Sinne spricht alle Liebhaber von heimischen Köstlichkeiten und andere Gaumenfreuden an. Geboten werden natürlich unsere heimischen Fischspezialitäten und andere Schmankerl, vom besten Fleisch über Milchprodukte frische Backware und einiges mehr. Lassen Sie sich…

Fisch in seiner besten Art Leidenschaftliche Fischliebhaber und Fischkenner sind hier richtig! Sie werden von der Qualität begeistert sein! Probieren Sie die Spezialitäten, Filets und ganzen Fische von Andreas Pinter. Egal ob geräuchert oder für die Bratpfanne, diese Qualität wird Sie überzeugen! Bei Fisch&Fest zählt Handarbeit! Die Fische werden noch von…
