{"id":487,"date":"2013-09-01T16:40:15","date_gmt":"2013-09-01T16:40:15","guid":{"rendered":"http:\/\/www.fisch-fest.net\/wordpress\/?page_id=487"},"modified":"2013-09-01T16:43:47","modified_gmt":"2013-09-01T16:43:47","slug":"fest-der-sinne-am-22-23-november-2013-in-der-pluscity","status":"publish","type":"page","link":"https:\/\/www.fisch-fest.net\/wordpress\/news\/fest-der-sinne-am-22-23-november-2013-in-der-pluscity\/","title":{"rendered":"Fest der Sinne vom 22. &#8211; 23. November 2013 in der PlusCity"},"content":{"rendered":"<figure id=\"attachment_491\" aria-describedby=\"caption-attachment-491\" style=\"width: 300px\" class=\"wp-caption alignleft\"><a href=\"https:\/\/i0.wp.com\/www.fisch-fest.net\/wordpress\/wp-content\/uploads\/2013\/09\/Fotolia_16953009_L.jpg?ssl=1\"><img loading=\"lazy\" decoding=\"async\" data-attachment-id=\"491\" data-permalink=\"https:\/\/www.fisch-fest.net\/wordpress\/news\/fest-der-sinne-am-22-23-november-2013-in-der-pluscity\/grilled-trout\/\" data-orig-file=\"https:\/\/i0.wp.com\/www.fisch-fest.net\/wordpress\/wp-content\/uploads\/2013\/09\/Fotolia_16953009_L.jpg?fit=3008%2C2000&amp;ssl=1\" data-orig-size=\"3008,2000\" data-comments-opened=\"1\" data-image-meta=\"{&quot;aperture&quot;:&quot;11&quot;,&quot;credit&quot;:&quot;Jan Hanus&quot;,&quot;camera&quot;:&quot;NIKON D70&quot;,&quot;caption&quot;:&quot;Grilled trout w limet and vegetable&quot;,&quot;created_timestamp&quot;:&quot;1138028036&quot;,&quot;copyright&quot;:&quot;\\u00a9 2009 Jan Hanus. All Rights reserved&quot;,&quot;focal_length&quot;:&quot;62&quot;,&quot;iso&quot;:&quot;0&quot;,&quot;shutter_speed&quot;:&quot;0.008&quot;,&quot;title&quot;:&quot;Grilled trout&quot;}\" data-image-title=\"Fisch frisch\" data-image-description=\"&lt;p&gt;Frischer Fisch mit Gem\u00fcse (Fotolia)&lt;\/p&gt;\n\" data-image-caption=\"&lt;p&gt;Herrlich zubereiteter Fisch!&lt;\/p&gt;\n\" data-medium-file=\"https:\/\/i0.wp.com\/www.fisch-fest.net\/wordpress\/wp-content\/uploads\/2013\/09\/Fotolia_16953009_L.jpg?fit=300%2C199&amp;ssl=1\" data-large-file=\"https:\/\/i0.wp.com\/www.fisch-fest.net\/wordpress\/wp-content\/uploads\/2013\/09\/Fotolia_16953009_L.jpg?fit=863%2C573&amp;ssl=1\" class=\"size-medium wp-image-491 \" title=\"Frischer Fisch am Tisch!\" alt=\"Frischer Fisch am Tisch\" src=\"https:\/\/i0.wp.com\/www.fisch-fest.net\/wordpress\/wp-content\/uploads\/2013\/09\/Fotolia_16953009_L.jpg?resize=300%2C199&#038;ssl=1\" width=\"300\" height=\"199\" srcset=\"https:\/\/i0.wp.com\/www.fisch-fest.net\/wordpress\/wp-content\/uploads\/2013\/09\/Fotolia_16953009_L.jpg?resize=300%2C199&amp;ssl=1 300w, https:\/\/i0.wp.com\/www.fisch-fest.net\/wordpress\/wp-content\/uploads\/2013\/09\/Fotolia_16953009_L.jpg?resize=1024%2C680&amp;ssl=1 1024w, https:\/\/i0.wp.com\/www.fisch-fest.net\/wordpress\/wp-content\/uploads\/2013\/09\/Fotolia_16953009_L.jpg?resize=451%2C300&amp;ssl=1 451w, https:\/\/i0.wp.com\/www.fisch-fest.net\/wordpress\/wp-content\/uploads\/2013\/09\/Fotolia_16953009_L.jpg?w=1726&amp;ssl=1 1726w, https:\/\/i0.wp.com\/www.fisch-fest.net\/wordpress\/wp-content\/uploads\/2013\/09\/Fotolia_16953009_L.jpg?w=2589&amp;ssl=1 2589w\" sizes=\"auto, (max-width: 300px) 100vw, 300px\" data-recalc-dims=\"1\" \/><\/a><figcaption id=\"caption-attachment-491\" class=\"wp-caption-text\">Herrlich zubereiteter Fisch!<\/figcaption><\/figure>\n<p>Sehen, schmecken, riechen:<br \/>\nDas ist das Moto vom <strong>Fest der Sinne in der PlusCity!<\/strong><br \/>\nDas Fest der Sinne spricht alle Liebhaber von heimischen K\u00f6stlichkeiten und andere Gaumenfreuden an. Geboten werden nat\u00fcrlich unsere heimischen Fischspezialit\u00e4ten und andere Schmankerl, vom besten Fleisch \u00fcber Milchprodukte frische Backware und einiges mehr.<\/p>\n<p>Lassen Sie sich dieses Fest nicht entgehen! Ein Besuch lohnt sich!<\/p>\n<p><a title=\"Fest der Sinne - Fisch am Tisch!\" href=\"https:\/\/www.fisch-fest.net\/wordpress\/?page_id=56\" target=\"_blank\">zur\u00fcck<\/a><\/p>\n<p>&nbsp;<\/p>\n","protected":false},"excerpt":{"rendered":"<p>Sehen, schmecken, riechen: Das ist das Moto vom Fest der Sinne in der PlusCity! Das Fest der Sinne spricht alle Liebhaber von heimischen K\u00f6stlichkeiten und andere Gaumenfreuden an. Geboten werden nat\u00fcrlich unsere heimischen Fischspezialit\u00e4ten und andere Schmankerl, vom besten Fleisch \u00fcber Milchprodukte frische Backware und einiges mehr. Lassen Sie sich dieses Fest nicht entgehen! Ein &hellip; <a href=\"https:\/\/www.fisch-fest.net\/wordpress\/news\/fest-der-sinne-am-22-23-november-2013-in-der-pluscity\/\" class=\"more-link\"><span class=\"screen-reader-text\">Fest der Sinne vom 22. &#8211; 23. November 2013 in der PlusCity<\/span> weiterlesen<\/a><\/p>\n","protected":false},"author":1,"featured_media":0,"parent":56,"menu_order":1,"comment_status":"closed","ping_status":"open","template":"sidebar-page.php","meta":{"jetpack_post_was_ever_published":false,"footnotes":""},"class_list":["post-487","page","type-page","status-publish","hentry"],"jetpack_sharing_enabled":true,"jetpack_shortlink":"https:\/\/wp.me\/P8BrCw-7R","jetpack-related-posts":[{"id":259,"url":"https:\/\/www.fisch-fest.net\/wordpress\/news\/fisch_und_fest_fest_der_sinne\/","url_meta":{"origin":487,"position":0},"title":"Fest der Sinne am 23. &#8211; 24. November 2012 in der PlusCity","date":"20. April 2012","format":false,"excerpt":"Es lohnte sich das\u00a0Fest der Sinne in der Plus City zu besuchen. Geboten wurden neben unseren Fischspezialit\u00e4ten ein umfangreiches Programm. zur\u00fcck \u00a0","rel":"","context":"\u00c4hnlicher Beitrag","img":{"alt_text":"","src":"","width":0,"height":0},"classes":[]},{"id":56,"url":"https:\/\/www.fisch-fest.net\/wordpress\/news\/","url_meta":{"origin":487,"position":1},"title":"News","date":"23. Oktober 2011","format":false,"excerpt":"Alle Termine finden Sie in unserem Veranstaltungskalender Ehrungen Ab Hof 2013 \"Verleihung Fischkaiser\" Hier finden Sie vergangene Ereignisse! Fest der Sinne vom 22. bis 23. November in der Plus City in Pasching Genusslandstra\u00dfe vom 13. bis 14 September in der Linzer City Einkaufsnacht in Waidhofen am 30.08.2013 03.05. - 04.05.2013\u2026","rel":"","context":"\u00c4hnlicher Beitrag","img":{"alt_text":"","src":"","width":0,"height":0},"classes":[]},{"id":440,"url":"https:\/\/www.fisch-fest.net\/wordpress\/news\/13-14-september-2013-genusslandstrase-2013\/","url_meta":{"origin":487,"position":2},"title":"Genusslandstra\u00dfe","date":"25. August 2013","format":false,"excerpt":"Die n\u00e4chste Genusslandstra\u00dfe findet wieder im Jahr 2017 statt! Freuen\u00a0wir uns\u00a0darauf! \u00a0 \u00a0 \u00a0 \u00a0 Auch vom 13. - 14. September 2013 haben\u00a0Sie die Aussteller der Genusslandstra\u00dfe mit einem kulinarischem Feuerwerk begeistert. Fisch & Fest\u00a0hat\u00a0Sie mit den besten Fischspezialit\u00e4ten verw\u00f6hnt. F\u00fcr Ihr\u00a0leibliches\u00a0Wohl sorgten wir mit unseren Spizialit\u00e4ten: \"M\u00fchlviertler\u00a0Fischsuppe und Fischetti\".\u2026","rel":"","context":"\u00c4hnlicher Beitrag","img":{"alt_text":"","src":"https:\/\/i0.wp.com\/www.fisch-fest.net\/wordpress\/wp-content\/uploads\/2011\/11\/genussland_ooe_0271-450x3001.jpg?resize=350%2C200","width":350,"height":200},"classes":[]},{"id":1501,"url":"https:\/\/www.fisch-fest.net\/wordpress\/produkte\/spezialitaeten\/","url_meta":{"origin":487,"position":3},"title":"Spezialit\u00e4ten","date":"9. April 2017","format":false,"excerpt":"Mousse vom R\u00e4ucherfisch Das fluffig elegante R\u00e4ucherfischmousse sollte auf keiner eleganten Fischplatte fehlen. Der einzigartig hervorragende Geschmack wird in Ihnen das Verlangen nach mehr hervorrufen. Tauchen Sie ein in die berauschende Welt des Fischgenusses. R\u00e4ucherfischtatare Die besondere Art des Fischgenusses. Das R\u00e4ucherfischtartare wird Ihnen eine andere Welt des Fischgenusses pr\u00e4sentieren.\u2026","rel":"","context":"\u00c4hnlicher Beitrag","img":{"alt_text":"Mousse vom R\u00c3\u00a4ucherfisch","src":"https:\/\/i0.wp.com\/www.fisch-fest.net\/wordpress\/wp-content\/uploads\/2017\/04\/5860287713-4-1-1.jpg?resize=350%2C200","width":350,"height":200},"classes":[]},{"id":608,"url":"https:\/\/www.fisch-fest.net\/wordpress\/","url_meta":{"origin":487,"position":4},"title":"Fisch&#038;Fest","date":"8. April 2017","format":false,"excerpt":"Alle Informationen zu unseren \u00d6ffnungszeiten finden Sie im Veranstaltungskalender \u00a0 Fisch in seiner besten Form Heimische S\u00fc\u00dfwasserfische gelten als besonders schmackhaft und sind zudem eine gesunde Sache! Genie\u00dfen Sie Fische von heimischen Fischz\u00fcchtern, denen Ihre Fische und unsere Umwelt besonders am Herzen liegen. Leidenschaftliche Fischliebhaber und Fischkenner sind hier richtig!\u2026","rel":"","context":"\u00c4hnlicher Beitrag","img":{"alt_text":"","src":"","width":0,"height":0},"classes":[]},{"id":2236,"url":"https:\/\/www.fisch-fest.net\/wordpress\/veranstaltung\/wochenmarkt-amstetten\/","url_meta":{"origin":487,"position":5},"title":"Wochenmarkt Amstetten","date":"12. April 2017","format":false,"excerpt":"Der Wochenmarkt in Amstetten bietet jeden Donnerstag von 7:30 bis 11:45 Uhr ein frisches und regionales Angebot von Fischprodukten. Der Markt findet in der Fu\u00dfg\u00e4ngerzone am Hauptplatz in Amstetten statt. Nat\u00fcrlich finden Sie bei diesem beliebten Markt noch viele weitere Angebote vom Speck bis zum Brot uvm. Ein Besuch wird\u2026","rel":"","context":"\u00c4hnlicher Beitrag","img":{"alt_text":"","src":"","width":0,"height":0},"classes":[]}],"_links":{"self":[{"href":"https:\/\/www.fisch-fest.net\/wordpress\/wp-json\/wp\/v2\/pages\/487","targetHints":{"allow":["GET"]}}],"collection":[{"href":"https:\/\/www.fisch-fest.net\/wordpress\/wp-json\/wp\/v2\/pages"}],"about":[{"href":"https:\/\/www.fisch-fest.net\/wordpress\/wp-json\/wp\/v2\/types\/page"}],"author":[{"embeddable":true,"href":"https:\/\/www.fisch-fest.net\/wordpress\/wp-json\/wp\/v2\/users\/1"}],"replies":[{"embeddable":true,"href":"https:\/\/www.fisch-fest.net\/wordpress\/wp-json\/wp\/v2\/comments?post=487"}],"version-history":[{"count":10,"href":"https:\/\/www.fisch-fest.net\/wordpress\/wp-json\/wp\/v2\/pages\/487\/revisions"}],"predecessor-version":[{"id":500,"href":"https:\/\/www.fisch-fest.net\/wordpress\/wp-json\/wp\/v2\/pages\/487\/revisions\/500"}],"up":[{"embeddable":true,"href":"https:\/\/www.fisch-fest.net\/wordpress\/wp-json\/wp\/v2\/pages\/56"}],"wp:attachment":[{"href":"https:\/\/www.fisch-fest.net\/wordpress\/wp-json\/wp\/v2\/media?parent=487"}],"curies":[{"name":"wp","href":"https:\/\/api.w.org\/{rel}","templated":true}]}}