{"id":453,"date":"2013-08-25T15:42:27","date_gmt":"2013-08-25T15:42:27","guid":{"rendered":"http:\/\/www.fisch-fest.net\/wordpress\/?page_id=453"},"modified":"2013-08-25T15:46:42","modified_gmt":"2013-08-25T15:46:42","slug":"01-04-marz-2013-erneuter-medaillenregen-bei-der-messe-ab-hof-in-wieselburg","status":"publish","type":"page","link":"https:\/\/www.fisch-fest.net\/wordpress\/news\/01-04-marz-2013-erneuter-medaillenregen-bei-der-messe-ab-hof-in-wieselburg\/","title":{"rendered":"01. &#8211; 04. M\u00e4rz 2013 &#8211; Erneuter Medaillenregen bei der Messe &#8222;Ab Hof&#8220; in Wieselburg"},"content":{"rendered":"<figure id=\"attachment_455\" aria-describedby=\"caption-attachment-455\" style=\"width: 216px\" class=\"wp-caption alignleft\"><a href=\"https:\/\/i0.wp.com\/www.fisch-fest.net\/wordpress\/wp-content\/uploads\/2013\/08\/Preisverleihung_Fischkaise_2013.jpg?ssl=1\"><img loading=\"lazy\" decoding=\"async\" data-attachment-id=\"455\" data-permalink=\"https:\/\/www.fisch-fest.net\/wordpress\/news\/01-04-marz-2013-erneuter-medaillenregen-bei-der-messe-ab-hof-in-wieselburg\/preisverleihung_fischkaise_2013\/\" data-orig-file=\"https:\/\/i0.wp.com\/www.fisch-fest.net\/wordpress\/wp-content\/uploads\/2013\/08\/Preisverleihung_Fischkaise_2013.jpg?fit=2126%2C1535&amp;ssl=1\" data-orig-size=\"2126,1535\" data-comments-opened=\"1\" data-image-meta=\"{&quot;aperture&quot;:&quot;6.3&quot;,&quot;credit&quot;:&quot;&quot;,&quot;camera&quot;:&quot;NIKON D90&quot;,&quot;caption&quot;:&quot;&quot;,&quot;created_timestamp&quot;:&quot;1362133705&quot;,&quot;copyright&quot;:&quot;Fotohaus Roschmann GmbH Schulgasse 6 3251 Purgstall Austria&quot;,&quot;focal_length&quot;:&quot;17&quot;,&quot;iso&quot;:&quot;200&quot;,&quot;shutter_speed&quot;:&quot;0.016666666666667&quot;,&quot;title&quot;:&quot;&quot;}\" data-image-title=\"Preisverleihung_Fischkaise_2013\" data-image-description=\"&lt;p&gt;Verleihung &amp;#8222;Fischkaiser 2013&amp;#8220; durch LR Pernkopf.&lt;\/p&gt;\n\" data-image-caption=\"\" data-medium-file=\"https:\/\/i0.wp.com\/www.fisch-fest.net\/wordpress\/wp-content\/uploads\/2013\/08\/Preisverleihung_Fischkaise_2013.jpg?fit=300%2C216&amp;ssl=1\" data-large-file=\"https:\/\/i0.wp.com\/www.fisch-fest.net\/wordpress\/wp-content\/uploads\/2013\/08\/Preisverleihung_Fischkaise_2013.jpg?fit=863%2C623&amp;ssl=1\" class=\"wp-image-455   \" alt=\"Verleihung \u201eFischkaiser 2013\u201c durch LR Pernkopf!\" src=\"https:\/\/i0.wp.com\/www.fisch-fest.net\/wordpress\/wp-content\/uploads\/2013\/08\/Preisverleihung_Fischkaise_2013.jpg?resize=216%2C155&#038;ssl=1\" width=\"216\" height=\"155\" srcset=\"https:\/\/i0.wp.com\/www.fisch-fest.net\/wordpress\/wp-content\/uploads\/2013\/08\/Preisverleihung_Fischkaise_2013.jpg?resize=300%2C216&amp;ssl=1 300w, https:\/\/i0.wp.com\/www.fisch-fest.net\/wordpress\/wp-content\/uploads\/2013\/08\/Preisverleihung_Fischkaise_2013.jpg?resize=1024%2C739&amp;ssl=1 1024w, https:\/\/i0.wp.com\/www.fisch-fest.net\/wordpress\/wp-content\/uploads\/2013\/08\/Preisverleihung_Fischkaise_2013.jpg?resize=415%2C300&amp;ssl=1 415w, https:\/\/i0.wp.com\/www.fisch-fest.net\/wordpress\/wp-content\/uploads\/2013\/08\/Preisverleihung_Fischkaise_2013.jpg?w=1726&amp;ssl=1 1726w\" sizes=\"auto, (max-width: 216px) 100vw, 216px\" data-recalc-dims=\"1\" \/><\/a><figcaption id=\"caption-attachment-455\" class=\"wp-caption-text\">Verleihung \u201eFischkaiser 2013\u201c durch Landesrat Dr. Stephan Pernkopf!<\/figcaption><\/figure>\n<p><strong>Andreas Pinter r\u00e4umte bei der &#8222;Ab Hof 2013&#8220; gewaltig ab!!<\/strong><\/p>\n<p>Neben zahlreichen Goldmedaillen\u00a0hat es Andreas Pinter auf der \u201cAb Hof 2013\u2033 in Wieselburg nun\u00a0geschafft.\u00a0Seine Anstrengungen, Fische f\u00fcr h\u00f6chste Qualit\u00e4tsanspr\u00fcche zu produzieren hat durch die h\u00f6chste Auszeichnung &#8222;dem Fischkaiser&#8220; Anerkennung gefunden.<\/p>\n<p>&nbsp;<\/p>\n<p>Als bestes Produkt \u00d6sterreichs hat Andreas Pinter f\u00fcr die <strong>&#8222;<a href=\"http:\/\/www.fisch-fest.at\/Muehlviertler_Fischsuppe.htm\" target=\"_blank\">M\u00fchlviertler Fischsuppe<\/a>&#8222;<\/strong> den &#8222;Fischkaiser 2013&#8220; verliehen bekommen. Die Freude \u00fcber diese Ehrung machte ihn \u00fcbergl\u00fccklich.<\/p>\n<p><a title=\"News und Veranstaltungskalender\" href=\"https:\/\/www.fisch-fest.net\/wordpress\/?page_id=56\">zur\u00fcck<\/a><\/p>\n<p>&nbsp;<\/p>\n<p>&nbsp;<\/p>\n<p>&nbsp;<\/p>\n","protected":false},"excerpt":{"rendered":"<p>Andreas Pinter r\u00e4umte bei der &#8222;Ab Hof 2013&#8220; gewaltig ab!! Neben zahlreichen Goldmedaillen\u00a0hat es Andreas Pinter auf der \u201cAb Hof 2013\u2033 in Wieselburg nun\u00a0geschafft.\u00a0Seine Anstrengungen, Fische f\u00fcr h\u00f6chste Qualit\u00e4tsanspr\u00fcche zu produzieren hat durch die h\u00f6chste Auszeichnung &#8222;dem Fischkaiser&#8220; Anerkennung gefunden. &nbsp; Als bestes Produkt \u00d6sterreichs hat Andreas Pinter f\u00fcr die &#8222;M\u00fchlviertler Fischsuppe&#8222; den &#8222;Fischkaiser 2013&#8220; &hellip; <a href=\"https:\/\/www.fisch-fest.net\/wordpress\/news\/01-04-marz-2013-erneuter-medaillenregen-bei-der-messe-ab-hof-in-wieselburg\/\" class=\"more-link\"><span class=\"screen-reader-text\">01. &#8211; 04. M\u00e4rz 2013 &#8211; Erneuter Medaillenregen bei der Messe &#8222;Ab Hof&#8220; in Wieselburg<\/span> weiterlesen<\/a><\/p>\n","protected":false},"author":1,"featured_media":0,"parent":56,"menu_order":2,"comment_status":"closed","ping_status":"closed","template":"sidebar-page.php","meta":{"jetpack_post_was_ever_published":false,"footnotes":""},"class_list":["post-453","page","type-page","status-publish","hentry"],"jetpack_sharing_enabled":true,"jetpack_shortlink":"https:\/\/wp.me\/P8BrCw-7j","jetpack-related-posts":[{"id":213,"url":"https:\/\/www.fisch-fest.net\/wordpress\/news\/02-marz-2012-medaillenregen-bei-der-messe-ab-hof-in-wieselburg\/","url_meta":{"origin":453,"position":0},"title":"02. M\u00e4rz 2012 &#8211; Medaillenregen bei der Messe &#8222;Ab Hof&#8220; in Wieselburg","date":"20. April 2012","format":false,"excerpt":"Andreas Pinter r\u00e4umte beim Fischkaiser gewaltig ab!! Mit zwei Goldmedaillen und drei Silbermedaillen ist Andreas sehr zufrieden und freut sich, dass auch auf der \u201cAb Hof 2012\u2033 in Wieselburg seine Anstrengungen, Fisch f\u00fcr h\u00f6chste Qualit\u00e4tsanspr\u00fcche zu produzieren, Anerkennung gefunden haben. zur\u00fcck \u00a0 \u00a0","rel":"","context":"\u00c4hnlicher Beitrag","img":{"alt_text":"","src":"https:\/\/i0.wp.com\/www.fisch-fest.net\/wordpress\/wp-content\/uploads\/2012\/04\/Medaillenregen-300x200.jpg?resize=350%2C200","width":350,"height":200},"classes":[]},{"id":369,"url":"https:\/\/www.fisch-fest.net\/wordpress\/news\/steckerlfische-beim-tag-der-offenen-tur-bei-firma-biokompakt-heiztechnik-gmbh\/","url_meta":{"origin":453,"position":1},"title":"Steckerlfische beim Tag der offenen T\u00fcr bei Firma Biokompakt Heiztechnik","date":"17. April 2013","format":false,"excerpt":"Die Firma Biokompakt Heiztechnik GmbH und Andreas Pinter verk\u00fcndete erfreut, dass am 3. und 4. Mai 2013 die Nahversorgertage (Tag der offenen T\u00fcr) in 4381 St. Nikola, Sattl 11 stattfinden. Bei dieser Gelegenheit luden wir alle Freunde der Biomasse herzlich ein die Produktionshallen und den Kesselpr\u00fcfstand der Firma Biokompakt Heiztechnik\u2026","rel":"","context":"\u00c4hnlicher Beitrag","img":{"alt_text":"","src":"","width":0,"height":0},"classes":[]},{"id":608,"url":"https:\/\/www.fisch-fest.net\/wordpress\/","url_meta":{"origin":453,"position":2},"title":"Fisch&#038;Fest","date":"8. April 2017","format":false,"excerpt":"Alle Informationen zu unseren \u00d6ffnungszeiten finden Sie im Veranstaltungskalender \u00a0 Fisch in seiner besten Form Heimische S\u00fc\u00dfwasserfische gelten als besonders schmackhaft und sind zudem eine gesunde Sache! Genie\u00dfen Sie Fische von heimischen Fischz\u00fcchtern, denen Ihre Fische und unsere Umwelt besonders am Herzen liegen. Leidenschaftliche Fischliebhaber und Fischkenner sind hier richtig!\u2026","rel":"","context":"\u00c4hnlicher Beitrag","img":{"alt_text":"","src":"","width":0,"height":0},"classes":[]},{"id":758,"url":"https:\/\/www.fisch-fest.net\/wordpress\/fischer\/","url_meta":{"origin":453,"position":3},"title":"Der Fischer","date":"9. April 2017","format":false,"excerpt":"Fisch in seiner besten\u00a0Art Leidenschaftliche Fischliebhaber und Fischkenner sind hier richtig! Sie werden von der Qualit\u00e4t begeistert sein! Probieren Sie die Spezialit\u00e4ten, Filets und ganzen Fische von Andreas Pinter. Egal ob ger\u00e4uchert oder f\u00fcr die Bratpfanne, diese Qualit\u00e4t wird Sie \u00fcberzeugen! Bei Fisch&Fest z\u00e4hlt Handarbeit! Die Fische werden noch von\u2026","rel":"","context":"\u00c4hnlicher Beitrag","img":{"alt_text":"Frischfisch gebraten","src":"https:\/\/i0.wp.com\/www.fisch-fest.net\/wordpress\/wp-content\/uploads\/2017\/04\/9838788236.jpg?resize=350%2C200","width":350,"height":200},"classes":[]},{"id":1142,"url":"https:\/\/www.fisch-fest.net\/wordpress\/produkte\/frischfisch\/","url_meta":{"origin":453,"position":4},"title":"Frischfisch","date":"9. April 2017","format":false,"excerpt":"Fisch in seiner besten\u00a0Art Leidenschaftliche Fischliebhaber und Fischkenner sind hier richtig! Sie werden von der Qualit\u00e4t begeistert sein! Probieren Sie die Spezialit\u00e4ten, Filets und ganzen Fische von Andreas Pinter. Egal ob ger\u00e4uchert oder f\u00fcr die Bratpfanne, diese Qualit\u00e4t wird Sie \u00fcberzeugen! Bei Fisch&Fest z\u00e4hlt Handarbeit! Die Fische werden noch von\u2026","rel":"","context":"\u00c4hnlicher Beitrag","img":{"alt_text":"Frischfisch gebraten","src":"https:\/\/i0.wp.com\/www.fisch-fest.net\/wordpress\/wp-content\/uploads\/2017\/04\/9838788236.jpg?resize=350%2C200","width":350,"height":200},"classes":[]},{"id":1265,"url":"https:\/\/www.fisch-fest.net\/wordpress\/produkte\/raeucherfisch\/","url_meta":{"origin":453,"position":5},"title":"R\u00e4ucherfisch","date":"9. April 2017","format":false,"excerpt":"Fisch in seiner besten\u00a0Art Leidenschaftliche Fischliebhaber und Fischkenner sind hier richtig! Sie werden von der Qualit\u00e4t begeistert sein! Probieren Sie die Spezialit\u00e4ten, Filets und ganzen Fische von Andreas Pinter. Egal ob ger\u00e4uchert oder f\u00fcr die Bratpfanne, diese Qualit\u00e4t wird Sie \u00fcberzeugen! Bei Fisch&Fest z\u00e4hlt Handarbeit! Die Fische werden noch von\u2026","rel":"","context":"\u00c4hnlicher Beitrag","img":{"alt_text":"Frischfisch gebraten","src":"https:\/\/i0.wp.com\/www.fisch-fest.net\/wordpress\/wp-content\/uploads\/2017\/04\/9838788236.jpg?resize=350%2C200","width":350,"height":200},"classes":[]}],"_links":{"self":[{"href":"https:\/\/www.fisch-fest.net\/wordpress\/wp-json\/wp\/v2\/pages\/453","targetHints":{"allow":["GET"]}}],"collection":[{"href":"https:\/\/www.fisch-fest.net\/wordpress\/wp-json\/wp\/v2\/pages"}],"about":[{"href":"https:\/\/www.fisch-fest.net\/wordpress\/wp-json\/wp\/v2\/types\/page"}],"author":[{"embeddable":true,"href":"https:\/\/www.fisch-fest.net\/wordpress\/wp-json\/wp\/v2\/users\/1"}],"replies":[{"embeddable":true,"href":"https:\/\/www.fisch-fest.net\/wordpress\/wp-json\/wp\/v2\/comments?post=453"}],"version-history":[{"count":15,"href":"https:\/\/www.fisch-fest.net\/wordpress\/wp-json\/wp\/v2\/pages\/453\/revisions"}],"predecessor-version":[{"id":473,"href":"https:\/\/www.fisch-fest.net\/wordpress\/wp-json\/wp\/v2\/pages\/453\/revisions\/473"}],"up":[{"embeddable":true,"href":"https:\/\/www.fisch-fest.net\/wordpress\/wp-json\/wp\/v2\/pages\/56"}],"wp:attachment":[{"href":"https:\/\/www.fisch-fest.net\/wordpress\/wp-json\/wp\/v2\/media?parent=453"}],"curies":[{"name":"wp","href":"https:\/\/api.w.org\/{rel}","templated":true}]}}

01. &#8211; 04. März 2013 &#8211; Erneuter Medaillenregen bei der Messe &#8222;Ab Hof&#8220; in Wieselburg

<figure id="attachment_455" aria-describedby="caption-attachment-455" style="width: 216px" class="wp-caption alignleft"><a href="https://i0.wp.com/www.fisch-fest.net/wordpress/wp-content/uploads/2013/08/Preisverleihung_Fischkaise_2013.jpg?ssl=1"><img loading="lazy" decoding="async" data-attachment-id="455" data-permalink="https://www.fisch-fest.net/wordpress/news/01-04-marz-2013-erneuter-medaillenregen-bei-der-messe-ab-hof-in-wieselburg/preisverleihung_fischkaise_2013/" data-orig-file="https://i0.wp.com/www.fisch-fest.net/wordpress/wp-content/uploads/2013/08/Preisverleihung_Fischkaise_2013.jpg?fit=2126%2C1535&amp;ssl=1" data-orig-size="2126,1535" data-comments-opened="1" data-image-meta="{&quot;aperture&quot;:&quot;6.3&quot;,&quot;credit&quot;:&quot;&quot;,&quot;camera&quot;:&quot;NIKON D90&quot;,&quot;caption&quot;:&quot;&quot;,&quot;created_timestamp&quot;:&quot;1362133705&quot;,&quot;copyright&quot;:&quot;Fotohaus Roschmann GmbH Schulgasse 6 3251 Purgstall Austria&quot;,&quot;focal_length&quot;:&quot;17&quot;,&quot;iso&quot;:&quot;200&quot;,&quot;shutter_speed&quot;:&quot;0.016666666666667&quot;,&quot;title&quot;:&quot;&quot;}" data-image-title="Preisverleihung_Fischkaise_2013" data-image-description="&lt;p&gt;Verleihung &amp;#8222;Fischkaiser 2013&amp;#8220; durch LR Pernkopf.&lt;/p&gt;
" data-image-caption="" data-medium-file="https://i0.wp.com/www.fisch-fest.net/wordpress/wp-content/uploads/2013/08/Preisverleihung_Fischkaise_2013.jpg?fit=300%2C216&amp;ssl=1" data-large-file="https://i0.wp.com/www.fisch-fest.net/wordpress/wp-content/uploads/2013/08/Preisverleihung_Fischkaise_2013.jpg?fit=863%2C623&amp;ssl=1" class="wp-image-455   " alt="Verleihung „Fischkaiser 2013“ durch LR Pernkopf!" src="https://i0.wp.com/www.fisch-fest.net/wordpress/wp-content/uploads/2013/08/Preisverleihung_Fischkaise_2013.jpg?resize=216%2C155&#038;ssl=1" width="216" height="155" srcset="https://i0.wp.com/www.fisch-fest.net/wordpress/wp-content/uploads/2013/08/Preisverleihung_Fischkaise_2013.jpg?resize=300%2C216&amp;ssl=1 300w, https://i0.wp.com/www.fisch-fest.net/wordpress/wp-content/uploads/2013/08/Preisverleihung_Fischkaise_2013.jpg?resize=1024%2C739&amp;ssl=1 1024w, https://i0.wp.com/www.fisch-fest.net/wordpress/wp-content/uploads/2013/08/Preisverleihung_Fischkaise_2013.jpg?resize=415%2C300&amp;ssl=1 415w, https://i0.wp.com/www.fisch-fest.net/wordpress/wp-content/uploads/2013/08/Preisverleihung_Fischkaise_2013.jpg?w=1726&amp;ssl=1 1726w" sizes="auto, (max-width: 216px) 100vw, 216px" data-recalc-dims="1" /></a><figcaption id="caption-attachment-455" class="wp-caption-text">Verleihung „Fischkaiser 2013“ durch Landesrat Dr. Stephan Pernkopf!</figcaption></figure>
<p><strong>Andreas Pinter räumte bei der &#8222;Ab Hof 2013&#8220; gewaltig ab!!</strong></p>
<p>Neben zahlreichen Goldmedaillen hat es Andreas Pinter auf der “Ab Hof 2013″ in Wieselburg nun geschafft. Seine Anstrengungen, Fische für höchste Qualitätsansprüche zu produzieren hat durch die höchste Auszeichnung &#8222;dem Fischkaiser&#8220; Anerkennung gefunden.</p>
<p>&nbsp;</p>
<p>Als bestes Produkt Österreichs hat Andreas Pinter für die <strong>&#8222;<a href="http://www.fisch-fest.at/Muehlviertler_Fischsuppe.htm" target="_blank">Mühlviertler Fischsuppe</a>&#8222;</strong> den &#8222;Fischkaiser 2013&#8220; verliehen bekommen. Die Freude über diese Ehrung machte ihn überglücklich.</p>
<p><a title="News und Veranstaltungskalender" href="https://www.fisch-fest.net/wordpress/?page_id=56">zurück</a></p>
<p>&nbsp;</p>
<p>&nbsp;</p>
<p>&nbsp;</p>

<p>Andreas Pinter räumte bei der &#8222;Ab Hof 2013&#8220; gewaltig ab!! Neben zahlreichen Goldmedaillen hat es Andreas Pinter auf der “Ab Hof 2013″ in Wieselburg nun geschafft. Seine Anstrengungen, Fische für höchste Qualitätsansprüche zu produzieren hat durch die höchste Auszeichnung &#8222;dem Fischkaiser&#8220; Anerkennung gefunden. &nbsp; Als bestes Produkt Österreichs hat Andreas Pinter für die &#8222;Mühlviertler Fischsuppe&#8222; den &#8222;Fischkaiser 2013&#8220; &hellip; <a href="https://www.fisch-fest.net/wordpress/news/01-04-marz-2013-erneuter-medaillenregen-bei-der-messe-ab-hof-in-wieselburg/" class="more-link"><span class="screen-reader-text">01. &#8211; 04. März 2013 &#8211; Erneuter Medaillenregen bei der Messe &#8222;Ab Hof&#8220; in Wieselburg</span> weiterlesen</a></p>

02. März 2012 &#8211; Medaillenregen bei der Messe &#8222;Ab Hof&#8220; in Wieselburg

Andreas Pinter räumte beim Fischkaiser gewaltig ab!! Mit zwei Goldmedaillen und drei Silbermedaillen ist Andreas sehr zufrieden und freut sich, dass auch auf der “Ab Hof 2012″ in Wieselburg seine Anstrengungen, Fisch für höchste Qualitätsansprüche zu produzieren, Anerkennung gefunden haben. zurück

Ähnlicher Beitrag

Steckerlfische beim Tag der offenen Tür bei Firma Biokompakt Heiztechnik

Die Firma Biokompakt Heiztechnik GmbH und Andreas Pinter verkündete erfreut, dass am 3. und 4. Mai 2013 die Nahversorgertage (Tag der offenen Tür) in 4381 St. Nikola, Sattl 11 stattfinden. Bei dieser Gelegenheit luden wir alle Freunde der Biomasse herzlich ein die Produktionshallen und den Kesselprüfstand der Firma Biokompakt Heiztechnik…

Alle Informationen zu unseren Öffnungszeiten finden Sie im Veranstaltungskalender   Fisch in seiner besten Form Heimische Süßwasserfische gelten als besonders schmackhaft und sind zudem eine gesunde Sache! Genießen Sie Fische von heimischen Fischzüchtern, denen Ihre Fische und unsere Umwelt besonders am Herzen liegen. Leidenschaftliche Fischliebhaber und Fischkenner sind hier richtig!…

Fisch in seiner besten Art Leidenschaftliche Fischliebhaber und Fischkenner sind hier richtig! Sie werden von der Qualität begeistert sein! Probieren Sie die Spezialitäten, Filets und ganzen Fische von Andreas Pinter. Egal ob geräuchert oder für die Bratpfanne, diese Qualität wird Sie überzeugen! Bei Fisch&Fest zählt Handarbeit! Die Fische werden noch von…

Räucherfisch
