{"id":440,"date":"2013-08-25T08:59:06","date_gmt":"2013-08-25T08:59:06","guid":{"rendered":"http:\/\/www.fisch-fest.net\/wordpress\/?page_id=440"},"modified":"2016-01-10T12:06:44","modified_gmt":"2016-01-10T12:06:44","slug":"13-14-september-2013-genusslandstrase-2013","status":"publish","type":"page","link":"https:\/\/www.fisch-fest.net\/wordpress\/news\/13-14-september-2013-genusslandstrase-2013\/","title":{"rendered":"Genusslandstra\u00dfe"},"content":{"rendered":"<figure id=\"attachment_102\" aria-describedby=\"caption-attachment-102\" style=\"width: 295px\" class=\"wp-caption alignleft\"><a href=\"https:\/\/i0.wp.com\/www.fisch-fest.net\/wordpress\/wp-content\/uploads\/2011\/11\/genussland_ooe_0271-450x3001.jpg?ssl=1\"><img loading=\"lazy\" decoding=\"async\" data-attachment-id=\"102\" data-permalink=\"https:\/\/www.fisch-fest.net\/wordpress\/news\/16-september-2011-genusslandstrase-2011\/genussland_ooe_0271-450x300\/\" data-orig-file=\"https:\/\/i0.wp.com\/www.fisch-fest.net\/wordpress\/wp-content\/uploads\/2011\/11\/genussland_ooe_0271-450x3001.jpg?fit=450%2C300&amp;ssl=1\" data-orig-size=\"450,300\" data-comments-opened=\"1\" data-image-meta=\"{&quot;aperture&quot;:&quot;0&quot;,&quot;credit&quot;:&quot;&quot;,&quot;camera&quot;:&quot;&quot;,&quot;caption&quot;:&quot;&quot;,&quot;created_timestamp&quot;:&quot;0&quot;,&quot;copyright&quot;:&quot;&quot;,&quot;focal_length&quot;:&quot;0&quot;,&quot;iso&quot;:&quot;0&quot;,&quot;shutter_speed&quot;:&quot;0&quot;,&quot;title&quot;:&quot;&quot;}\" data-image-title=\"genussland_ooe_0271-450&amp;#215;300\" data-image-description=\"\" data-image-caption=\"\" data-medium-file=\"https:\/\/i0.wp.com\/www.fisch-fest.net\/wordpress\/wp-content\/uploads\/2011\/11\/genussland_ooe_0271-450x3001.jpg?fit=300%2C200&amp;ssl=1\" data-large-file=\"https:\/\/i0.wp.com\/www.fisch-fest.net\/wordpress\/wp-content\/uploads\/2011\/11\/genussland_ooe_0271-450x3001.jpg?fit=450%2C300&amp;ssl=1\" class=\" wp-image-102 \" title=\"genussland_ooe_0271-450x300\" src=\"https:\/\/i0.wp.com\/www.fisch-fest.net\/wordpress\/wp-content\/uploads\/2011\/11\/genussland_ooe_0271.jpg?resize=295%2C209&#038;ssl=1\" alt=\"\" width=\"295\" height=\"209\" data-recalc-dims=\"1\" \/><\/a><figcaption id=\"caption-attachment-102\" class=\"wp-caption-text\">Genusslandstra\u00dfe 2011<\/figcaption><\/figure>\n<p>Die n\u00e4chste Genusslandstra\u00dfe findet wieder im Jahr 2017 statt!<\/p>\n<p>Freuen\u00a0wir uns\u00a0darauf!<\/p>\n<p>&nbsp;<\/p>\n<p>&nbsp;<\/p>\n<p>&nbsp;<\/p>\n<p>&nbsp;<\/p>\n<p>Auch vom 13. &#8211; 14. September 2013 haben\u00a0Sie die Aussteller der <a href=\"http:\/\/www.linzer-city.at\/linzer-city.at\/index.jsp?company=linzer-city.at&amp;lang=en&amp;state=events_news_tpl&amp;menuId=29&amp;articleId=120\" target=\"_blank\">Genusslandstra\u00dfe <\/a>mit einem kulinarischem Feuerwerk begeistert. <strong>Fisch &amp; Fest<\/strong>\u00a0hat\u00a0Sie mit den besten Fischspezialit\u00e4ten verw\u00f6hnt. F\u00fcr Ihr\u00a0leibliches\u00a0Wohl sorgten wir mit unseren Spizialit\u00e4ten: &#8222;<strong>M\u00fchlviertler\u00a0Fischsuppe und Fischetti<\/strong>&#8222;. \u00a0 Die <strong>Fischsuppe<\/strong> ist eine Kreation aus bestem heimischen Fisch und frischem Gem\u00fcse mit einem Hauch von Chili. Besonders Stolz sind wir auf die Verleihung des Titels &#8222;<a title=\"01. \u2013 04. M\u00e4rz 2013 \u2013 Erneuter Medaillenregen bei der Messe \u201cAb Hof\u201d in Wieselburg\" href=\"https:\/\/www.fisch-fest.net\/wordpress\/?page_id=453\">Fischkaisers 2013<\/a>&#8220; f\u00fcr dieses Produkt! Das\u00a0<strong>Faschetti<\/strong> wird aus einem Pizzabr\u00f6tchen, gebratenem\u00a0Fischfilet\u00a0und Kr\u00e4uter-Zitronenmarinade f\u00fcr Sie frisch zubereitet. <a href=\"http:\/\/www.fisch-fest.net\/Events.htm\">zur\u00fcck<\/a><\/p>\n","protected":false},"excerpt":{"rendered":"<p>Die n\u00e4chste Genusslandstra\u00dfe findet wieder im Jahr 2017 statt! Freuen\u00a0wir uns\u00a0darauf! &nbsp; &nbsp; &nbsp; &nbsp; Auch vom 13. &#8211; 14. September 2013 haben\u00a0Sie die Aussteller der Genusslandstra\u00dfe mit einem kulinarischem Feuerwerk begeistert. Fisch &amp; Fest\u00a0hat\u00a0Sie mit den besten Fischspezialit\u00e4ten verw\u00f6hnt. F\u00fcr Ihr\u00a0leibliches\u00a0Wohl sorgten wir mit unseren Spizialit\u00e4ten: &#8222;M\u00fchlviertler\u00a0Fischsuppe und Fischetti&#8222;. \u00a0 Die Fischsuppe ist eine &hellip; <a href=\"https:\/\/www.fisch-fest.net\/wordpress\/news\/13-14-september-2013-genusslandstrase-2013\/\" class=\"more-link\"><span class=\"screen-reader-text\">Genusslandstra\u00dfe<\/span> weiterlesen<\/a><\/p>\n","protected":false},"author":1,"featured_media":0,"parent":56,"menu_order":5,"comment_status":"closed","ping_status":"closed","template":"sidebar-page.php","meta":{"jetpack_post_was_ever_published":false,"footnotes":""},"class_list":["post-440","page","type-page","status-publish","hentry"],"jetpack_sharing_enabled":true,"jetpack_shortlink":"https:\/\/wp.me\/P8BrCw-76","jetpack-related-posts":[{"id":1501,"url":"https:\/\/www.fisch-fest.net\/wordpress\/produkte\/spezialitaeten\/","url_meta":{"origin":440,"position":0},"title":"Spezialit\u00e4ten","date":"9. April 2017","format":false,"excerpt":"Mousse vom R\u00e4ucherfisch Das fluffig elegante R\u00e4ucherfischmousse sollte auf keiner eleganten Fischplatte fehlen. Der einzigartig hervorragende Geschmack wird in Ihnen das Verlangen nach mehr hervorrufen. Tauchen Sie ein in die berauschende Welt des Fischgenusses. R\u00e4ucherfischtatare Die besondere Art des Fischgenusses. Das R\u00e4ucherfischtartare wird Ihnen eine andere Welt des Fischgenusses pr\u00e4sentieren.\u2026","rel":"","context":"\u00c4hnlicher Beitrag","img":{"alt_text":"Mousse vom R\u00c3\u00a4ucherfisch","src":"https:\/\/i0.wp.com\/www.fisch-fest.net\/wordpress\/wp-content\/uploads\/2017\/04\/5860287713-4-1-1.jpg?resize=350%2C200","width":350,"height":200},"classes":[]},{"id":453,"url":"https:\/\/www.fisch-fest.net\/wordpress\/news\/01-04-marz-2013-erneuter-medaillenregen-bei-der-messe-ab-hof-in-wieselburg\/","url_meta":{"origin":440,"position":1},"title":"01. &#8211; 04. M\u00e4rz 2013 &#8211; Erneuter Medaillenregen bei der Messe &#8222;Ab Hof&#8220; in Wieselburg","date":"25. August 2013","format":false,"excerpt":"Andreas Pinter r\u00e4umte bei der \"Ab Hof 2013\" gewaltig ab!! Neben zahlreichen Goldmedaillen\u00a0hat es Andreas Pinter auf der \u201cAb Hof 2013\u2033 in Wieselburg nun\u00a0geschafft.\u00a0Seine Anstrengungen, Fische f\u00fcr h\u00f6chste Qualit\u00e4tsanspr\u00fcche zu produzieren hat durch die h\u00f6chste Auszeichnung \"dem Fischkaiser\" Anerkennung gefunden. \u00a0 Als bestes Produkt \u00d6sterreichs hat Andreas Pinter f\u00fcr die\u2026","rel":"","context":"\u00c4hnlicher Beitrag","img":{"alt_text":"","src":"","width":0,"height":0},"classes":[]},{"id":2829,"url":"https:\/\/www.fisch-fest.net\/wordpress\/datenschutzerklaerung\/","url_meta":{"origin":440,"position":2},"title":"Datenschutzerkl\u00e4rung","date":"3. September 2022","format":false,"excerpt":"Wer wir sind Die Adresse unserer Website ist: https:\/\/www.fisch-fest.net\/wordpress.Die Adresse unseres Impressums ist: https:\/\/www.fisch-fest.net\/wordpress\/impressum\/Copyright-Erkl\u00e4rung: https:\/\/www.fisch-fest.net\/wordpress\/copyright\/ Kommentare Wenn Besucher Kommentare auf der Website schreiben, sammeln wir die Daten, die im Kommentar-Formular angezeigt werden, au\u00dferdem die IP-Adresse des Besuchers und den User-Agent-String (damit wird der Browser identifiziert), um die Erkennung von Spam\u2026","rel":"","context":"\u00c4hnlicher Beitrag","img":{"alt_text":"","src":"","width":0,"height":0},"classes":[]},{"id":6,"url":"https:\/\/www.fisch-fest.net\/wordpress\/fisch_und_fest_kontaktformular\/","url_meta":{"origin":440,"position":3},"title":"Kontaktformular","date":"22. Oktober 2011","format":false,"excerpt":"Hier haben Sie die M\u00f6glichkeit mit uns in Verbindung zu treten. Senden Sie uns eine Mail, wir freuen uns \u00fcber jeden Kontakt und werden Ihre Fragen und Anliegen so schnell als m\u00f6glich beantworten. Unsere Postanschrift lautet: Andreas Pinter Hirschenau 27 4382 St. Nikola an der Donau Telefonnummer: 0650 52 66\u2026","rel":"","context":"\u00c4hnlicher Beitrag","img":{"alt_text":"","src":"","width":0,"height":0},"classes":[]},{"id":758,"url":"https:\/\/www.fisch-fest.net\/wordpress\/fischer\/","url_meta":{"origin":440,"position":4},"title":"Der Fischer","date":"9. April 2017","format":false,"excerpt":"Fisch in seiner besten\u00a0Art Leidenschaftliche Fischliebhaber und Fischkenner sind hier richtig! Sie werden von der Qualit\u00e4t begeistert sein! Probieren Sie die Spezialit\u00e4ten, Filets und ganzen Fische von Andreas Pinter. Egal ob ger\u00e4uchert oder f\u00fcr die Bratpfanne, diese Qualit\u00e4t wird Sie \u00fcberzeugen! Bei Fisch&Fest z\u00e4hlt Handarbeit! Die Fische werden noch von\u2026","rel":"","context":"\u00c4hnlicher Beitrag","img":{"alt_text":"Frischfisch gebraten","src":"https:\/\/i0.wp.com\/www.fisch-fest.net\/wordpress\/wp-content\/uploads\/2017\/04\/9838788236.jpg?resize=350%2C200","width":350,"height":200},"classes":[]},{"id":1142,"url":"https:\/\/www.fisch-fest.net\/wordpress\/produkte\/frischfisch\/","url_meta":{"origin":440,"position":5},"title":"Frischfisch","date":"9. April 2017","format":false,"excerpt":"Fisch in seiner besten\u00a0Art Leidenschaftliche Fischliebhaber und Fischkenner sind hier richtig! Sie werden von der Qualit\u00e4t begeistert sein! Probieren Sie die Spezialit\u00e4ten, Filets und ganzen Fische von Andreas Pinter. Egal ob ger\u00e4uchert oder f\u00fcr die Bratpfanne, diese Qualit\u00e4t wird Sie \u00fcberzeugen! Bei Fisch&Fest z\u00e4hlt Handarbeit! Die Fische werden noch von\u2026","rel":"","context":"\u00c4hnlicher Beitrag","img":{"alt_text":"Frischfisch gebraten","src":"https:\/\/i0.wp.com\/www.fisch-fest.net\/wordpress\/wp-content\/uploads\/2017\/04\/9838788236.jpg?resize=350%2C200","width":350,"height":200},"classes":[]}],"_links":{"self":[{"href":"https:\/\/www.fisch-fest.net\/wordpress\/wp-json\/wp\/v2\/pages\/440","targetHints":{"allow":["GET"]}}],"collection":[{"href":"https:\/\/www.fisch-fest.net\/wordpress\/wp-json\/wp\/v2\/pages"}],"about":[{"href":"https:\/\/www.fisch-fest.net\/wordpress\/wp-json\/wp\/v2\/types\/page"}],"author":[{"embeddable":true,"href":"https:\/\/www.fisch-fest.net\/wordpress\/wp-json\/wp\/v2\/users\/1"}],"replies":[{"embeddable":true,"href":"https:\/\/www.fisch-fest.net\/wordpress\/wp-json\/wp\/v2\/comments?post=440"}],"version-history":[{"count":18,"href":"https:\/\/www.fisch-fest.net\/wordpress\/wp-json\/wp\/v2\/pages\/440\/revisions"}],"predecessor-version":[{"id":581,"href":"https:\/\/www.fisch-fest.net\/wordpress\/wp-json\/wp\/v2\/pages\/440\/revisions\/581"}],"up":[{"embeddable":true,"href":"https:\/\/www.fisch-fest.net\/wordpress\/wp-json\/wp\/v2\/pages\/56"}],"wp:attachment":[{"href":"https:\/\/www.fisch-fest.net\/wordpress\/wp-json\/wp\/v2\/media?parent=440"}],"curies":[{"name":"wp","href":"https:\/\/api.w.org\/{rel}","templated":true}]}}

Genusslandstraße

<figure id="attachment_102" aria-describedby="caption-attachment-102" style="width: 295px" class="wp-caption alignleft"><a href="https://i0.wp.com/www.fisch-fest.net/wordpress/wp-content/uploads/2011/11/genussland_ooe_0271-450x3001.jpg?ssl=1"><img loading="lazy" decoding="async" data-attachment-id="102" data-permalink="https://www.fisch-fest.net/wordpress/news/16-september-2011-genusslandstrase-2011/genussland_ooe_0271-450x300/" data-orig-file="https://i0.wp.com/www.fisch-fest.net/wordpress/wp-content/uploads/2011/11/genussland_ooe_0271-450x3001.jpg?fit=450%2C300&amp;ssl=1" data-orig-size="450,300" data-comments-opened="1" data-image-meta="{&quot;aperture&quot;:&quot;0&quot;,&quot;credit&quot;:&quot;&quot;,&quot;camera&quot;:&quot;&quot;,&quot;caption&quot;:&quot;&quot;,&quot;created_timestamp&quot;:&quot;0&quot;,&quot;copyright&quot;:&quot;&quot;,&quot;focal_length&quot;:&quot;0&quot;,&quot;iso&quot;:&quot;0&quot;,&quot;shutter_speed&quot;:&quot;0&quot;,&quot;title&quot;:&quot;&quot;}" data-image-title="genussland_ooe_0271-450&amp;#215;300" data-image-description="" data-image-caption="" data-medium-file="https://i0.wp.com/www.fisch-fest.net/wordpress/wp-content/uploads/2011/11/genussland_ooe_0271-450x3001.jpg?fit=300%2C200&amp;ssl=1" data-large-file="https://i0.wp.com/www.fisch-fest.net/wordpress/wp-content/uploads/2011/11/genussland_ooe_0271-450x3001.jpg?fit=450%2C300&amp;ssl=1" class=" wp-image-102 " title="genussland_ooe_0271-450x300" src="https://i0.wp.com/www.fisch-fest.net/wordpress/wp-content/uploads/2011/11/genussland_ooe_0271.jpg?resize=295%2C209&#038;ssl=1" alt="" width="295" height="209" data-recalc-dims="1" /></a><figcaption id="caption-attachment-102" class="wp-caption-text">Genusslandstraße 2011</figcaption></figure>
<p>Die nächste Genusslandstraße findet wieder im Jahr 2017 statt!</p>
<p>Freuen wir uns darauf!</p>
<p>&nbsp;</p>
<p>&nbsp;</p>
<p>&nbsp;</p>
<p>&nbsp;</p>
<p>Auch vom 13. &#8211; 14. September 2013 haben Sie die Aussteller der <a href="http://www.linzer-city.at/linzer-city.at/index.jsp?company=linzer-city.at&amp;lang=en&amp;state=events_news_tpl&amp;menuId=29&amp;articleId=120" target="_blank">Genusslandstraße </a>mit einem kulinarischem Feuerwerk begeistert. <strong>Fisch &amp; Fest</strong> hat Sie mit den besten Fischspezialitäten verwöhnt. Für Ihr leibliches Wohl sorgten wir mit unseren Spizialitäten: &#8222;<strong>Mühlviertler Fischsuppe und Fischetti</strong>&#8222;.   Die <strong>Fischsuppe</strong> ist eine Kreation aus bestem heimischen Fisch und frischem Gemüse mit einem Hauch von Chili. Besonders Stolz sind wir auf die Verleihung des Titels &#8222;<a title="01. – 04. März 2013 – Erneuter Medaillenregen bei der Messe “Ab Hof” in Wieselburg" href="https://www.fisch-fest.net/wordpress/?page_id=453">Fischkaisers 2013</a>&#8220; für dieses Produkt! Das <strong>Faschetti</strong> wird aus einem Pizzabrötchen, gebratenem Fischfilet und Kräuter-Zitronenmarinade für Sie frisch zubereitet. <a href="http://www.fisch-fest.net/Events.htm">zurück</a></p>

<p>Die nächste Genusslandstraße findet wieder im Jahr 2017 statt! Freuen wir uns darauf! &nbsp; &nbsp; &nbsp; &nbsp; Auch vom 13. &#8211; 14. September 2013 haben Sie die Aussteller der Genusslandstraße mit einem kulinarischem Feuerwerk begeistert. Fisch &amp; Fest hat Sie mit den besten Fischspezialitäten verwöhnt. Für Ihr leibliches Wohl sorgten wir mit unseren Spizialitäten: &#8222;Mühlviertler Fischsuppe und Fischetti&#8222;.   Die Fischsuppe ist eine &hellip; <a href="https://www.fisch-fest.net/wordpress/news/13-14-september-2013-genusslandstrase-2013/" class="more-link"><span class="screen-reader-text">Genusslandstraße</span> weiterlesen</a></p>

Spezialitäten

Mousse vom Räucherfisch Das fluffig elegante Räucherfischmousse sollte auf keiner eleganten Fischplatte fehlen. Der einzigartig hervorragende Geschmack wird in Ihnen das Verlangen nach mehr hervorrufen. Tauchen Sie ein in die berauschende Welt des Fischgenusses. Räucherfischtatare Die besondere Art des Fischgenusses. Das Räucherfischtartare wird Ihnen eine andere Welt des Fischgenusses präsentieren.…

Ähnlicher Beitrag

Mousse vom RÃ¤ucherfisch

01. &#8211; 04. März 2013 &#8211; Erneuter Medaillenregen bei der Messe &#8222;Ab Hof&#8220; in Wieselburg

Andreas Pinter räumte bei der "Ab Hof 2013" gewaltig ab!! Neben zahlreichen Goldmedaillen hat es Andreas Pinter auf der “Ab Hof 2013″ in Wieselburg nun geschafft. Seine Anstrengungen, Fische für höchste Qualitätsansprüche zu produzieren hat durch die höchste Auszeichnung "dem Fischkaiser" Anerkennung gefunden.   Als bestes Produkt Österreichs hat Andreas Pinter für die…

Datenschutzerklärung

Wer wir sind Die Adresse unserer Website ist: https://www.fisch-fest.net/wordpress.Die Adresse unseres Impressums ist: https://www.fisch-fest.net/wordpress/impressum/Copyright-Erklärung: https://www.fisch-fest.net/wordpress/copyright/ Kommentare Wenn Besucher Kommentare auf der Website schreiben, sammeln wir die Daten, die im Kommentar-Formular angezeigt werden, außerdem die IP-Adresse des Besuchers und den User-Agent-String (damit wird der Browser identifiziert), um die Erkennung von Spam…

Hier haben Sie die Möglichkeit mit uns in Verbindung zu treten. Senden Sie uns eine Mail, wir freuen uns über jeden Kontakt und werden Ihre Fragen und Anliegen so schnell als möglich beantworten. Unsere Postanschrift lautet: Andreas Pinter Hirschenau 27 4382 St. Nikola an der Donau Telefonnummer: 0650 52 66…

Fisch in seiner besten Art Leidenschaftliche Fischliebhaber und Fischkenner sind hier richtig! Sie werden von der Qualität begeistert sein! Probieren Sie die Spezialitäten, Filets und ganzen Fische von Andreas Pinter. Egal ob geräuchert oder für die Bratpfanne, diese Qualität wird Sie überzeugen! Bei Fisch&Fest zählt Handarbeit! Die Fische werden noch von…
