{"id":348,"date":"2012-08-01T11:47:41","date_gmt":"2012-08-01T11:47:41","guid":{"rendered":"http:\/\/www.fisch-fest.net\/wordpress\/?page_id=348"},"modified":"2013-08-25T17:08:24","modified_gmt":"2013-08-25T17:08:24","slug":"07-juli-2012-bauernmarktfest-brunn-am-gebirge-filmbeitrag","status":"publish","type":"page","link":"https:\/\/www.fisch-fest.net\/wordpress\/news\/07-juli-2012-bauernmarktfest-brunn-am-gebirge-filmbeitrag\/","title":{"rendered":"07. Juli 2012 &#8211; Bauernmarktfest Brunn am Gebirge &#8211; Filmbeitrag"},"content":{"rendered":"<p>Das Bauernmarktfest in Brunn am Gebirge war ein voller Erfolg! Das Publikum war begeistert und das Wetter hervorragend.<\/p>\n<p>Ein kleiner Filmbeitrag auf\u00a0www.tv-web.at l\u00e4sst die gute Stimmung erkennen.<br \/>\nUm den <strong>Film zu sehen<\/strong> folgen Sie bitte diesen <a title=\"Film Brunn am Gebirge\" href=\"http:\/\/www.tv-web.at\/show.php?idbeitrag=7870&amp;idkategorie=&amp;idpa=&amp;sub=1\" target=\"_blank\">Link.<\/a><\/p>\n<p><a title=\"News und Veranstaltungskalender\" href=\"https:\/\/www.fisch-fest.net\/wordpress\/?page_id=56\">zur\u00fcck<\/a><\/p>\n<p>&nbsp;<\/p>\n<p><a href=\"https:\/\/i0.wp.com\/www.fisch-fest.net\/wordpress\/wp-content\/uploads\/2012\/05\/Steckerlfisch3.jpg?ssl=1\"><img loading=\"lazy\" decoding=\"async\" data-attachment-id=\"271\" data-permalink=\"https:\/\/www.fisch-fest.net\/wordpress\/news\/termine-steckerlfisch\/steckerlfisch3\/\" data-orig-file=\"https:\/\/i0.wp.com\/www.fisch-fest.net\/wordpress\/wp-content\/uploads\/2012\/05\/Steckerlfisch3.jpg?fit=2016%2C1314&amp;ssl=1\" data-orig-size=\"2016,1314\" data-comments-opened=\"1\" data-image-meta=\"{&quot;aperture&quot;:&quot;2.8&quot;,&quot;credit&quot;:&quot;&quot;,&quot;camera&quot;:&quot;DSC-P72&quot;,&quot;caption&quot;:&quot;&quot;,&quot;created_timestamp&quot;:&quot;1247338729&quot;,&quot;copyright&quot;:&quot;&quot;,&quot;focal_length&quot;:&quot;6&quot;,&quot;iso&quot;:&quot;100&quot;,&quot;shutter_speed&quot;:&quot;0.005&quot;,&quot;title&quot;:&quot;&quot;}\" data-image-title=\"Steckerlfische\" data-image-description=\"\" data-image-caption=\"\" data-medium-file=\"https:\/\/i0.wp.com\/www.fisch-fest.net\/wordpress\/wp-content\/uploads\/2012\/05\/Steckerlfisch3.jpg?fit=300%2C195&amp;ssl=1\" data-large-file=\"https:\/\/i0.wp.com\/www.fisch-fest.net\/wordpress\/wp-content\/uploads\/2012\/05\/Steckerlfisch3.jpg?fit=863%2C562&amp;ssl=1\" class=\"alignleft size-medium wp-image-271\" title=\"Steckerlfische\" alt=\"Steckerlfische\" src=\"https:\/\/i0.wp.com\/www.fisch-fest.net\/wordpress\/wp-content\/uploads\/2012\/05\/Steckerlfisch3.jpg?resize=300%2C195&#038;ssl=1\" width=\"300\" height=\"195\" srcset=\"https:\/\/i0.wp.com\/www.fisch-fest.net\/wordpress\/wp-content\/uploads\/2012\/05\/Steckerlfisch3.jpg?resize=300%2C195&amp;ssl=1 300w, https:\/\/i0.wp.com\/www.fisch-fest.net\/wordpress\/wp-content\/uploads\/2012\/05\/Steckerlfisch3.jpg?resize=1024%2C667&amp;ssl=1 1024w, https:\/\/i0.wp.com\/www.fisch-fest.net\/wordpress\/wp-content\/uploads\/2012\/05\/Steckerlfisch3.jpg?resize=460%2C300&amp;ssl=1 460w, https:\/\/i0.wp.com\/www.fisch-fest.net\/wordpress\/wp-content\/uploads\/2012\/05\/Steckerlfisch3.jpg?w=2016&amp;ssl=1 2016w, https:\/\/i0.wp.com\/www.fisch-fest.net\/wordpress\/wp-content\/uploads\/2012\/05\/Steckerlfisch3.jpg?w=1726&amp;ssl=1 1726w\" sizes=\"auto, (max-width: 300px) 100vw, 300px\" data-recalc-dims=\"1\" \/><\/a><\/p>\n<p>&nbsp;<\/p>\n","protected":false},"excerpt":{"rendered":"<p>Das Bauernmarktfest in Brunn am Gebirge war ein voller Erfolg! Das Publikum war begeistert und das Wetter hervorragend. Ein kleiner Filmbeitrag auf\u00a0www.tv-web.at l\u00e4sst die gute Stimmung erkennen. Um den Film zu sehen folgen Sie bitte diesen Link. zur\u00fcck &nbsp; &nbsp;<\/p>\n","protected":false},"author":1,"featured_media":0,"parent":56,"menu_order":2,"comment_status":"closed","ping_status":"closed","template":"sidebar-page.php","meta":{"jetpack_post_was_ever_published":false,"footnotes":""},"class_list":["post-348","page","type-page","status-publish","hentry"],"jetpack_sharing_enabled":true,"jetpack_shortlink":"https:\/\/wp.me\/P8BrCw-5C","jetpack-related-posts":[{"id":56,"url":"https:\/\/www.fisch-fest.net\/wordpress\/news\/","url_meta":{"origin":348,"position":0},"title":"News","date":"23. Oktober 2011","format":false,"excerpt":"Alle Termine finden Sie in unserem Veranstaltungskalender Ehrungen Ab Hof 2013 \"Verleihung Fischkaiser\" Hier finden Sie vergangene Ereignisse! Fest der Sinne vom 22. bis 23. November in der Plus City in Pasching Genusslandstra\u00dfe vom 13. bis 14 September in der Linzer City Einkaufsnacht in Waidhofen am 30.08.2013 03.05. - 04.05.2013\u2026","rel":"","context":"\u00c4hnlicher Beitrag","img":{"alt_text":"","src":"","width":0,"height":0},"classes":[]},{"id":75,"url":"https:\/\/www.fisch-fest.net\/wordpress\/news\/25-september-2011-steckerlfisch-im-winkler-markt\/","url_meta":{"origin":348,"position":1},"title":"25. September 2011 &#8211; Steckerlfisch im Winkler Markt","date":"23. Oktober 2011","format":false,"excerpt":"Das Nachbarschaftsfest im Winklermarkt war ein gro\u00dfer Erfolg. Besten Dank an Alle! Besonders gefreut haben wir uns \u00fcber das ausgezeichnete Feedback bez\u00fcglich unserer Steckerlfische! Wir freuen uns bereits wieder auf das n\u00e4chste Nachbarschaftsfest! Mit besten Dank Andreas Pinter\u00a0\u00a0\u00a0\u00a0\u00a0\u00a0\u00a0\u00a0\u00a0\u00a0\u00a0\u00a0\u00a0\u00a0\u00a0\u00a0\u00a0\u00a0\u00a0\u00a0\u00a0\u00a0\u00a0\u00a0\u00a0\u00a0\u00a0\u00a0\u00a0\u00a0\u00a0\u00a0\u00a0\u00a0\u00a0\u00a0\u00a0\u00a0\u00a0\u00a0\u00a0\u00a0\u00a0\u00a0\u00a0\u00a0\u00a0\u00a0\u00a0\u00a0\u00a0\u00a0\u00a0\u00a0\u00a0\u00a0\u00a0\u00a0\u00a0\u00a0\u00a0\u00a0\u00a0\u00a0\u00a0\u00a0\u00a0\u00a0\u00a0\u00a0\u00a0\u00a0\u00a0\u00a0\u00a0\u00a0\u00a0\u00a0\u00a0\u00a0\u00a0\u00a0 zur\u00fcck","rel":"","context":"\u00c4hnlicher Beitrag","img":{"alt_text":"","src":"","width":0,"height":0},"classes":[]},{"id":29,"url":"https:\/\/www.fisch-fest.net\/wordpress\/fisch_und_fest_rezepte\/saibling-in-der-salzkruste\/","url_meta":{"origin":348,"position":2},"title":"Saibling in der Salzkruste","date":"22. Oktober 2011","format":false,"excerpt":"f\u00fcr 2 Portionen - Zubereitungszeit ca. 1 Std. Zutaten Saibling: frischer Bachsaibling ca. 70 dag k\u00fcchenfertig, Salz, Pfeffer aus der M\u00fchle, frische Kr\u00e4uter nach Belieben, Oliven\u00f6l, ca. 1,5 kg grobes Meersalz, 2 Eiwei\u00df, nach Bedarf Wasser Zutaten f\u00fcr Sauce: 5 EL Oliven\u00f6l, Zitronensaft, Kr\u00e4uter nach Belieben ( Petersilie, Basilikum, Thymian,\u2026","rel":"","context":"\u00c4hnlicher Beitrag","img":{"alt_text":"","src":"","width":0,"height":0},"classes":[]},{"id":758,"url":"https:\/\/www.fisch-fest.net\/wordpress\/fischer\/","url_meta":{"origin":348,"position":3},"title":"Der Fischer","date":"9. April 2017","format":false,"excerpt":"Fisch in seiner besten\u00a0Art Leidenschaftliche Fischliebhaber und Fischkenner sind hier richtig! Sie werden von der Qualit\u00e4t begeistert sein! Probieren Sie die Spezialit\u00e4ten, Filets und ganzen Fische von Andreas Pinter. Egal ob ger\u00e4uchert oder f\u00fcr die Bratpfanne, diese Qualit\u00e4t wird Sie \u00fcberzeugen! Bei Fisch&Fest z\u00e4hlt Handarbeit! Die Fische werden noch von\u2026","rel":"","context":"\u00c4hnlicher Beitrag","img":{"alt_text":"Frischfisch gebraten","src":"https:\/\/i0.wp.com\/www.fisch-fest.net\/wordpress\/wp-content\/uploads\/2017\/04\/9838788236.jpg?resize=350%2C200","width":350,"height":200},"classes":[]},{"id":1142,"url":"https:\/\/www.fisch-fest.net\/wordpress\/produkte\/frischfisch\/","url_meta":{"origin":348,"position":4},"title":"Frischfisch","date":"9. April 2017","format":false,"excerpt":"Fisch in seiner besten\u00a0Art Leidenschaftliche Fischliebhaber und Fischkenner sind hier richtig! Sie werden von der Qualit\u00e4t begeistert sein! Probieren Sie die Spezialit\u00e4ten, Filets und ganzen Fische von Andreas Pinter. Egal ob ger\u00e4uchert oder f\u00fcr die Bratpfanne, diese Qualit\u00e4t wird Sie \u00fcberzeugen! Bei Fisch&Fest z\u00e4hlt Handarbeit! Die Fische werden noch von\u2026","rel":"","context":"\u00c4hnlicher Beitrag","img":{"alt_text":"Frischfisch gebraten","src":"https:\/\/i0.wp.com\/www.fisch-fest.net\/wordpress\/wp-content\/uploads\/2017\/04\/9838788236.jpg?resize=350%2C200","width":350,"height":200},"classes":[]},{"id":1265,"url":"https:\/\/www.fisch-fest.net\/wordpress\/produkte\/raeucherfisch\/","url_meta":{"origin":348,"position":5},"title":"R\u00e4ucherfisch","date":"9. April 2017","format":false,"excerpt":"Fisch in seiner besten\u00a0Art Leidenschaftliche Fischliebhaber und Fischkenner sind hier richtig! Sie werden von der Qualit\u00e4t begeistert sein! Probieren Sie die Spezialit\u00e4ten, Filets und ganzen Fische von Andreas Pinter. Egal ob ger\u00e4uchert oder f\u00fcr die Bratpfanne, diese Qualit\u00e4t wird Sie \u00fcberzeugen! Bei Fisch&Fest z\u00e4hlt Handarbeit! Die Fische werden noch von\u2026","rel":"","context":"\u00c4hnlicher Beitrag","img":{"alt_text":"Frischfisch gebraten","src":"https:\/\/i0.wp.com\/www.fisch-fest.net\/wordpress\/wp-content\/uploads\/2017\/04\/9838788236.jpg?resize=350%2C200","width":350,"height":200},"classes":[]}],"_links":{"self":[{"href":"https:\/\/www.fisch-fest.net\/wordpress\/wp-json\/wp\/v2\/pages\/348","targetHints":{"allow":["GET"]}}],"collection":[{"href":"https:\/\/www.fisch-fest.net\/wordpress\/wp-json\/wp\/v2\/pages"}],"about":[{"href":"https:\/\/www.fisch-fest.net\/wordpress\/wp-json\/wp\/v2\/types\/page"}],"author":[{"embeddable":true,"href":"https:\/\/www.fisch-fest.net\/wordpress\/wp-json\/wp\/v2\/users\/1"}],"replies":[{"embeddable":true,"href":"https:\/\/www.fisch-fest.net\/wordpress\/wp-json\/wp\/v2\/comments?post=348"}],"version-history":[{"count":3,"href":"https:\/\/www.fisch-fest.net\/wordpress\/wp-json\/wp\/v2\/pages\/348\/revisions"}],"predecessor-version":[{"id":482,"href":"https:\/\/www.fisch-fest.net\/wordpress\/wp-json\/wp\/v2\/pages\/348\/revisions\/482"}],"up":[{"embeddable":true,"href":"https:\/\/www.fisch-fest.net\/wordpress\/wp-json\/wp\/v2\/pages\/56"}],"wp:attachment":[{"href":"https:\/\/www.fisch-fest.net\/wordpress\/wp-json\/wp\/v2\/media?parent=348"}],"curies":[{"name":"wp","href":"https:\/\/api.w.org\/{rel}","templated":true}]}}

<p>Das Bauernmarktfest in Brunn am Gebirge war ein voller Erfolg! Das Publikum war begeistert und das Wetter hervorragend.</p>
<p>Ein kleiner Filmbeitrag auf www.tv-web.at lässt die gute Stimmung erkennen.<br />
Um den <strong>Film zu sehen</strong> folgen Sie bitte diesen <a title="Film Brunn am Gebirge" href="http://www.tv-web.at/show.php?idbeitrag=7870&amp;idkategorie=&amp;idpa=&amp;sub=1" target="_blank">Link.</a></p>
<p><a title="News und Veranstaltungskalender" href="https://www.fisch-fest.net/wordpress/?page_id=56">zurück</a></p>
<p>&nbsp;</p>
<p><a href="https://i0.wp.com/www.fisch-fest.net/wordpress/wp-content/uploads/2012/05/Steckerlfisch3.jpg?ssl=1"><img loading="lazy" decoding="async" data-attachment-id="271" data-permalink="https://www.fisch-fest.net/wordpress/news/termine-steckerlfisch/steckerlfisch3/" data-orig-file="https://i0.wp.com/www.fisch-fest.net/wordpress/wp-content/uploads/2012/05/Steckerlfisch3.jpg?fit=2016%2C1314&amp;ssl=1" data-orig-size="2016,1314" data-comments-opened="1" data-image-meta="{&quot;aperture&quot;:&quot;2.8&quot;,&quot;credit&quot;:&quot;&quot;,&quot;camera&quot;:&quot;DSC-P72&quot;,&quot;caption&quot;:&quot;&quot;,&quot;created_timestamp&quot;:&quot;1247338729&quot;,&quot;copyright&quot;:&quot;&quot;,&quot;focal_length&quot;:&quot;6&quot;,&quot;iso&quot;:&quot;100&quot;,&quot;shutter_speed&quot;:&quot;0.005&quot;,&quot;title&quot;:&quot;&quot;}" data-image-title="Steckerlfische" data-image-description="" data-image-caption="" data-medium-file="https://i0.wp.com/www.fisch-fest.net/wordpress/wp-content/uploads/2012/05/Steckerlfisch3.jpg?fit=300%2C195&amp;ssl=1" data-large-file="https://i0.wp.com/www.fisch-fest.net/wordpress/wp-content/uploads/2012/05/Steckerlfisch3.jpg?fit=863%2C562&amp;ssl=1" class="alignleft size-medium wp-image-271" title="Steckerlfische" alt="Steckerlfische" src="https://i0.wp.com/www.fisch-fest.net/wordpress/wp-content/uploads/2012/05/Steckerlfisch3.jpg?resize=300%2C195&#038;ssl=1" width="300" height="195" srcset="https://i0.wp.com/www.fisch-fest.net/wordpress/wp-content/uploads/2012/05/Steckerlfisch3.jpg?resize=300%2C195&amp;ssl=1 300w, https://i0.wp.com/www.fisch-fest.net/wordpress/wp-content/uploads/2012/05/Steckerlfisch3.jpg?resize=1024%2C667&amp;ssl=1 1024w, https://i0.wp.com/www.fisch-fest.net/wordpress/wp-content/uploads/2012/05/Steckerlfisch3.jpg?resize=460%2C300&amp;ssl=1 460w, https://i0.wp.com/www.fisch-fest.net/wordpress/wp-content/uploads/2012/05/Steckerlfisch3.jpg?w=2016&amp;ssl=1 2016w, https://i0.wp.com/www.fisch-fest.net/wordpress/wp-content/uploads/2012/05/Steckerlfisch3.jpg?w=1726&amp;ssl=1 1726w" sizes="auto, (max-width: 300px) 100vw, 300px" data-recalc-dims="1" /></a></p>
<p>&nbsp;</p>

<p>Das Bauernmarktfest in Brunn am Gebirge war ein voller Erfolg! Das Publikum war begeistert und das Wetter hervorragend. Ein kleiner Filmbeitrag auf www.tv-web.at lässt die gute Stimmung erkennen. Um den Film zu sehen folgen Sie bitte diesen Link. zurück &nbsp; &nbsp;</p>

Alle Termine finden Sie in unserem Veranstaltungskalender Ehrungen Ab Hof 2013 "Verleihung Fischkaiser" Hier finden Sie vergangene Ereignisse! Fest der Sinne vom 22. bis 23. November in der Plus City in Pasching Genusslandstraße vom 13. bis 14 September in der Linzer City Einkaufsnacht in Waidhofen am 30.08.2013 03.05. - 04.05.2013…

Ähnlicher Beitrag

Das Nachbarschaftsfest im Winklermarkt war ein großer Erfolg. Besten Dank an Alle! Besonders gefreut haben wir uns über das ausgezeichnete Feedback bezüglich unserer Steckerlfische! Wir freuen uns bereits wieder auf das nächste Nachbarschaftsfest! Mit besten Dank Andreas Pinter                                                                                   zurück

für 2 Portionen - Zubereitungszeit ca. 1 Std. Zutaten Saibling: frischer Bachsaibling ca. 70 dag küchenfertig, Salz, Pfeffer aus der Mühle, frische Kräuter nach Belieben, Olivenöl, ca. 1,5 kg grobes Meersalz, 2 Eiweiß, nach Bedarf Wasser Zutaten für Sauce: 5 EL Olivenöl, Zitronensaft, Kräuter nach Belieben ( Petersilie, Basilikum, Thymian,…

Fisch in seiner besten Art Leidenschaftliche Fischliebhaber und Fischkenner sind hier richtig! Sie werden von der Qualität begeistert sein! Probieren Sie die Spezialitäten, Filets und ganzen Fische von Andreas Pinter. Egal ob geräuchert oder für die Bratpfanne, diese Qualität wird Sie überzeugen! Bei Fisch&Fest zählt Handarbeit! Die Fische werden noch von…

Räucherfisch
