{"id":2829,"date":"2022-09-03T13:53:21","date_gmt":"2022-09-03T11:53:21","guid":{"rendered":"https:\/\/www.fisch-fest.net\/wordpress\/?page_id=2829"},"modified":"2022-09-03T14:17:35","modified_gmt":"2022-09-03T12:17:35","slug":"datenschutzerklaerung","status":"publish","type":"page","link":"https:\/\/www.fisch-fest.net\/wordpress\/datenschutzerklaerung\/","title":{"rendered":"Datenschutzerkl\u00e4rung"},"content":{"rendered":"\n<h2 class=\"wp-block-heading\">Wer wir sind<\/h2>\n\n\n\n<p>Die Adresse unserer Website ist: https:\/\/www.fisch-fest.net\/wordpress.<br>Die Adresse unseres Impressums ist: https:\/\/www.fisch-fest.net\/wordpress\/impressum\/<br>Copyright-Erkl\u00e4rung: https:\/\/www.fisch-fest.net\/wordpress\/copyright\/<\/p>\n\n\n\n<h2 class=\"wp-block-heading\">Kommentare<\/h2>\n\n\n\n<p>Wenn Besucher Kommentare auf der Website schreiben, sammeln wir die Daten, die im Kommentar-Formular angezeigt werden, au\u00dferdem die IP-Adresse des Besuchers und den User-Agent-String (damit wird der Browser identifiziert), um die Erkennung von Spam zu unterst\u00fctzen.<\/p>\n\n\n\n<p>Aus deiner E-Mail-Adresse kann eine anonymisierte Zeichenfolge erstellt (auch Hash genannt) und dem Gravatar-Dienst \u00fcbergeben werden, um zu pr\u00fcfen, ob du diesen benutzt. Die Datenschutzerkl\u00e4rung des Gravatar-Dienstes findest du hier: https:\/\/automattic.com\/privacy\/. Nachdem dein Kommentar freigegeben wurde, ist dein Profilbild \u00f6ffentlich im Kontext deines Kommentars sichtbar.<\/p>\n\n\n\n<h2 class=\"wp-block-heading\">Medien<\/h2>\n\n\n\n<p>Wenn du ein registrierter Benutzer bist und Fotos auf diese Website l\u00e4dst, solltest du vermeiden, Fotos mit einem EXIF-GPS-Standort hochzuladen. Besucher dieser Website k\u00f6nnten Fotos, die auf dieser Website gespeichert sind, herunterladen und deren Standort-Informationen extrahieren.<\/p>\n\n\n\n<p>Wenn du einen Kommentar f\u00fcr ein Foto oder eine Mediendatei auf dieser Seite eingibst, werden dein Name, EMail-Adresse, IP-Adresse und der Kommentar an den Server gesendet. Wenn du eine Bewertung f\u00fcr ein Foto oder eine Mediendatei auf dieser Seite eingibst, wird dein (Login-)Name oder deine IP-Adresse und die Bewertung an den Server gesendet.<\/p>\n\n\n\n<h2 class=\"wp-block-heading\">Cookies<\/h2>\n\n\n\n<p>Wenn du einen Kommentar auf unserer Website schreibst, kann das eine Einwilligung sein, deinen Namen, E-Mail-Adresse und Website in Cookies zu speichern. Dies ist eine Komfortfunktion, damit du nicht, wenn du einen weiteren Kommentar schreibst, all diese Daten erneut eingeben musst. Diese Cookies werden ein Jahr lang gespeichert.<\/p>\n\n\n\n<p>Falls du ein Konto hast und dich auf dieser Website anmeldest, werden wir ein tempor\u00e4res Cookie setzen, um festzustellen, ob dein Browser Cookies akzeptiert. Dieses Cookie enth\u00e4lt keine personenbezogenen Daten und wird verworfen, wenn du deinen Browser schlie\u00dft.<\/p>\n\n\n\n<p>Wenn du dich anmeldest, werden wir einige Cookies einrichten, um deine Anmeldeinformationen und Anzeigeoptionen zu speichern. Anmelde-Cookies verfallen nach zwei Tagen und Cookies f\u00fcr die Anzeigeoptionen nach einem Jahr. Falls du bei der Anmeldung \u201eAngemeldet bleiben\u201c ausw\u00e4hlst, wird deine Anmeldung zwei Wochen lang aufrechterhalten. Mit der Abmeldung aus deinem Konto werden die Anmelde-Cookies gel\u00f6scht.<\/p>\n\n\n\n<p>Wenn du einen Artikel bearbeitest oder ver\u00f6ffentlichst, wird ein zus\u00e4tzlicher Cookie in deinem Browser gespeichert. Dieser Cookie enth\u00e4lt keine personenbezogenen Daten und verweist nur auf die Beitrags-ID des Artikels, den du gerade bearbeitet hast. Der Cookie verf\u00e4llt nach einem Tag.<\/p>\n\n\n\n<h2 class=\"wp-block-heading\">Eingebettete Inhalte von anderen Websites<\/h2>\n\n\n\n<p>Beitr\u00e4ge auf dieser Website k\u00f6nnen eingebettete Inhalte beinhalten (z.&nbsp;B. Videos, Bilder, Beitr\u00e4ge etc.). Eingebettete Inhalte von anderen Websites verhalten sich exakt so, als ob der Besucher die andere Website besucht h\u00e4tte.<\/p>\n\n\n\n<p>Diese Websites k\u00f6nnen Daten \u00fcber dich sammeln, Cookies benutzen, zus\u00e4tzliche Tracking-Dienste von Dritten einbetten und deine Interaktion mit diesem eingebetteten Inhalt aufzeichnen, inklusive deiner Interaktion mit dem eingebetteten Inhalt, falls du ein Konto hast und auf dieser Website angemeldet bist.<\/p>\n\n\n\n<h2 class=\"wp-block-heading\">Mit wem wir deine Daten teilen<\/h2>\n\n\n\n<p>Wenn du eine Zur\u00fccksetzung des Passworts beantragst, wird deine IP-Adresse in der E-Mail zur Zur\u00fccksetzung enthalten sein.<\/p>\n\n\n\n<h2 class=\"wp-block-heading\">Wie lange wir deine Daten speichern<\/h2>\n\n\n\n<p>Wenn du einen Kommentar schreibst, wird dieser inklusive Metadaten zeitlich unbegrenzt gespeichert. Auf diese Art k\u00f6nnen wir Folgekommentare automatisch erkennen und freigeben, anstatt sie in einer Moderations-Warteschlange festzuhalten.<\/p>\n\n\n\n<p>F\u00fcr Benutzer, die sich auf unserer Website registrieren, speichern wir zus\u00e4tzlich die pers\u00f6nlichen Informationen, die sie in ihren Benutzerprofilen angeben. Alle Benutzer k\u00f6nnen jederzeit ihre pers\u00f6nlichen Informationen einsehen, ver\u00e4ndern oder l\u00f6schen (der Benutzername kann nicht ver\u00e4ndert werden). Administratoren der Website k\u00f6nnen diese Informationen ebenfalls einsehen und ver\u00e4ndern.<\/p>\n\n\n\n<h2 class=\"wp-block-heading\">Welche Rechte du an deinen Daten hast<\/h2>\n\n\n\n<p>Wenn du ein Konto auf dieser Website besitzt oder Kommentare geschrieben hast, kannst du einen Export deiner personenbezogenen Daten bei uns anfordern, inklusive aller Daten, die du uns mitgeteilt hast. Dar\u00fcber hinaus kannst du die L\u00f6schung aller personenbezogenen Daten, die wir von dir gespeichert haben, anfordern. Dies umfasst nicht die Daten, die wir aufgrund administrativer, rechtlicher oder sicherheitsrelevanter Notwendigkeiten aufbewahren m\u00fcssen.<\/p>\n\n\n\n<h2 class=\"wp-block-heading\">Wohin deine Daten gesendet werden<\/h2>\n\n\n\n<p>Besucher-Kommentare k\u00f6nnten von einem automatisierten Dienst zur Spam-Erkennung untersucht werden.<\/p>\n\n\n\n<p>Wenn du einen Kommentar f\u00fcr ein Foto oder eine Mediendatei auf dieser Seite eingibst, werden dein Name, EMail-Adresse, IP-Adresse und der Kommentar an den Server gesendet. Wenn du eine Bewertung f\u00fcr ein Foto oder eine Mediendatei auf dieser Seite eingibst, wird dein (Login-)Name oder deine IP-Adresse und die Bewertung an den Server gesendet.<\/p>\n\n\n<div>You need to add a widget, row, or prebuilt layout before you&#8217;ll see anything here. \ud83d\ude42<\/div>","protected":false},"excerpt":{"rendered":"<p>Wer wir sind Die Adresse unserer Website ist: https:\/\/www.fisch-fest.net\/wordpress.Die Adresse unseres Impressums ist: https:\/\/www.fisch-fest.net\/wordpress\/impressum\/Copyright-Erkl\u00e4rung: https:\/\/www.fisch-fest.net\/wordpress\/copyright\/ Kommentare Wenn Besucher Kommentare auf der Website schreiben, sammeln wir die Daten, die im Kommentar-Formular angezeigt werden, au\u00dferdem die IP-Adresse des Besuchers und den User-Agent-String (damit wird der Browser identifiziert), um die Erkennung von Spam zu unterst\u00fctzen. Aus deiner E-Mail-Adresse &hellip; <a href=\"https:\/\/www.fisch-fest.net\/wordpress\/datenschutzerklaerung\/\" class=\"more-link\"><span class=\"screen-reader-text\">Datenschutzerkl\u00e4rung<\/span> weiterlesen<\/a><\/p>\n","protected":false},"author":1,"featured_media":0,"parent":0,"menu_order":0,"comment_status":"closed","ping_status":"closed","template":"","meta":{"jetpack_post_was_ever_published":false,"footnotes":""},"class_list":["post-2829","page","type-page","status-publish","hentry"],"jetpack_sharing_enabled":true,"jetpack_shortlink":"https:\/\/wp.me\/P8BrCw-JD","jetpack-related-posts":[{"id":6,"url":"https:\/\/www.fisch-fest.net\/wordpress\/fisch_und_fest_kontaktformular\/","url_meta":{"origin":2829,"position":0},"title":"Kontaktformular","date":"22. Oktober 2011","format":false,"excerpt":"Hier haben Sie die M\u00f6glichkeit mit uns in Verbindung zu treten. Senden Sie uns eine Mail, wir freuen uns \u00fcber jeden Kontakt und werden Ihre Fragen und Anliegen so schnell als m\u00f6glich beantworten. Unsere Postanschrift lautet: Andreas Pinter Hirschenau 27 4382 St. Nikola an der Donau Telefonnummer: 0650 52 66\u2026","rel":"","context":"\u00c4hnlicher Beitrag","img":{"alt_text":"","src":"","width":0,"height":0},"classes":[]},{"id":1501,"url":"https:\/\/www.fisch-fest.net\/wordpress\/produkte\/spezialitaeten\/","url_meta":{"origin":2829,"position":1},"title":"Spezialit\u00e4ten","date":"9. April 2017","format":false,"excerpt":"Mousse vom R\u00e4ucherfisch Das fluffig elegante R\u00e4ucherfischmousse sollte auf keiner eleganten Fischplatte fehlen. Der einzigartig hervorragende Geschmack wird in Ihnen das Verlangen nach mehr hervorrufen. Tauchen Sie ein in die berauschende Welt des Fischgenusses. R\u00e4ucherfischtatare Die besondere Art des Fischgenusses. Das R\u00e4ucherfischtartare wird Ihnen eine andere Welt des Fischgenusses pr\u00e4sentieren.\u2026","rel":"","context":"\u00c4hnlicher Beitrag","img":{"alt_text":"Mousse vom R\u00c3\u00a4ucherfisch","src":"https:\/\/i0.wp.com\/www.fisch-fest.net\/wordpress\/wp-content\/uploads\/2017\/04\/5860287713-4-1-1.jpg?resize=350%2C200","width":350,"height":200},"classes":[]},{"id":440,"url":"https:\/\/www.fisch-fest.net\/wordpress\/news\/13-14-september-2013-genusslandstrase-2013\/","url_meta":{"origin":2829,"position":2},"title":"Genusslandstra\u00dfe","date":"25. August 2013","format":false,"excerpt":"Die n\u00e4chste Genusslandstra\u00dfe findet wieder im Jahr 2017 statt! Freuen\u00a0wir uns\u00a0darauf! \u00a0 \u00a0 \u00a0 \u00a0 Auch vom 13. - 14. September 2013 haben\u00a0Sie die Aussteller der Genusslandstra\u00dfe mit einem kulinarischem Feuerwerk begeistert. Fisch & Fest\u00a0hat\u00a0Sie mit den besten Fischspezialit\u00e4ten verw\u00f6hnt. F\u00fcr Ihr\u00a0leibliches\u00a0Wohl sorgten wir mit unseren Spizialit\u00e4ten: \"M\u00fchlviertler\u00a0Fischsuppe und Fischetti\".\u2026","rel":"","context":"\u00c4hnlicher Beitrag","img":{"alt_text":"","src":"https:\/\/i0.wp.com\/www.fisch-fest.net\/wordpress\/wp-content\/uploads\/2011\/11\/genussland_ooe_0271-450x3001.jpg?resize=350%2C200","width":350,"height":200},"classes":[]},{"id":1745,"url":"https:\/\/www.fisch-fest.net\/wordpress\/copyright\/","url_meta":{"origin":2829,"position":3},"title":"Copyright","date":"9. April 2017","format":false,"excerpt":"S\u00e4mtliche Inhalte der Website, insbesondere Fotos, Layout und Gestaltung sind urheberrechtlich gesch\u00fctzt. Die Vervielf\u00e4ltigung von Bestandteilen der Website, insbesondere von Texten, Textteilen, Bildmaterial, Videos oder grafischen Darstellungen bedarf, wenn nicht explizit angef\u00fchrt, der vorherigen schriftlichen Zustimmung von Andreas Pinter. Es wird keinerlei Haftung f\u00fcr Vollst\u00e4ndigkeit, Richtigkeit, Aktualit\u00e4t und Inhalten von\u2026","rel":"","context":"\u00c4hnlicher Beitrag","img":{"alt_text":"","src":"","width":0,"height":0},"classes":[]},{"id":1623,"url":"https:\/\/www.fisch-fest.net\/wordpress\/produkte\/steckerlfisch\/","url_meta":{"origin":2829,"position":4},"title":"Steckerlfisch","date":"9. April 2017","format":false,"excerpt":"Steckerlfisch Ob f\u00fcr eine Grillparty im privaten Bereich, in der Gastronomie oder f\u00fcr die Firmenfeier. Unsere Steckerlfische werden Sie begeistern und erfreuen. Die gegrillte Gaumenfreude wird ein Geschmackserlebnis der besonderen Art. Trumpfen Sie mit Steckerlfische, das \"Ohhh\" wird sicherlich nicht lange auf sich warten lassen.","rel":"","context":"\u00c4hnlicher Beitrag","img":{"alt_text":"Steckerlfisch","src":"https:\/\/i0.wp.com\/www.fisch-fest.net\/wordpress\/wp-content\/uploads\/2017\/04\/9668228560-4-1-1-1.jpg?resize=350%2C200","width":350,"height":200},"classes":[]},{"id":64,"url":"https:\/\/www.fisch-fest.net\/wordpress\/news\/neuer-verarbeitungsraum-eingerichtet\/","url_meta":{"origin":2829,"position":5},"title":"18. September 2011 &#8211; Neuer Verarbeitungsraum eingerichtet","date":"23. Oktober 2011","format":false,"excerpt":"Nach mehrmonatiger Bauzeit wurde der neue und den modernsten Stand der Technik entsprechende Verarbeitungsraum fertiggestellt. Wir bedanken uns bei allen Firmen, die uns bei der Errichtung zur Seite gestanden sind, sehr herzlich.\u00a0\u00a0\u00a0\u00a0\u00a0\u00a0\u00a0\u00a0\u00a0\u00a0\u00a0\u00a0\u00a0\u00a0\u00a0\u00a0\u00a0\u00a0\u00a0\u00a0\u00a0\u00a0\u00a0\u00a0\u00a0\u00a0\u00a0\u00a0\u00a0\u00a0\u00a0\u00a0\u00a0\u00a0\u00a0\u00a0\u00a0 zur\u00fcck","rel":"","context":"\u00c4hnlicher Beitrag","img":{"alt_text":"","src":"https:\/\/i0.wp.com\/www.fisch-fest.net\/wordpress\/wp-content\/uploads\/2011\/11\/Verarbeitungsraum-300x2251.jpg?resize=350%2C200","width":350,"height":200},"classes":[]}],"_links":{"self":[{"href":"https:\/\/www.fisch-fest.net\/wordpress\/wp-json\/wp\/v2\/pages\/2829","targetHints":{"allow":["GET"]}}],"collection":[{"href":"https:\/\/www.fisch-fest.net\/wordpress\/wp-json\/wp\/v2\/pages"}],"about":[{"href":"https:\/\/www.fisch-fest.net\/wordpress\/wp-json\/wp\/v2\/types\/page"}],"author":[{"embeddable":true,"href":"https:\/\/www.fisch-fest.net\/wordpress\/wp-json\/wp\/v2\/users\/1"}],"replies":[{"embeddable":true,"href":"https:\/\/www.fisch-fest.net\/wordpress\/wp-json\/wp\/v2\/comments?post=2829"}],"version-history":[{"count":3,"href":"https:\/\/www.fisch-fest.net\/wordpress\/wp-json\/wp\/v2\/pages\/2829\/revisions"}],"predecessor-version":[{"id":2880,"href":"https:\/\/www.fisch-fest.net\/wordpress\/wp-json\/wp\/v2\/pages\/2829\/revisions\/2880"}],"wp:attachment":[{"href":"https:\/\/www.fisch-fest.net\/wordpress\/wp-json\/wp\/v2\/media?parent=2829"}],"curies":[{"name":"wp","href":"https:\/\/api.w.org\/{rel}","templated":true}]}}

Datenschutzerklärung

<h2 class="wp-block-heading">Wer wir sind</h2>



<p>Die Adresse unserer Website ist: https://www.fisch-fest.net/wordpress.<br>Die Adresse unseres Impressums ist: https://www.fisch-fest.net/wordpress/impressum/<br>Copyright-Erklärung: https://www.fisch-fest.net/wordpress/copyright/</p>



<h2 class="wp-block-heading">Kommentare</h2>



<p>Wenn Besucher Kommentare auf der Website schreiben, sammeln wir die Daten, die im Kommentar-Formular angezeigt werden, außerdem die IP-Adresse des Besuchers und den User-Agent-String (damit wird der Browser identifiziert), um die Erkennung von Spam zu unterstützen.</p>



<p>Aus deiner E-Mail-Adresse kann eine anonymisierte Zeichenfolge erstellt (auch Hash genannt) und dem Gravatar-Dienst übergeben werden, um zu prüfen, ob du diesen benutzt. Die Datenschutzerklärung des Gravatar-Dienstes findest du hier: https://automattic.com/privacy/. Nachdem dein Kommentar freigegeben wurde, ist dein Profilbild öffentlich im Kontext deines Kommentars sichtbar.</p>



<h2 class="wp-block-heading">Medien</h2>



<p>Wenn du ein registrierter Benutzer bist und Fotos auf diese Website lädst, solltest du vermeiden, Fotos mit einem EXIF-GPS-Standort hochzuladen. Besucher dieser Website könnten Fotos, die auf dieser Website gespeichert sind, herunterladen und deren Standort-Informationen extrahieren.</p>



<p>Wenn du einen Kommentar für ein Foto oder eine Mediendatei auf dieser Seite eingibst, werden dein Name, EMail-Adresse, IP-Adresse und der Kommentar an den Server gesendet. Wenn du eine Bewertung für ein Foto oder eine Mediendatei auf dieser Seite eingibst, wird dein (Login-)Name oder deine IP-Adresse und die Bewertung an den Server gesendet.</p>



<h2 class="wp-block-heading">Cookies</h2>



<p>Wenn du einen Kommentar auf unserer Website schreibst, kann das eine Einwilligung sein, deinen Namen, E-Mail-Adresse und Website in Cookies zu speichern. Dies ist eine Komfortfunktion, damit du nicht, wenn du einen weiteren Kommentar schreibst, all diese Daten erneut eingeben musst. Diese Cookies werden ein Jahr lang gespeichert.</p>



<p>Falls du ein Konto hast und dich auf dieser Website anmeldest, werden wir ein temporäres Cookie setzen, um festzustellen, ob dein Browser Cookies akzeptiert. Dieses Cookie enthält keine personenbezogenen Daten und wird verworfen, wenn du deinen Browser schließt.</p>



<p>Wenn du dich anmeldest, werden wir einige Cookies einrichten, um deine Anmeldeinformationen und Anzeigeoptionen zu speichern. Anmelde-Cookies verfallen nach zwei Tagen und Cookies für die Anzeigeoptionen nach einem Jahr. Falls du bei der Anmeldung „Angemeldet bleiben“ auswählst, wird deine Anmeldung zwei Wochen lang aufrechterhalten. Mit der Abmeldung aus deinem Konto werden die Anmelde-Cookies gelöscht.</p>



<p>Wenn du einen Artikel bearbeitest oder veröffentlichst, wird ein zusätzlicher Cookie in deinem Browser gespeichert. Dieser Cookie enthält keine personenbezogenen Daten und verweist nur auf die Beitrags-ID des Artikels, den du gerade bearbeitet hast. Der Cookie verfällt nach einem Tag.</p>



<h2 class="wp-block-heading">Eingebettete Inhalte von anderen Websites</h2>



<p>Beiträge auf dieser Website können eingebettete Inhalte beinhalten (z.&nbsp;B. Videos, Bilder, Beiträge etc.). Eingebettete Inhalte von anderen Websites verhalten sich exakt so, als ob der Besucher die andere Website besucht hätte.</p>



<p>Diese Websites können Daten über dich sammeln, Cookies benutzen, zusätzliche Tracking-Dienste von Dritten einbetten und deine Interaktion mit diesem eingebetteten Inhalt aufzeichnen, inklusive deiner Interaktion mit dem eingebetteten Inhalt, falls du ein Konto hast und auf dieser Website angemeldet bist.</p>



<h2 class="wp-block-heading">Mit wem wir deine Daten teilen</h2>



<p>Wenn du eine Zurücksetzung des Passworts beantragst, wird deine IP-Adresse in der E-Mail zur Zurücksetzung enthalten sein.</p>



<h2 class="wp-block-heading">Wie lange wir deine Daten speichern</h2>



<p>Wenn du einen Kommentar schreibst, wird dieser inklusive Metadaten zeitlich unbegrenzt gespeichert. Auf diese Art können wir Folgekommentare automatisch erkennen und freigeben, anstatt sie in einer Moderations-Warteschlange festzuhalten.</p>



<p>Für Benutzer, die sich auf unserer Website registrieren, speichern wir zusätzlich die persönlichen Informationen, die sie in ihren Benutzerprofilen angeben. Alle Benutzer können jederzeit ihre persönlichen Informationen einsehen, verändern oder löschen (der Benutzername kann nicht verändert werden). Administratoren der Website können diese Informationen ebenfalls einsehen und verändern.</p>



<h2 class="wp-block-heading">Welche Rechte du an deinen Daten hast</h2>



<p>Wenn du ein Konto auf dieser Website besitzt oder Kommentare geschrieben hast, kannst du einen Export deiner personenbezogenen Daten bei uns anfordern, inklusive aller Daten, die du uns mitgeteilt hast. Darüber hinaus kannst du die Löschung aller personenbezogenen Daten, die wir von dir gespeichert haben, anfordern. Dies umfasst nicht die Daten, die wir aufgrund administrativer, rechtlicher oder sicherheitsrelevanter Notwendigkeiten aufbewahren müssen.</p>



<h2 class="wp-block-heading">Wohin deine Daten gesendet werden</h2>



<p>Besucher-Kommentare könnten von einem automatisierten Dienst zur Spam-Erkennung untersucht werden.</p>



<p>Wenn du einen Kommentar für ein Foto oder eine Mediendatei auf dieser Seite eingibst, werden dein Name, EMail-Adresse, IP-Adresse und der Kommentar an den Server gesendet. Wenn du eine Bewertung für ein Foto oder eine Mediendatei auf dieser Seite eingibst, wird dein (Login-)Name oder deine IP-Adresse und die Bewertung an den Server gesendet.</p>


<div>You need to add a widget, row, or prebuilt layout before you&#8217;ll see anything here. 🙂</div>

<p>Wer wir sind Die Adresse unserer Website ist: https://www.fisch-fest.net/wordpress.Die Adresse unseres Impressums ist: https://www.fisch-fest.net/wordpress/impressum/Copyright-Erklärung: https://www.fisch-fest.net/wordpress/copyright/ Kommentare Wenn Besucher Kommentare auf der Website schreiben, sammeln wir die Daten, die im Kommentar-Formular angezeigt werden, außerdem die IP-Adresse des Besuchers und den User-Agent-String (damit wird der Browser identifiziert), um die Erkennung von Spam zu unterstützen. Aus deiner E-Mail-Adresse &hellip; <a href="https://www.fisch-fest.net/wordpress/datenschutzerklaerung/" class="more-link"><span class="screen-reader-text">Datenschutzerklärung</span> weiterlesen</a></p>

Hier haben Sie die Möglichkeit mit uns in Verbindung zu treten. Senden Sie uns eine Mail, wir freuen uns über jeden Kontakt und werden Ihre Fragen und Anliegen so schnell als möglich beantworten. Unsere Postanschrift lautet: Andreas Pinter Hirschenau 27 4382 St. Nikola an der Donau Telefonnummer: 0650 52 66…

Ähnlicher Beitrag

Spezialitäten

Mousse vom Räucherfisch Das fluffig elegante Räucherfischmousse sollte auf keiner eleganten Fischplatte fehlen. Der einzigartig hervorragende Geschmack wird in Ihnen das Verlangen nach mehr hervorrufen. Tauchen Sie ein in die berauschende Welt des Fischgenusses. Räucherfischtatare Die besondere Art des Fischgenusses. Das Räucherfischtartare wird Ihnen eine andere Welt des Fischgenusses präsentieren.…

Mousse vom RÃ¤ucherfisch

Genusslandstraße

Die nächste Genusslandstraße findet wieder im Jahr 2017 statt! Freuen wir uns darauf!         Auch vom 13. - 14. September 2013 haben Sie die Aussteller der Genusslandstraße mit einem kulinarischem Feuerwerk begeistert. Fisch & Fest hat Sie mit den besten Fischspezialitäten verwöhnt. Für Ihr leibliches Wohl sorgten wir mit unseren Spizialitäten: "Mühlviertler Fischsuppe und Fischetti".…

Sämtliche Inhalte der Website, insbesondere Fotos, Layout und Gestaltung sind urheberrechtlich geschützt. Die Vervielfältigung von Bestandteilen der Website, insbesondere von Texten, Textteilen, Bildmaterial, Videos oder grafischen Darstellungen bedarf, wenn nicht explizit angeführt, der vorherigen schriftlichen Zustimmung von Andreas Pinter. Es wird keinerlei Haftung für Vollständigkeit, Richtigkeit, Aktualität und Inhalten von…

Steckerlfisch Ob für eine Grillparty im privaten Bereich, in der Gastronomie oder für die Firmenfeier. Unsere Steckerlfische werden Sie begeistern und erfreuen. Die gegrillte Gaumenfreude wird ein Geschmackserlebnis der besonderen Art. Trumpfen Sie mit Steckerlfische, das "Ohhh" wird sicherlich nicht lange auf sich warten lassen.

Nach mehrmonatiger Bauzeit wurde der neue und den modernsten Stand der Technik entsprechende Verarbeitungsraum fertiggestellt. Wir bedanken uns bei allen Firmen, die uns bei der Errichtung zur Seite gestanden sind, sehr herzlich.                                      zurück
