{"id":259,"date":"2012-04-20T15:50:39","date_gmt":"2012-04-20T15:50:39","guid":{"rendered":"http:\/\/www.fisch-fest.net\/wordpress\/?page_id=259"},"modified":"2013-09-15T09:18:43","modified_gmt":"2013-09-15T09:18:43","slug":"fisch_und_fest_fest_der_sinne","status":"publish","type":"page","link":"https:\/\/www.fisch-fest.net\/wordpress\/news\/fisch_und_fest_fest_der_sinne\/","title":{"rendered":"Fest der Sinne am 23. &#8211; 24. November 2012 in der PlusCity"},"content":{"rendered":"<p>Es lohnte sich das\u00a0Fest der Sinne in der Plus City zu besuchen.<\/p>\n<p>Geboten wurden neben unseren Fischspezialit\u00e4ten ein umfangreiches Programm.<\/p>\n<p><a title=\"News und Veranstaltungskalender\" href=\"https:\/\/www.fisch-fest.net\/wordpress\/?page_id=56\">zur\u00fcck<\/a><\/p>\n<p>&nbsp;<\/p>\n","protected":false},"excerpt":{"rendered":"<p>Es lohnte sich das\u00a0Fest der Sinne in der Plus City zu besuchen. Geboten wurden neben unseren Fischspezialit\u00e4ten ein umfangreiches Programm. zur\u00fcck &nbsp;<\/p>\n","protected":false},"author":1,"featured_media":0,"parent":56,"menu_order":1,"comment_status":"closed","ping_status":"open","template":"sidebar-page.php","meta":{"jetpack_post_was_ever_published":false,"footnotes":""},"class_list":["post-259","page","type-page","status-publish","hentry"],"jetpack_sharing_enabled":true,"jetpack_shortlink":"https:\/\/wp.me\/P8BrCw-4b","jetpack-related-posts":[{"id":487,"url":"https:\/\/www.fisch-fest.net\/wordpress\/news\/fest-der-sinne-am-22-23-november-2013-in-der-pluscity\/","url_meta":{"origin":259,"position":0},"title":"Fest der Sinne vom 22. &#8211; 23. November 2013 in der PlusCity","date":"1. September 2013","format":false,"excerpt":"Sehen, schmecken, riechen: Das ist das Moto vom Fest der Sinne in der PlusCity! Das Fest der Sinne spricht alle Liebhaber von heimischen K\u00f6stlichkeiten und andere Gaumenfreuden an. Geboten werden nat\u00fcrlich unsere heimischen Fischspezialit\u00e4ten und andere Schmankerl, vom besten Fleisch \u00fcber Milchprodukte frische Backware und einiges mehr. Lassen Sie sich\u2026","rel":"","context":"\u00c4hnlicher Beitrag","img":{"alt_text":"","src":"","width":0,"height":0},"classes":[]},{"id":56,"url":"https:\/\/www.fisch-fest.net\/wordpress\/news\/","url_meta":{"origin":259,"position":1},"title":"News","date":"23. Oktober 2011","format":false,"excerpt":"Alle Termine finden Sie in unserem Veranstaltungskalender Ehrungen Ab Hof 2013 \"Verleihung Fischkaiser\" Hier finden Sie vergangene Ereignisse! Fest der Sinne vom 22. bis 23. November in der Plus City in Pasching Genusslandstra\u00dfe vom 13. bis 14 September in der Linzer City Einkaufsnacht in Waidhofen am 30.08.2013 03.05. - 04.05.2013\u2026","rel":"","context":"\u00c4hnlicher Beitrag","img":{"alt_text":"","src":"","width":0,"height":0},"classes":[]},{"id":2236,"url":"https:\/\/www.fisch-fest.net\/wordpress\/veranstaltung\/wochenmarkt-amstetten\/","url_meta":{"origin":259,"position":2},"title":"Wochenmarkt Amstetten","date":"12. April 2017","format":false,"excerpt":"Der Wochenmarkt in Amstetten bietet jeden Donnerstag von 7:30 bis 11:45 Uhr ein frisches und regionales Angebot von Fischprodukten. Der Markt findet in der Fu\u00dfg\u00e4ngerzone am Hauptplatz in Amstetten statt. Nat\u00fcrlich finden Sie bei diesem beliebten Markt noch viele weitere Angebote vom Speck bis zum Brot uvm. Ein Besuch wird\u2026","rel":"","context":"\u00c4hnlicher Beitrag","img":{"alt_text":"","src":"","width":0,"height":0},"classes":[]},{"id":2479,"url":"https:\/\/www.fisch-fest.net\/wordpress\/veranstaltung\/wochenmarkt-purkersdorf\/","url_meta":{"origin":259,"position":3},"title":"Wochenmarkt Purkersdorf","date":"12. April 2017","format":false,"excerpt":"Der Wochenmarkt in Purkersdorf bietet jeden Freitag von 8:30 bis 16:30 Uhr ein frisches und regionales Angebot von Fischprodukten. Der Markt findet am Hauptplatz in Purkersdorf\u00a0statt. Nat\u00fcrlich finden Sie bei diesem beliebten Markt noch viele weitere Angebote vom Speck bis zum Brot uvm. Ein Besuch wird Sie vom Angebot \u00fcberzeugen.\u2026","rel":"","context":"\u00c4hnlicher Beitrag","img":{"alt_text":"","src":"","width":0,"height":0},"classes":[]},{"id":1745,"url":"https:\/\/www.fisch-fest.net\/wordpress\/copyright\/","url_meta":{"origin":259,"position":4},"title":"Copyright","date":"9. April 2017","format":false,"excerpt":"S\u00e4mtliche Inhalte der Website, insbesondere Fotos, Layout und Gestaltung sind urheberrechtlich gesch\u00fctzt. Die Vervielf\u00e4ltigung von Bestandteilen der Website, insbesondere von Texten, Textteilen, Bildmaterial, Videos oder grafischen Darstellungen bedarf, wenn nicht explizit angef\u00fchrt, der vorherigen schriftlichen Zustimmung von Andreas Pinter. Es wird keinerlei Haftung f\u00fcr Vollst\u00e4ndigkeit, Richtigkeit, Aktualit\u00e4t und Inhalten von\u2026","rel":"","context":"\u00c4hnlicher Beitrag","img":{"alt_text":"","src":"","width":0,"height":0},"classes":[]},{"id":369,"url":"https:\/\/www.fisch-fest.net\/wordpress\/news\/steckerlfische-beim-tag-der-offenen-tur-bei-firma-biokompakt-heiztechnik-gmbh\/","url_meta":{"origin":259,"position":5},"title":"Steckerlfische beim Tag der offenen T\u00fcr bei Firma Biokompakt Heiztechnik","date":"17. April 2013","format":false,"excerpt":"Die Firma Biokompakt Heiztechnik GmbH und Andreas Pinter verk\u00fcndete erfreut, dass am 3. und 4. Mai 2013 die Nahversorgertage (Tag der offenen T\u00fcr) in 4381 St. Nikola, Sattl 11 stattfinden. Bei dieser Gelegenheit luden wir alle Freunde der Biomasse herzlich ein die Produktionshallen und den Kesselpr\u00fcfstand der Firma Biokompakt Heiztechnik\u2026","rel":"","context":"\u00c4hnlicher Beitrag","img":{"alt_text":"","src":"","width":0,"height":0},"classes":[]}],"_links":{"self":[{"href":"https:\/\/www.fisch-fest.net\/wordpress\/wp-json\/wp\/v2\/pages\/259","targetHints":{"allow":["GET"]}}],"collection":[{"href":"https:\/\/www.fisch-fest.net\/wordpress\/wp-json\/wp\/v2\/pages"}],"about":[{"href":"https:\/\/www.fisch-fest.net\/wordpress\/wp-json\/wp\/v2\/types\/page"}],"author":[{"embeddable":true,"href":"https:\/\/www.fisch-fest.net\/wordpress\/wp-json\/wp\/v2\/users\/1"}],"replies":[{"embeddable":true,"href":"https:\/\/www.fisch-fest.net\/wordpress\/wp-json\/wp\/v2\/comments?post=259"}],"version-history":[{"count":11,"href":"https:\/\/www.fisch-fest.net\/wordpress\/wp-json\/wp\/v2\/pages\/259\/revisions"}],"predecessor-version":[{"id":533,"href":"https:\/\/www.fisch-fest.net\/wordpress\/wp-json\/wp\/v2\/pages\/259\/revisions\/533"}],"up":[{"embeddable":true,"href":"https:\/\/www.fisch-fest.net\/wordpress\/wp-json\/wp\/v2\/pages\/56"}],"wp:attachment":[{"href":"https:\/\/www.fisch-fest.net\/wordpress\/wp-json\/wp\/v2\/media?parent=259"}],"curies":[{"name":"wp","href":"https:\/\/api.w.org\/{rel}","templated":true}]}}

<p>Es lohnte sich das Fest der Sinne in der Plus City zu besuchen.</p>
<p>Geboten wurden neben unseren Fischspezialitäten ein umfangreiches Programm.</p>
<p><a title="News und Veranstaltungskalender" href="https://www.fisch-fest.net/wordpress/?page_id=56">zurück</a></p>
<p>&nbsp;</p>

<p>Es lohnte sich das Fest der Sinne in der Plus City zu besuchen. Geboten wurden neben unseren Fischspezialitäten ein umfangreiches Programm. zurück &nbsp;</p>

Sehen, schmecken, riechen: Das ist das Moto vom Fest der Sinne in der PlusCity! Das Fest der Sinne spricht alle Liebhaber von heimischen Köstlichkeiten und andere Gaumenfreuden an. Geboten werden natürlich unsere heimischen Fischspezialitäten und andere Schmankerl, vom besten Fleisch über Milchprodukte frische Backware und einiges mehr. Lassen Sie sich…

Ähnlicher Beitrag

Alle Termine finden Sie in unserem Veranstaltungskalender Ehrungen Ab Hof 2013 "Verleihung Fischkaiser" Hier finden Sie vergangene Ereignisse! Fest der Sinne vom 22. bis 23. November in der Plus City in Pasching Genusslandstraße vom 13. bis 14 September in der Linzer City Einkaufsnacht in Waidhofen am 30.08.2013 03.05. - 04.05.2013…

Der Wochenmarkt in Amstetten bietet jeden Donnerstag von 7:30 bis 11:45 Uhr ein frisches und regionales Angebot von Fischprodukten. Der Markt findet in der Fußgängerzone am Hauptplatz in Amstetten statt. Natürlich finden Sie bei diesem beliebten Markt noch viele weitere Angebote vom Speck bis zum Brot uvm. Ein Besuch wird…

Der Wochenmarkt in Purkersdorf bietet jeden Freitag von 8:30 bis 16:30 Uhr ein frisches und regionales Angebot von Fischprodukten. Der Markt findet am Hauptplatz in Purkersdorf statt. Natürlich finden Sie bei diesem beliebten Markt noch viele weitere Angebote vom Speck bis zum Brot uvm. Ein Besuch wird Sie vom Angebot überzeugen.…

Sämtliche Inhalte der Website, insbesondere Fotos, Layout und Gestaltung sind urheberrechtlich geschützt. Die Vervielfältigung von Bestandteilen der Website, insbesondere von Texten, Textteilen, Bildmaterial, Videos oder grafischen Darstellungen bedarf, wenn nicht explizit angeführt, der vorherigen schriftlichen Zustimmung von Andreas Pinter. Es wird keinerlei Haftung für Vollständigkeit, Richtigkeit, Aktualität und Inhalten von…

Steckerlfische beim Tag der offenen Tür bei Firma Biokompakt Heiztechnik

Die Firma Biokompakt Heiztechnik GmbH und Andreas Pinter verkündete erfreut, dass am 3. und 4. Mai 2013 die Nahversorgertage (Tag der offenen Tür) in 4381 St. Nikola, Sattl 11 stattfinden. Bei dieser Gelegenheit luden wir alle Freunde der Biomasse herzlich ein die Produktionshallen und den Kesselprüfstand der Firma Biokompakt Heiztechnik…
