{"id":2362,"date":"2017-04-12T16:07:20","date_gmt":"2017-04-12T16:07:20","guid":{"rendered":"http:\/\/www.fisch-fest.net\/wordpress\/?page_id=2362"},"modified":"2021-01-11T16:14:12","modified_gmt":"2021-01-11T16:14:12","slug":"wochenmarkt-marchtrenk","status":"publish","type":"page","link":"https:\/\/www.fisch-fest.net\/wordpress\/veranstaltung\/wochenmarkt-marchtrenk\/","title":{"rendered":"Wochenmarkt Marchtrenk"},"content":{"rendered":"<div id=\"pl-2362\"  class=\"panel-layout\" ><div id=\"pg-2362-0\"  class=\"panel-grid panel-no-style\" ><div id=\"pgc-2362-0-0\"  class=\"panel-grid-cell\" ><div id=\"panel-2362-0-0-0\" class=\"so-panel widget widget_sow-editor panel-first-child panel-last-child\" data-index=\"0\" ><div class=\"Produkte_Verlinkung panel-widget-style panel-widget-style-for-2362-0-0-0\" ><div\n\t\t\t\n\t\t\tclass=\"so-widget-sow-editor so-widget-sow-editor-base\"\n\t\t\t\n\t\t>\n<div class=\"siteorigin-widget-tinymce textwidget\">\n\t<p>Der Wochenmarkt in Marchtrenk am <strong>Samstag von 8:15 bis 11:30 Uhr<\/strong> bietet ein frisches und regionales Angebot von Fischprodukten. (14-Tage-Rhythmus)<\/p>\n<p>Nat\u00fcrlich finden Sie bei diesem beliebten Markt noch viele weitere Angebote vom Speck bis zum Brot uvm. Ein Besuch wird Sie vom Angebot \u00fcberzeugen.<\/p>\n<p>Ich freue mich in einem 14-Tage-Rhythmus f\u00fcr Sie da zu sein.<\/p>\n<p>Angeboten werden <a href=\"http:\/\/www.fisch-fest.net\/wordpress\/produkte\/frischfisch\/\" target=\"_blank\" rel=\"noopener\">Frischfisch<\/a>, <a href=\"http:\/\/www.fisch-fest.net\/wordpress\/produkte\/raeucherfisch\/\" target=\"_blank\" rel=\"noopener\">R\u00e4ucherfisch <\/a>und <a href=\"http:\/\/www.fisch-fest.net\/wordpress\/produkte\/spezialitaeten\/\" target=\"_blank\" rel=\"noopener\">Fischspezialit\u00e4ten<\/a>.<\/p>\n<p>An Feiertagen, im Urlaub oder unter au\u00dfergew\u00f6hnlichen Umst\u00e4nden entf\u00e4llt der Wochenmarkt. Genaueres finden Sie im Veranstaltungskalender!<\/p>\n<p><a href=\"http:\/\/www.fisch-fest.net\/wordpress\/veranstaltungskalender\/\" target=\"_blank\" rel=\"noopener\">Die Termine finden Sie im Veranstaltungskalender<\/a><\/p>\n<\/div>\n<\/div><\/div><\/div><\/div><div id=\"pgc-2362-0-1\"  class=\"panel-grid-cell\" ><div id=\"panel-2362-0-1-0\" class=\"so-panel widget widget_sow-editor panel-first-child panel-last-child\" data-index=\"1\" ><div\n\t\t\t\n\t\t\tclass=\"so-widget-sow-editor so-widget-sow-editor-base\"\n\t\t\t\n\t\t>\n<div class=\"siteorigin-widget-tinymce textwidget\">\n\t<p><iframe loading=\"lazy\" src=\"https:\/\/www.google.com\/maps\/d\/u\/0\/embed?mid=1yKkcZnkUOyLe53M2sYlmQTC4YxI\" width=\"640\" height=\"480\"><\/iframe><\/p>\n<p>Standplatz<br \/> Fisch&amp;Fest - Andreas Pinter<br \/> am Wochenmarkt<br \/> in\u00a0Marchtrenk<\/p>\n<\/div>\n<\/div><\/div><\/div><\/div><\/div>","protected":false},"excerpt":{"rendered":"<p>Der Wochenmarkt in Marchtrenk am Samstag von 8:15 bis 11:30 Uhr bietet ein frisches und regionales Angebot von Fischprodukten. (14-Tage-Rhythmus) Nat\u00fcrlich finden Sie bei diesem beliebten Markt noch viele weitere Angebote vom Speck bis zum Brot uvm. Ein Besuch wird Sie vom Angebot \u00fcberzeugen. Ich freue mich in einem 14-Tage-Rhythmus f\u00fcr Sie da zu sein. &hellip; <a href=\"https:\/\/www.fisch-fest.net\/wordpress\/veranstaltung\/wochenmarkt-marchtrenk\/\" class=\"more-link\"><span class=\"screen-reader-text\">Wochenmarkt Marchtrenk<\/span> weiterlesen<\/a><\/p>\n","protected":false},"author":1,"featured_media":0,"parent":1383,"menu_order":0,"comment_status":"closed","ping_status":"closed","template":"","meta":{"jetpack_post_was_ever_published":false,"footnotes":""},"class_list":["post-2362","page","type-page","status-publish","hentry"],"jetpack_sharing_enabled":true,"jetpack_shortlink":"https:\/\/wp.me\/P8BrCw-C6","jetpack-related-posts":[{"id":2479,"url":"https:\/\/www.fisch-fest.net\/wordpress\/veranstaltung\/wochenmarkt-purkersdorf\/","url_meta":{"origin":2362,"position":0},"title":"Wochenmarkt Purkersdorf","date":"12. April 2017","format":false,"excerpt":"Der Wochenmarkt in Purkersdorf bietet jeden Freitag von 8:30 bis 16:30 Uhr ein frisches und regionales Angebot von Fischprodukten. Der Markt findet am Hauptplatz in Purkersdorf\u00a0statt. Nat\u00fcrlich finden Sie bei diesem beliebten Markt noch viele weitere Angebote vom Speck bis zum Brot uvm. Ein Besuch wird Sie vom Angebot \u00fcberzeugen.\u2026","rel":"","context":"\u00c4hnlicher Beitrag","img":{"alt_text":"","src":"","width":0,"height":0},"classes":[]},{"id":2236,"url":"https:\/\/www.fisch-fest.net\/wordpress\/veranstaltung\/wochenmarkt-amstetten\/","url_meta":{"origin":2362,"position":1},"title":"Wochenmarkt Amstetten","date":"12. April 2017","format":false,"excerpt":"Der Wochenmarkt in Amstetten bietet jeden Donnerstag von 7:30 bis 11:45 Uhr ein frisches und regionales Angebot von Fischprodukten. Der Markt findet in der Fu\u00dfg\u00e4ngerzone am Hauptplatz in Amstetten statt. Nat\u00fcrlich finden Sie bei diesem beliebten Markt noch viele weitere Angebote vom Speck bis zum Brot uvm. Ein Besuch wird\u2026","rel":"","context":"\u00c4hnlicher Beitrag","img":{"alt_text":"","src":"","width":0,"height":0},"classes":[]},{"id":1383,"url":"https:\/\/www.fisch-fest.net\/wordpress\/veranstaltung\/","url_meta":{"origin":2362,"position":2},"title":"Veranstaltungen","date":"12. April 2017","format":false,"excerpt":"Wochenm\u00e4rkte Wochenmarkt Amstetten Wochenmarkt Purkersdorf Wochenmarkt Marchtrenk (14-t\u00e4gig) SteckerlfischZur Zeit sind keine Steckerlfischveranstaltungen geplant!\u00a0Um Veranstaltungen zu buchen melden Sie sich telefonisch an! Genussland-veranstaltungZur Zeit finden keine \u00a0Genusslandveranstaltungen statt. Zum Veranstaltungs-kalender","rel":"","context":"\u00c4hnlicher Beitrag","img":{"alt_text":"","src":"","width":0,"height":0},"classes":[]},{"id":369,"url":"https:\/\/www.fisch-fest.net\/wordpress\/news\/steckerlfische-beim-tag-der-offenen-tur-bei-firma-biokompakt-heiztechnik-gmbh\/","url_meta":{"origin":2362,"position":3},"title":"Steckerlfische beim Tag der offenen T\u00fcr bei Firma Biokompakt Heiztechnik","date":"17. April 2013","format":false,"excerpt":"Die Firma Biokompakt Heiztechnik GmbH und Andreas Pinter verk\u00fcndete erfreut, dass am 3. und 4. Mai 2013 die Nahversorgertage (Tag der offenen T\u00fcr) in 4381 St. Nikola, Sattl 11 stattfinden. Bei dieser Gelegenheit luden wir alle Freunde der Biomasse herzlich ein die Produktionshallen und den Kesselpr\u00fcfstand der Firma Biokompakt Heiztechnik\u2026","rel":"","context":"\u00c4hnlicher Beitrag","img":{"alt_text":"","src":"","width":0,"height":0},"classes":[]},{"id":234,"url":"https:\/\/www.fisch-fest.net\/wordpress\/news\/termine-steckerlfisch\/","url_meta":{"origin":2362,"position":4},"title":"Termine Steckerlfische","date":"20. April 2012","format":false,"excerpt":"Unsere Steckerlfische sind eine Gaumenfreude und ein Geschmackserlebnis der besonderen Art. F\u00fcr unsere K\u00f6stlichkeiten verwenden wir\u00a0nur Saiblinge oder Forellen in h\u00f6chster Qualit\u00e4t.\u00a0Besuchen Sie uns und sie sind \u00fcberzeugt! \u00a0 Termin\u00fcbersicht: (siehe auch den Veranstaltungskalender) Wochenmarkt Waidhofen leider k\u00f6nnen wir zur Zeit keine Steckerlfische anbieten zur\u00fcck","rel":"","context":"\u00c4hnlicher Beitrag","img":{"alt_text":"","src":"","width":0,"height":0},"classes":[]},{"id":758,"url":"https:\/\/www.fisch-fest.net\/wordpress\/fischer\/","url_meta":{"origin":2362,"position":5},"title":"Der Fischer","date":"9. April 2017","format":false,"excerpt":"Fisch in seiner besten\u00a0Art Leidenschaftliche Fischliebhaber und Fischkenner sind hier richtig! Sie werden von der Qualit\u00e4t begeistert sein! Probieren Sie die Spezialit\u00e4ten, Filets und ganzen Fische von Andreas Pinter. Egal ob ger\u00e4uchert oder f\u00fcr die Bratpfanne, diese Qualit\u00e4t wird Sie \u00fcberzeugen! Bei Fisch&Fest z\u00e4hlt Handarbeit! Die Fische werden noch von\u2026","rel":"","context":"\u00c4hnlicher Beitrag","img":{"alt_text":"Frischfisch gebraten","src":"https:\/\/i0.wp.com\/www.fisch-fest.net\/wordpress\/wp-content\/uploads\/2017\/04\/9838788236.jpg?resize=350%2C200","width":350,"height":200},"classes":[]}],"_links":{"self":[{"href":"https:\/\/www.fisch-fest.net\/wordpress\/wp-json\/wp\/v2\/pages\/2362","targetHints":{"allow":["GET"]}}],"collection":[{"href":"https:\/\/www.fisch-fest.net\/wordpress\/wp-json\/wp\/v2\/pages"}],"about":[{"href":"https:\/\/www.fisch-fest.net\/wordpress\/wp-json\/wp\/v2\/types\/page"}],"author":[{"embeddable":true,"href":"https:\/\/www.fisch-fest.net\/wordpress\/wp-json\/wp\/v2\/users\/1"}],"replies":[{"embeddable":true,"href":"https:\/\/www.fisch-fest.net\/wordpress\/wp-json\/wp\/v2\/comments?post=2362"}],"version-history":[{"count":4,"href":"https:\/\/www.fisch-fest.net\/wordpress\/wp-json\/wp\/v2\/pages\/2362\/revisions"}],"predecessor-version":[{"id":2657,"href":"https:\/\/www.fisch-fest.net\/wordpress\/wp-json\/wp\/v2\/pages\/2362\/revisions\/2657"}],"up":[{"embeddable":true,"href":"https:\/\/www.fisch-fest.net\/wordpress\/wp-json\/wp\/v2\/pages\/1383"}],"wp:attachment":[{"href":"https:\/\/www.fisch-fest.net\/wordpress\/wp-json\/wp\/v2\/media?parent=2362"}],"curies":[{"name":"wp","href":"https:\/\/api.w.org\/{rel}","templated":true}]}}

<div id="pl-2362"  class="panel-layout" ><div id="pg-2362-0"  class="panel-grid panel-no-style" ><div id="pgc-2362-0-0"  class="panel-grid-cell" ><div id="panel-2362-0-0-0" class="so-panel widget widget_sow-editor panel-first-child panel-last-child" data-index="0" ><div class="Produkte_Verlinkung panel-widget-style panel-widget-style-for-2362-0-0-0" ><div
			
			class="so-widget-sow-editor so-widget-sow-editor-base"
			
		>
<div class="siteorigin-widget-tinymce textwidget">
	<p>Der Wochenmarkt in Marchtrenk am <strong>Samstag von 8:15 bis 11:30 Uhr</strong> bietet ein frisches und regionales Angebot von Fischprodukten. (14-Tage-Rhythmus)</p>
<p>Natürlich finden Sie bei diesem beliebten Markt noch viele weitere Angebote vom Speck bis zum Brot uvm. Ein Besuch wird Sie vom Angebot überzeugen.</p>
<p>Ich freue mich in einem 14-Tage-Rhythmus für Sie da zu sein.</p>
<p>Angeboten werden <a href="http://www.fisch-fest.net/wordpress/produkte/frischfisch/" target="_blank" rel="noopener">Frischfisch</a>, <a href="http://www.fisch-fest.net/wordpress/produkte/raeucherfisch/" target="_blank" rel="noopener">Räucherfisch </a>und <a href="http://www.fisch-fest.net/wordpress/produkte/spezialitaeten/" target="_blank" rel="noopener">Fischspezialitäten</a>.</p>
<p>An Feiertagen, im Urlaub oder unter außergewöhnlichen Umständen entfällt der Wochenmarkt. Genaueres finden Sie im Veranstaltungskalender!</p>
<p><a href="http://www.fisch-fest.net/wordpress/veranstaltungskalender/" target="_blank" rel="noopener">Die Termine finden Sie im Veranstaltungskalender</a></p>
</div>
</div></div></div></div><div id="pgc-2362-0-1"  class="panel-grid-cell" ><div id="panel-2362-0-1-0" class="so-panel widget widget_sow-editor panel-first-child panel-last-child" data-index="1" ><div
			
			class="so-widget-sow-editor so-widget-sow-editor-base"
			
		>
<div class="siteorigin-widget-tinymce textwidget">
	<p><iframe loading="lazy" src="https://www.google.com/maps/d/u/0/embed?mid=1yKkcZnkUOyLe53M2sYlmQTC4YxI" width="640" height="480"></iframe></p>
<p>Standplatz<br /> Fisch&amp;Fest - Andreas Pinter<br /> am Wochenmarkt<br /> in Marchtrenk</p>
</div>
</div></div></div></div></div>

<p>Der Wochenmarkt in Marchtrenk am Samstag von 8:15 bis 11:30 Uhr bietet ein frisches und regionales Angebot von Fischprodukten. (14-Tage-Rhythmus) Natürlich finden Sie bei diesem beliebten Markt noch viele weitere Angebote vom Speck bis zum Brot uvm. Ein Besuch wird Sie vom Angebot überzeugen. Ich freue mich in einem 14-Tage-Rhythmus für Sie da zu sein. &hellip; <a href="https://www.fisch-fest.net/wordpress/veranstaltung/wochenmarkt-marchtrenk/" class="more-link"><span class="screen-reader-text">Wochenmarkt Marchtrenk</span> weiterlesen</a></p>

Der Wochenmarkt in Purkersdorf bietet jeden Freitag von 8:30 bis 16:30 Uhr ein frisches und regionales Angebot von Fischprodukten. Der Markt findet am Hauptplatz in Purkersdorf statt. Natürlich finden Sie bei diesem beliebten Markt noch viele weitere Angebote vom Speck bis zum Brot uvm. Ein Besuch wird Sie vom Angebot überzeugen.…

Ähnlicher Beitrag

Der Wochenmarkt in Amstetten bietet jeden Donnerstag von 7:30 bis 11:45 Uhr ein frisches und regionales Angebot von Fischprodukten. Der Markt findet in der Fußgängerzone am Hauptplatz in Amstetten statt. Natürlich finden Sie bei diesem beliebten Markt noch viele weitere Angebote vom Speck bis zum Brot uvm. Ein Besuch wird…

Wochenmärkte Wochenmarkt Amstetten Wochenmarkt Purkersdorf Wochenmarkt Marchtrenk (14-tägig) SteckerlfischZur Zeit sind keine Steckerlfischveranstaltungen geplant! Um Veranstaltungen zu buchen melden Sie sich telefonisch an! Genussland-veranstaltungZur Zeit finden keine  Genusslandveranstaltungen statt. Zum Veranstaltungs-kalender

Steckerlfische beim Tag der offenen Tür bei Firma Biokompakt Heiztechnik

Die Firma Biokompakt Heiztechnik GmbH und Andreas Pinter verkündete erfreut, dass am 3. und 4. Mai 2013 die Nahversorgertage (Tag der offenen Tür) in 4381 St. Nikola, Sattl 11 stattfinden. Bei dieser Gelegenheit luden wir alle Freunde der Biomasse herzlich ein die Produktionshallen und den Kesselprüfstand der Firma Biokompakt Heiztechnik…

Unsere Steckerlfische sind eine Gaumenfreude und ein Geschmackserlebnis der besonderen Art. Für unsere Köstlichkeiten verwenden wir nur Saiblinge oder Forellen in höchster Qualität. Besuchen Sie uns und sie sind überzeugt!   Terminübersicht: (siehe auch den Veranstaltungskalender) Wochenmarkt Waidhofen leider können wir zur Zeit keine Steckerlfische anbieten zurück

Fisch in seiner besten Art Leidenschaftliche Fischliebhaber und Fischkenner sind hier richtig! Sie werden von der Qualität begeistert sein! Probieren Sie die Spezialitäten, Filets und ganzen Fische von Andreas Pinter. Egal ob geräuchert oder für die Bratpfanne, diese Qualität wird Sie überzeugen! Bei Fisch&Fest zählt Handarbeit! Die Fische werden noch von…
