{"id":234,"date":"2012-04-20T15:40:17","date_gmt":"2012-04-20T15:40:17","guid":{"rendered":"http:\/\/www.fisch-fest.net\/wordpress\/?page_id=234"},"modified":"2017-04-08T18:56:35","modified_gmt":"2017-04-08T18:56:35","slug":"termine-steckerlfisch","status":"publish","type":"page","link":"https:\/\/www.fisch-fest.net\/wordpress\/news\/termine-steckerlfisch\/","title":{"rendered":"Termine Steckerlfische"},"content":{"rendered":"<p><a href=\"http:\/\/www.fisch-fest.at\/Steckerlfisch.htm\"><img loading=\"lazy\" decoding=\"async\" data-attachment-id=\"271\" data-permalink=\"https:\/\/www.fisch-fest.net\/wordpress\/news\/termine-steckerlfisch\/steckerlfisch3\/\" data-orig-file=\"https:\/\/i0.wp.com\/www.fisch-fest.net\/wordpress\/wp-content\/uploads\/2012\/05\/Steckerlfisch3.jpg?fit=2016%2C1314&amp;ssl=1\" data-orig-size=\"2016,1314\" data-comments-opened=\"1\" data-image-meta=\"{&quot;aperture&quot;:&quot;2.8&quot;,&quot;credit&quot;:&quot;&quot;,&quot;camera&quot;:&quot;DSC-P72&quot;,&quot;caption&quot;:&quot;&quot;,&quot;created_timestamp&quot;:&quot;1247338729&quot;,&quot;copyright&quot;:&quot;&quot;,&quot;focal_length&quot;:&quot;6&quot;,&quot;iso&quot;:&quot;100&quot;,&quot;shutter_speed&quot;:&quot;0.005&quot;,&quot;title&quot;:&quot;&quot;}\" data-image-title=\"Steckerlfische\" data-image-description=\"\" data-image-caption=\"\" data-medium-file=\"https:\/\/i0.wp.com\/www.fisch-fest.net\/wordpress\/wp-content\/uploads\/2012\/05\/Steckerlfisch3.jpg?fit=300%2C195&amp;ssl=1\" data-large-file=\"https:\/\/i0.wp.com\/www.fisch-fest.net\/wordpress\/wp-content\/uploads\/2012\/05\/Steckerlfisch3.jpg?fit=863%2C562&amp;ssl=1\" class=\"wp-image-271 alignleft\" title=\"Steckerlfische\" src=\"https:\/\/i0.wp.com\/www.fisch-fest.net\/wordpress\/wp-content\/uploads\/2012\/05\/Steckerlfisch3.jpg?resize=300%2C180&#038;ssl=1\" alt=\"Steckerlfische\" width=\"300\" height=\"180\" data-recalc-dims=\"1\" \/><\/a><\/p>\n<p>Unsere Steckerlfische sind eine Gaumenfreude und ein Geschmackserlebnis der besonderen Art.<br \/>\nF\u00fcr unsere K\u00f6stlichkeiten verwenden wir\u00a0nur Saiblinge oder Forellen in h\u00f6chster Qualit\u00e4t.\u00a0<em>Besuchen Sie uns und sie sind \u00fcberzeugt!<br \/>\n<\/em><\/p>\n<p>&nbsp;<\/p>\n<p><em><strong>Termin\u00fcbersicht:<br \/>\n<a href=\"http:\/\/www.fisch-fest.net\/Veranstaltungskalender.htm\">(siehe auch den Veranstaltungskalender)<\/a><\/strong><\/em><\/p>\n<h1><span style=\"text-decoration: underline;\"><strong>Wochenmarkt Waidhofen<br \/>\n<\/strong><\/span><\/h1>\n<ul>\n<li>leider k\u00f6nnen wir zur Zeit keine Steckerlfische anbieten<\/li>\n<\/ul>\n<p><a title=\"News und Veranstaltungskalender\" href=\"https:\/\/www.fisch-fest.net\/wordpress\/fisch_und_fest_news_und_veranstaltungen\/\">zur\u00fcck<\/a><\/p>\n","protected":false},"excerpt":{"rendered":"<p>Unsere Steckerlfische sind eine Gaumenfreude und ein Geschmackserlebnis der besonderen Art. F\u00fcr unsere K\u00f6stlichkeiten verwenden wir\u00a0nur Saiblinge oder Forellen in h\u00f6chster Qualit\u00e4t.\u00a0Besuchen Sie uns und sie sind \u00fcberzeugt! &nbsp; Termin\u00fcbersicht: (siehe auch den Veranstaltungskalender) Wochenmarkt Waidhofen leider k\u00f6nnen wir zur Zeit keine Steckerlfische anbieten zur\u00fcck<\/p>\n","protected":false},"author":1,"featured_media":0,"parent":56,"menu_order":0,"comment_status":"closed","ping_status":"open","template":"","meta":{"jetpack_post_was_ever_published":false,"footnotes":""},"class_list":["post-234","page","type-page","status-publish","hentry"],"jetpack_sharing_enabled":true,"jetpack_shortlink":"https:\/\/wp.me\/P8BrCw-3M","jetpack-related-posts":[{"id":369,"url":"https:\/\/www.fisch-fest.net\/wordpress\/news\/steckerlfische-beim-tag-der-offenen-tur-bei-firma-biokompakt-heiztechnik-gmbh\/","url_meta":{"origin":234,"position":0},"title":"Steckerlfische beim Tag der offenen T\u00fcr bei Firma Biokompakt Heiztechnik","date":"17. April 2013","format":false,"excerpt":"Die Firma Biokompakt Heiztechnik GmbH und Andreas Pinter verk\u00fcndete erfreut, dass am 3. und 4. Mai 2013 die Nahversorgertage (Tag der offenen T\u00fcr) in 4381 St. Nikola, Sattl 11 stattfinden. Bei dieser Gelegenheit luden wir alle Freunde der Biomasse herzlich ein die Produktionshallen und den Kesselpr\u00fcfstand der Firma Biokompakt Heiztechnik\u2026","rel":"","context":"\u00c4hnlicher Beitrag","img":{"alt_text":"","src":"","width":0,"height":0},"classes":[]},{"id":1623,"url":"https:\/\/www.fisch-fest.net\/wordpress\/produkte\/steckerlfisch\/","url_meta":{"origin":234,"position":1},"title":"Steckerlfisch","date":"9. April 2017","format":false,"excerpt":"Steckerlfisch Ob f\u00fcr eine Grillparty im privaten Bereich, in der Gastronomie oder f\u00fcr die Firmenfeier. Unsere Steckerlfische werden Sie begeistern und erfreuen. Die gegrillte Gaumenfreude wird ein Geschmackserlebnis der besonderen Art. Trumpfen Sie mit Steckerlfische, das \"Ohhh\" wird sicherlich nicht lange auf sich warten lassen.","rel":"","context":"\u00c4hnlicher Beitrag","img":{"alt_text":"Steckerlfisch","src":"https:\/\/i0.wp.com\/www.fisch-fest.net\/wordpress\/wp-content\/uploads\/2017\/04\/9668228560-4-1-1-1.jpg?resize=350%2C200","width":350,"height":200},"classes":[]},{"id":348,"url":"https:\/\/www.fisch-fest.net\/wordpress\/news\/07-juli-2012-bauernmarktfest-brunn-am-gebirge-filmbeitrag\/","url_meta":{"origin":234,"position":2},"title":"07. Juli 2012 &#8211; Bauernmarktfest Brunn am Gebirge &#8211; Filmbeitrag","date":"1. August 2012","format":false,"excerpt":"Das Bauernmarktfest in Brunn am Gebirge war ein voller Erfolg! Das Publikum war begeistert und das Wetter hervorragend. Ein kleiner Filmbeitrag auf\u00a0www.tv-web.at l\u00e4sst die gute Stimmung erkennen. Um den Film zu sehen folgen Sie bitte diesen Link. zur\u00fcck \u00a0 \u00a0","rel":"","context":"\u00c4hnlicher Beitrag","img":{"alt_text":"","src":"","width":0,"height":0},"classes":[]},{"id":75,"url":"https:\/\/www.fisch-fest.net\/wordpress\/news\/25-september-2011-steckerlfisch-im-winkler-markt\/","url_meta":{"origin":234,"position":3},"title":"25. September 2011 &#8211; Steckerlfisch im Winkler Markt","date":"23. Oktober 2011","format":false,"excerpt":"Das Nachbarschaftsfest im Winklermarkt war ein gro\u00dfer Erfolg. Besten Dank an Alle! Besonders gefreut haben wir uns \u00fcber das ausgezeichnete Feedback bez\u00fcglich unserer Steckerlfische! Wir freuen uns bereits wieder auf das n\u00e4chste Nachbarschaftsfest! Mit besten Dank Andreas Pinter\u00a0\u00a0\u00a0\u00a0\u00a0\u00a0\u00a0\u00a0\u00a0\u00a0\u00a0\u00a0\u00a0\u00a0\u00a0\u00a0\u00a0\u00a0\u00a0\u00a0\u00a0\u00a0\u00a0\u00a0\u00a0\u00a0\u00a0\u00a0\u00a0\u00a0\u00a0\u00a0\u00a0\u00a0\u00a0\u00a0\u00a0\u00a0\u00a0\u00a0\u00a0\u00a0\u00a0\u00a0\u00a0\u00a0\u00a0\u00a0\u00a0\u00a0\u00a0\u00a0\u00a0\u00a0\u00a0\u00a0\u00a0\u00a0\u00a0\u00a0\u00a0\u00a0\u00a0\u00a0\u00a0\u00a0\u00a0\u00a0\u00a0\u00a0\u00a0\u00a0\u00a0\u00a0\u00a0\u00a0\u00a0\u00a0\u00a0\u00a0\u00a0\u00a0 zur\u00fcck","rel":"","context":"\u00c4hnlicher Beitrag","img":{"alt_text":"","src":"","width":0,"height":0},"classes":[]},{"id":56,"url":"https:\/\/www.fisch-fest.net\/wordpress\/news\/","url_meta":{"origin":234,"position":4},"title":"News","date":"23. Oktober 2011","format":false,"excerpt":"Alle Termine finden Sie in unserem Veranstaltungskalender Ehrungen Ab Hof 2013 \"Verleihung Fischkaiser\" Hier finden Sie vergangene Ereignisse! Fest der Sinne vom 22. bis 23. November in der Plus City in Pasching Genusslandstra\u00dfe vom 13. bis 14 September in der Linzer City Einkaufsnacht in Waidhofen am 30.08.2013 03.05. - 04.05.2013\u2026","rel":"","context":"\u00c4hnlicher Beitrag","img":{"alt_text":"","src":"","width":0,"height":0},"classes":[]},{"id":1501,"url":"https:\/\/www.fisch-fest.net\/wordpress\/produkte\/spezialitaeten\/","url_meta":{"origin":234,"position":5},"title":"Spezialit\u00e4ten","date":"9. April 2017","format":false,"excerpt":"Mousse vom R\u00e4ucherfisch Das fluffig elegante R\u00e4ucherfischmousse sollte auf keiner eleganten Fischplatte fehlen. Der einzigartig hervorragende Geschmack wird in Ihnen das Verlangen nach mehr hervorrufen. Tauchen Sie ein in die berauschende Welt des Fischgenusses. R\u00e4ucherfischtatare Die besondere Art des Fischgenusses. Das R\u00e4ucherfischtartare wird Ihnen eine andere Welt des Fischgenusses pr\u00e4sentieren.\u2026","rel":"","context":"\u00c4hnlicher Beitrag","img":{"alt_text":"Mousse vom R\u00c3\u00a4ucherfisch","src":"https:\/\/i0.wp.com\/www.fisch-fest.net\/wordpress\/wp-content\/uploads\/2017\/04\/5860287713-4-1-1.jpg?resize=350%2C200","width":350,"height":200},"classes":[]}],"_links":{"self":[{"href":"https:\/\/www.fisch-fest.net\/wordpress\/wp-json\/wp\/v2\/pages\/234","targetHints":{"allow":["GET"]}}],"collection":[{"href":"https:\/\/www.fisch-fest.net\/wordpress\/wp-json\/wp\/v2\/pages"}],"about":[{"href":"https:\/\/www.fisch-fest.net\/wordpress\/wp-json\/wp\/v2\/types\/page"}],"author":[{"embeddable":true,"href":"https:\/\/www.fisch-fest.net\/wordpress\/wp-json\/wp\/v2\/users\/1"}],"replies":[{"embeddable":true,"href":"https:\/\/www.fisch-fest.net\/wordpress\/wp-json\/wp\/v2\/comments?post=234"}],"version-history":[{"count":74,"href":"https:\/\/www.fisch-fest.net\/wordpress\/wp-json\/wp\/v2\/pages\/234\/revisions"}],"predecessor-version":[{"id":258,"href":"https:\/\/www.fisch-fest.net\/wordpress\/wp-json\/wp\/v2\/pages\/234\/revisions\/258"}],"up":[{"embeddable":true,"href":"https:\/\/www.fisch-fest.net\/wordpress\/wp-json\/wp\/v2\/pages\/56"}],"wp:attachment":[{"href":"https:\/\/www.fisch-fest.net\/wordpress\/wp-json\/wp\/v2\/media?parent=234"}],"curies":[{"name":"wp","href":"https:\/\/api.w.org\/{rel}","templated":true}]}}

<p><a href="http://www.fisch-fest.at/Steckerlfisch.htm"><img loading="lazy" decoding="async" data-attachment-id="271" data-permalink="https://www.fisch-fest.net/wordpress/news/termine-steckerlfisch/steckerlfisch3/" data-orig-file="https://i0.wp.com/www.fisch-fest.net/wordpress/wp-content/uploads/2012/05/Steckerlfisch3.jpg?fit=2016%2C1314&amp;ssl=1" data-orig-size="2016,1314" data-comments-opened="1" data-image-meta="{&quot;aperture&quot;:&quot;2.8&quot;,&quot;credit&quot;:&quot;&quot;,&quot;camera&quot;:&quot;DSC-P72&quot;,&quot;caption&quot;:&quot;&quot;,&quot;created_timestamp&quot;:&quot;1247338729&quot;,&quot;copyright&quot;:&quot;&quot;,&quot;focal_length&quot;:&quot;6&quot;,&quot;iso&quot;:&quot;100&quot;,&quot;shutter_speed&quot;:&quot;0.005&quot;,&quot;title&quot;:&quot;&quot;}" data-image-title="Steckerlfische" data-image-description="" data-image-caption="" data-medium-file="https://i0.wp.com/www.fisch-fest.net/wordpress/wp-content/uploads/2012/05/Steckerlfisch3.jpg?fit=300%2C195&amp;ssl=1" data-large-file="https://i0.wp.com/www.fisch-fest.net/wordpress/wp-content/uploads/2012/05/Steckerlfisch3.jpg?fit=863%2C562&amp;ssl=1" class="wp-image-271 alignleft" title="Steckerlfische" src="https://i0.wp.com/www.fisch-fest.net/wordpress/wp-content/uploads/2012/05/Steckerlfisch3.jpg?resize=300%2C180&#038;ssl=1" alt="Steckerlfische" width="300" height="180" data-recalc-dims="1" /></a></p>
<p>Unsere Steckerlfische sind eine Gaumenfreude und ein Geschmackserlebnis der besonderen Art.<br />
Für unsere Köstlichkeiten verwenden wir nur Saiblinge oder Forellen in höchster Qualität. <em>Besuchen Sie uns und sie sind überzeugt!<br />
</em></p>
<p>&nbsp;</p>
<p><em><strong>Terminübersicht:<br />
<a href="http://www.fisch-fest.net/Veranstaltungskalender.htm">(siehe auch den Veranstaltungskalender)</a></strong></em></p>
<h1><span style="text-decoration: underline;"><strong>Wochenmarkt Waidhofen<br />
</strong></span></h1>
<ul>
<li>leider können wir zur Zeit keine Steckerlfische anbieten</li>
</ul>
<p><a title="News und Veranstaltungskalender" href="https://www.fisch-fest.net/wordpress/fisch_und_fest_news_und_veranstaltungen/">zurück</a></p>

<p>Unsere Steckerlfische sind eine Gaumenfreude und ein Geschmackserlebnis der besonderen Art. Für unsere Köstlichkeiten verwenden wir nur Saiblinge oder Forellen in höchster Qualität. Besuchen Sie uns und sie sind überzeugt! &nbsp; Terminübersicht: (siehe auch den Veranstaltungskalender) Wochenmarkt Waidhofen leider können wir zur Zeit keine Steckerlfische anbieten zurück</p>

Steckerlfische beim Tag der offenen Tür bei Firma Biokompakt Heiztechnik

Die Firma Biokompakt Heiztechnik GmbH und Andreas Pinter verkündete erfreut, dass am 3. und 4. Mai 2013 die Nahversorgertage (Tag der offenen Tür) in 4381 St. Nikola, Sattl 11 stattfinden. Bei dieser Gelegenheit luden wir alle Freunde der Biomasse herzlich ein die Produktionshallen und den Kesselprüfstand der Firma Biokompakt Heiztechnik…

Ähnlicher Beitrag

Steckerlfisch Ob für eine Grillparty im privaten Bereich, in der Gastronomie oder für die Firmenfeier. Unsere Steckerlfische werden Sie begeistern und erfreuen. Die gegrillte Gaumenfreude wird ein Geschmackserlebnis der besonderen Art. Trumpfen Sie mit Steckerlfische, das "Ohhh" wird sicherlich nicht lange auf sich warten lassen.

Das Bauernmarktfest in Brunn am Gebirge war ein voller Erfolg! Das Publikum war begeistert und das Wetter hervorragend. Ein kleiner Filmbeitrag auf www.tv-web.at lässt die gute Stimmung erkennen. Um den Film zu sehen folgen Sie bitte diesen Link. zurück

Das Nachbarschaftsfest im Winklermarkt war ein großer Erfolg. Besten Dank an Alle! Besonders gefreut haben wir uns über das ausgezeichnete Feedback bezüglich unserer Steckerlfische! Wir freuen uns bereits wieder auf das nächste Nachbarschaftsfest! Mit besten Dank Andreas Pinter                                                                                   zurück

Alle Termine finden Sie in unserem Veranstaltungskalender Ehrungen Ab Hof 2013 "Verleihung Fischkaiser" Hier finden Sie vergangene Ereignisse! Fest der Sinne vom 22. bis 23. November in der Plus City in Pasching Genusslandstraße vom 13. bis 14 September in der Linzer City Einkaufsnacht in Waidhofen am 30.08.2013 03.05. - 04.05.2013…

Spezialitäten

Mousse vom Räucherfisch Das fluffig elegante Räucherfischmousse sollte auf keiner eleganten Fischplatte fehlen. Der einzigartig hervorragende Geschmack wird in Ihnen das Verlangen nach mehr hervorrufen. Tauchen Sie ein in die berauschende Welt des Fischgenusses. Räucherfischtatare Die besondere Art des Fischgenusses. Das Räucherfischtartare wird Ihnen eine andere Welt des Fischgenusses präsentieren.…

Mousse vom RÃ¤ucherfisch
