{"id":2236,"date":"2017-04-12T15:40:25","date_gmt":"2017-04-12T15:40:25","guid":{"rendered":"http:\/\/www.fisch-fest.net\/wordpress\/?page_id=2236"},"modified":"2021-01-11T16:12:05","modified_gmt":"2021-01-11T16:12:05","slug":"wochenmarkt-amstetten","status":"publish","type":"page","link":"https:\/\/www.fisch-fest.net\/wordpress\/veranstaltung\/wochenmarkt-amstetten\/","title":{"rendered":"Wochenmarkt Amstetten"},"content":{"rendered":"<div id=\"pl-2236\"  class=\"panel-layout\" ><div id=\"pg-2236-0\"  class=\"panel-grid panel-no-style\" ><div id=\"pgc-2236-0-0\"  class=\"panel-grid-cell\" ><div id=\"panel-2236-0-0-0\" class=\"so-panel widget widget_sow-editor panel-first-child panel-last-child\" data-index=\"0\" ><div class=\"Produkte_Verlinkung panel-widget-style panel-widget-style-for-2236-0-0-0\" ><div\n\t\t\t\n\t\t\tclass=\"so-widget-sow-editor so-widget-sow-editor-base\"\n\t\t\t\n\t\t>\n<div class=\"siteorigin-widget-tinymce textwidget\">\n\t<p>Der Wochenmarkt in Amstetten bietet jeden <strong>Donnerstag von 7:30 bis 11:45 Uhr<\/strong> ein frisches und regionales Angebot von Fischprodukten.<\/p>\n<p>Der Markt findet in der Fu\u00dfg\u00e4ngerzone am Hauptplatz in Amstetten statt.<\/p>\n<p>Nat\u00fcrlich finden Sie bei diesem beliebten Markt noch viele weitere Angebote vom Speck bis zum Brot uvm.<\/p>\n<p>Ein Besuch wird Sie vom Angebot \u00fcberzeugen.<\/p>\n<p>Der Mann mit der wei\u00dfen Kappe freut sich auf Ihren Besuch.<\/p>\n<p>Angeboten werden <a href=\"http:\/\/www.fisch-fest.net\/wordpress\/produkte\/frischfisch\/\" target=\"_blank\" rel=\"noopener\">Frischfisch<\/a>, <a href=\"http:\/\/www.fisch-fest.net\/wordpress\/produkte\/raeucherfisch\/\" target=\"_blank\" rel=\"noopener\">R\u00e4ucherfisch <\/a>und <a href=\"http:\/\/www.fisch-fest.net\/wordpress\/produkte\/spezialitaeten\/\" target=\"_blank\" rel=\"noopener\">Fischspezialit\u00e4ten<\/a>.<\/p>\n<p>An Feiertagen, im Urlaub oder unter au\u00dfergew\u00f6hnlichen Umst\u00e4nden entf\u00e4llt der Wochenmarkt. Genaueres finden Sie im Veranstaltungskalender!<\/p>\n<p><a href=\"http:\/\/www.fisch-fest.net\/wordpress\/veranstaltungskalender\/\" target=\"_blank\" rel=\"noopener\">Zum Veranstaltungskalender<\/a><\/p>\n<\/div>\n<\/div><\/div><\/div><\/div><div id=\"pgc-2236-0-1\"  class=\"panel-grid-cell\" ><div id=\"panel-2236-0-1-0\" class=\"so-panel widget widget_sow-editor panel-first-child panel-last-child\" data-index=\"1\" ><div\n\t\t\t\n\t\t\tclass=\"so-widget-sow-editor so-widget-sow-editor-base\"\n\t\t\t\n\t\t>\n<div class=\"siteorigin-widget-tinymce textwidget\">\n\t<p><iframe loading=\"lazy\" src=\"https:\/\/www.google.com\/maps\/d\/embed?mid=1CKpu8spa2tC4pmuNyH8BSJodZZQ\" width=\"640\" height=\"480\"><\/iframe><\/p>\n<p>Standplatz<br \/> Fisch&amp;Fest - Andreas Pinter<br \/> am Wochenmarkt<br \/> in\u00a0Amstetten<\/p>\n<\/div>\n<\/div><\/div><\/div><\/div><\/div>","protected":false},"excerpt":{"rendered":"<p>Der Wochenmarkt in Amstetten bietet jeden Donnerstag von 7:30 bis 11:45 Uhr ein frisches und regionales Angebot von Fischprodukten. Der Markt findet in der Fu\u00dfg\u00e4ngerzone am Hauptplatz in Amstetten statt. Nat\u00fcrlich finden Sie bei diesem beliebten Markt noch viele weitere Angebote vom Speck bis zum Brot uvm. Ein Besuch wird Sie vom Angebot \u00fcberzeugen. Der &hellip; <a href=\"https:\/\/www.fisch-fest.net\/wordpress\/veranstaltung\/wochenmarkt-amstetten\/\" class=\"more-link\"><span class=\"screen-reader-text\">Wochenmarkt Amstetten<\/span> weiterlesen<\/a><\/p>\n","protected":false},"author":1,"featured_media":0,"parent":1383,"menu_order":0,"comment_status":"closed","ping_status":"closed","template":"","meta":{"jetpack_post_was_ever_published":false,"footnotes":""},"class_list":["post-2236","page","type-page","status-publish","hentry"],"jetpack_sharing_enabled":true,"jetpack_shortlink":"https:\/\/wp.me\/P8BrCw-A4","jetpack-related-posts":[{"id":1383,"url":"https:\/\/www.fisch-fest.net\/wordpress\/veranstaltung\/","url_meta":{"origin":2236,"position":0},"title":"Veranstaltungen","date":"12. April 2017","format":false,"excerpt":"Wochenm\u00e4rkte Wochenmarkt Amstetten Wochenmarkt Purkersdorf Wochenmarkt Marchtrenk (14-t\u00e4gig) SteckerlfischZur Zeit sind keine Steckerlfischveranstaltungen geplant!\u00a0Um Veranstaltungen zu buchen melden Sie sich telefonisch an! Genussland-veranstaltungZur Zeit finden keine \u00a0Genusslandveranstaltungen statt. Zum Veranstaltungs-kalender","rel":"","context":"\u00c4hnlicher Beitrag","img":{"alt_text":"","src":"","width":0,"height":0},"classes":[]},{"id":2479,"url":"https:\/\/www.fisch-fest.net\/wordpress\/veranstaltung\/wochenmarkt-purkersdorf\/","url_meta":{"origin":2236,"position":1},"title":"Wochenmarkt Purkersdorf","date":"12. April 2017","format":false,"excerpt":"Der Wochenmarkt in Purkersdorf bietet jeden Freitag von 8:30 bis 16:30 Uhr ein frisches und regionales Angebot von Fischprodukten. Der Markt findet am Hauptplatz in Purkersdorf\u00a0statt. Nat\u00fcrlich finden Sie bei diesem beliebten Markt noch viele weitere Angebote vom Speck bis zum Brot uvm. Ein Besuch wird Sie vom Angebot \u00fcberzeugen.\u2026","rel":"","context":"\u00c4hnlicher Beitrag","img":{"alt_text":"","src":"","width":0,"height":0},"classes":[]},{"id":2362,"url":"https:\/\/www.fisch-fest.net\/wordpress\/veranstaltung\/wochenmarkt-marchtrenk\/","url_meta":{"origin":2236,"position":2},"title":"Wochenmarkt Marchtrenk","date":"12. April 2017","format":false,"excerpt":"Der Wochenmarkt in Marchtrenk am Samstag von 8:15 bis 11:30 Uhr bietet ein frisches und regionales Angebot von Fischprodukten. (14-Tage-Rhythmus) Nat\u00fcrlich finden Sie bei diesem beliebten Markt noch viele weitere Angebote vom Speck bis zum Brot uvm. Ein Besuch wird Sie vom Angebot \u00fcberzeugen. Ich freue mich in einem 14-Tage-Rhythmus\u2026","rel":"","context":"\u00c4hnlicher Beitrag","img":{"alt_text":"","src":"","width":0,"height":0},"classes":[]},{"id":234,"url":"https:\/\/www.fisch-fest.net\/wordpress\/news\/termine-steckerlfisch\/","url_meta":{"origin":2236,"position":3},"title":"Termine Steckerlfische","date":"20. April 2012","format":false,"excerpt":"Unsere Steckerlfische sind eine Gaumenfreude und ein Geschmackserlebnis der besonderen Art. F\u00fcr unsere K\u00f6stlichkeiten verwenden wir\u00a0nur Saiblinge oder Forellen in h\u00f6chster Qualit\u00e4t.\u00a0Besuchen Sie uns und sie sind \u00fcberzeugt! \u00a0 Termin\u00fcbersicht: (siehe auch den Veranstaltungskalender) Wochenmarkt Waidhofen leider k\u00f6nnen wir zur Zeit keine Steckerlfische anbieten zur\u00fcck","rel":"","context":"\u00c4hnlicher Beitrag","img":{"alt_text":"","src":"","width":0,"height":0},"classes":[]},{"id":1745,"url":"https:\/\/www.fisch-fest.net\/wordpress\/copyright\/","url_meta":{"origin":2236,"position":4},"title":"Copyright","date":"9. April 2017","format":false,"excerpt":"S\u00e4mtliche Inhalte der Website, insbesondere Fotos, Layout und Gestaltung sind urheberrechtlich gesch\u00fctzt. Die Vervielf\u00e4ltigung von Bestandteilen der Website, insbesondere von Texten, Textteilen, Bildmaterial, Videos oder grafischen Darstellungen bedarf, wenn nicht explizit angef\u00fchrt, der vorherigen schriftlichen Zustimmung von Andreas Pinter. Es wird keinerlei Haftung f\u00fcr Vollst\u00e4ndigkeit, Richtigkeit, Aktualit\u00e4t und Inhalten von\u2026","rel":"","context":"\u00c4hnlicher Beitrag","img":{"alt_text":"","src":"","width":0,"height":0},"classes":[]},{"id":758,"url":"https:\/\/www.fisch-fest.net\/wordpress\/fischer\/","url_meta":{"origin":2236,"position":5},"title":"Der Fischer","date":"9. April 2017","format":false,"excerpt":"Fisch in seiner besten\u00a0Art Leidenschaftliche Fischliebhaber und Fischkenner sind hier richtig! Sie werden von der Qualit\u00e4t begeistert sein! Probieren Sie die Spezialit\u00e4ten, Filets und ganzen Fische von Andreas Pinter. Egal ob ger\u00e4uchert oder f\u00fcr die Bratpfanne, diese Qualit\u00e4t wird Sie \u00fcberzeugen! Bei Fisch&Fest z\u00e4hlt Handarbeit! Die Fische werden noch von\u2026","rel":"","context":"\u00c4hnlicher Beitrag","img":{"alt_text":"Frischfisch gebraten","src":"https:\/\/i0.wp.com\/www.fisch-fest.net\/wordpress\/wp-content\/uploads\/2017\/04\/9838788236.jpg?resize=350%2C200","width":350,"height":200},"classes":[]}],"_links":{"self":[{"href":"https:\/\/www.fisch-fest.net\/wordpress\/wp-json\/wp\/v2\/pages\/2236","targetHints":{"allow":["GET"]}}],"collection":[{"href":"https:\/\/www.fisch-fest.net\/wordpress\/wp-json\/wp\/v2\/pages"}],"about":[{"href":"https:\/\/www.fisch-fest.net\/wordpress\/wp-json\/wp\/v2\/types\/page"}],"author":[{"embeddable":true,"href":"https:\/\/www.fisch-fest.net\/wordpress\/wp-json\/wp\/v2\/users\/1"}],"replies":[{"embeddable":true,"href":"https:\/\/www.fisch-fest.net\/wordpress\/wp-json\/wp\/v2\/comments?post=2236"}],"version-history":[{"count":4,"href":"https:\/\/www.fisch-fest.net\/wordpress\/wp-json\/wp\/v2\/pages\/2236\/revisions"}],"predecessor-version":[{"id":2655,"href":"https:\/\/www.fisch-fest.net\/wordpress\/wp-json\/wp\/v2\/pages\/2236\/revisions\/2655"}],"up":[{"embeddable":true,"href":"https:\/\/www.fisch-fest.net\/wordpress\/wp-json\/wp\/v2\/pages\/1383"}],"wp:attachment":[{"href":"https:\/\/www.fisch-fest.net\/wordpress\/wp-json\/wp\/v2\/media?parent=2236"}],"curies":[{"name":"wp","href":"https:\/\/api.w.org\/{rel}","templated":true}]}}

<div id="pl-2236"  class="panel-layout" ><div id="pg-2236-0"  class="panel-grid panel-no-style" ><div id="pgc-2236-0-0"  class="panel-grid-cell" ><div id="panel-2236-0-0-0" class="so-panel widget widget_sow-editor panel-first-child panel-last-child" data-index="0" ><div class="Produkte_Verlinkung panel-widget-style panel-widget-style-for-2236-0-0-0" ><div
			
			class="so-widget-sow-editor so-widget-sow-editor-base"
			
		>
<div class="siteorigin-widget-tinymce textwidget">
	<p>Der Wochenmarkt in Amstetten bietet jeden <strong>Donnerstag von 7:30 bis 11:45 Uhr</strong> ein frisches und regionales Angebot von Fischprodukten.</p>
<p>Der Markt findet in der Fußgängerzone am Hauptplatz in Amstetten statt.</p>
<p>Natürlich finden Sie bei diesem beliebten Markt noch viele weitere Angebote vom Speck bis zum Brot uvm.</p>
<p>Ein Besuch wird Sie vom Angebot überzeugen.</p>
<p>Der Mann mit der weißen Kappe freut sich auf Ihren Besuch.</p>
<p>Angeboten werden <a href="http://www.fisch-fest.net/wordpress/produkte/frischfisch/" target="_blank" rel="noopener">Frischfisch</a>, <a href="http://www.fisch-fest.net/wordpress/produkte/raeucherfisch/" target="_blank" rel="noopener">Räucherfisch </a>und <a href="http://www.fisch-fest.net/wordpress/produkte/spezialitaeten/" target="_blank" rel="noopener">Fischspezialitäten</a>.</p>
<p>An Feiertagen, im Urlaub oder unter außergewöhnlichen Umständen entfällt der Wochenmarkt. Genaueres finden Sie im Veranstaltungskalender!</p>
<p><a href="http://www.fisch-fest.net/wordpress/veranstaltungskalender/" target="_blank" rel="noopener">Zum Veranstaltungskalender</a></p>
</div>
</div></div></div></div><div id="pgc-2236-0-1"  class="panel-grid-cell" ><div id="panel-2236-0-1-0" class="so-panel widget widget_sow-editor panel-first-child panel-last-child" data-index="1" ><div
			
			class="so-widget-sow-editor so-widget-sow-editor-base"
			
		>
<div class="siteorigin-widget-tinymce textwidget">
	<p><iframe loading="lazy" src="https://www.google.com/maps/d/embed?mid=1CKpu8spa2tC4pmuNyH8BSJodZZQ" width="640" height="480"></iframe></p>
<p>Standplatz<br /> Fisch&amp;Fest - Andreas Pinter<br /> am Wochenmarkt<br /> in Amstetten</p>
</div>
</div></div></div></div></div>

<p>Der Wochenmarkt in Amstetten bietet jeden Donnerstag von 7:30 bis 11:45 Uhr ein frisches und regionales Angebot von Fischprodukten. Der Markt findet in der Fußgängerzone am Hauptplatz in Amstetten statt. Natürlich finden Sie bei diesem beliebten Markt noch viele weitere Angebote vom Speck bis zum Brot uvm. Ein Besuch wird Sie vom Angebot überzeugen. Der &hellip; <a href="https://www.fisch-fest.net/wordpress/veranstaltung/wochenmarkt-amstetten/" class="more-link"><span class="screen-reader-text">Wochenmarkt Amstetten</span> weiterlesen</a></p>

Wochenmärkte Wochenmarkt Amstetten Wochenmarkt Purkersdorf Wochenmarkt Marchtrenk (14-tägig) SteckerlfischZur Zeit sind keine Steckerlfischveranstaltungen geplant! Um Veranstaltungen zu buchen melden Sie sich telefonisch an! Genussland-veranstaltungZur Zeit finden keine  Genusslandveranstaltungen statt. Zum Veranstaltungs-kalender

Ähnlicher Beitrag

Der Wochenmarkt in Purkersdorf bietet jeden Freitag von 8:30 bis 16:30 Uhr ein frisches und regionales Angebot von Fischprodukten. Der Markt findet am Hauptplatz in Purkersdorf statt. Natürlich finden Sie bei diesem beliebten Markt noch viele weitere Angebote vom Speck bis zum Brot uvm. Ein Besuch wird Sie vom Angebot überzeugen.…

Der Wochenmarkt in Marchtrenk am Samstag von 8:15 bis 11:30 Uhr bietet ein frisches und regionales Angebot von Fischprodukten. (14-Tage-Rhythmus) Natürlich finden Sie bei diesem beliebten Markt noch viele weitere Angebote vom Speck bis zum Brot uvm. Ein Besuch wird Sie vom Angebot überzeugen. Ich freue mich in einem 14-Tage-Rhythmus…

Unsere Steckerlfische sind eine Gaumenfreude und ein Geschmackserlebnis der besonderen Art. Für unsere Köstlichkeiten verwenden wir nur Saiblinge oder Forellen in höchster Qualität. Besuchen Sie uns und sie sind überzeugt!   Terminübersicht: (siehe auch den Veranstaltungskalender) Wochenmarkt Waidhofen leider können wir zur Zeit keine Steckerlfische anbieten zurück

Sämtliche Inhalte der Website, insbesondere Fotos, Layout und Gestaltung sind urheberrechtlich geschützt. Die Vervielfältigung von Bestandteilen der Website, insbesondere von Texten, Textteilen, Bildmaterial, Videos oder grafischen Darstellungen bedarf, wenn nicht explizit angeführt, der vorherigen schriftlichen Zustimmung von Andreas Pinter. Es wird keinerlei Haftung für Vollständigkeit, Richtigkeit, Aktualität und Inhalten von…

Fisch in seiner besten Art Leidenschaftliche Fischliebhaber und Fischkenner sind hier richtig! Sie werden von der Qualität begeistert sein! Probieren Sie die Spezialitäten, Filets und ganzen Fische von Andreas Pinter. Egal ob geräuchert oder für die Bratpfanne, diese Qualität wird Sie überzeugen! Bei Fisch&Fest zählt Handarbeit! Die Fische werden noch von…
