{"id":213,"date":"2012-04-20T12:42:54","date_gmt":"2012-04-20T12:42:54","guid":{"rendered":"http:\/\/www.fisch-fest.net\/wordpress\/?page_id=213"},"modified":"2012-04-20T12:42:54","modified_gmt":"2012-04-20T12:42:54","slug":"02-marz-2012-medaillenregen-bei-der-messe-ab-hof-in-wieselburg","status":"publish","type":"page","link":"https:\/\/www.fisch-fest.net\/wordpress\/news\/02-marz-2012-medaillenregen-bei-der-messe-ab-hof-in-wieselburg\/","title":{"rendered":"02. M\u00e4rz 2012 &#8211; Medaillenregen bei der Messe &#8222;Ab Hof&#8220; in Wieselburg"},"content":{"rendered":"<p>Andreas Pinter r\u00e4umte beim Fischkaiser gewaltig ab!!<br \/>\nMit zwei Goldmedaillen und drei Silbermedaillen ist Andreas sehr zufrieden und freut sich, dass auch auf der \u201cAb Hof 2012\u2033 in Wieselburg seine Anstrengungen, Fisch f\u00fcr h\u00f6chste Qualit\u00e4tsanspr\u00fcche zu produzieren, Anerkennung gefunden haben.<\/p>\n<p><a title=\"News und Veranstaltungskalender\" href=\"https:\/\/www.fisch-fest.net\/wordpress\/?page_id=56\">zur\u00fcck<\/a><\/p>\n<p><a href=\"https:\/\/i0.wp.com\/www.fisch-fest.net\/wordpress\/wp-content\/uploads\/2012\/04\/Medaillenregen.jpg?ssl=1\"><img loading=\"lazy\" decoding=\"async\" data-attachment-id=\"217\" data-permalink=\"https:\/\/www.fisch-fest.net\/wordpress\/news\/02-marz-2012-medaillenregen-bei-der-messe-ab-hof-in-wieselburg\/medaillenregen\/\" data-orig-file=\"https:\/\/i0.wp.com\/www.fisch-fest.net\/wordpress\/wp-content\/uploads\/2012\/04\/Medaillenregen.jpg?fit=1181%2C788&amp;ssl=1\" data-orig-size=\"1181,788\" data-comments-opened=\"1\" data-image-meta=\"{&quot;aperture&quot;:&quot;4.5&quot;,&quot;credit&quot;:&quot;&quot;,&quot;camera&quot;:&quot;Canon EOS 1000D&quot;,&quot;caption&quot;:&quot;&quot;,&quot;created_timestamp&quot;:&quot;1330690971&quot;,&quot;copyright&quot;:&quot;&quot;,&quot;focal_length&quot;:&quot;33&quot;,&quot;iso&quot;:&quot;400&quot;,&quot;shutter_speed&quot;:&quot;0.016666666666667&quot;,&quot;title&quot;:&quot;&quot;}\" data-image-title=\"Medaillenregen\" data-image-description=\"\" data-image-caption=\"\" data-medium-file=\"https:\/\/i0.wp.com\/www.fisch-fest.net\/wordpress\/wp-content\/uploads\/2012\/04\/Medaillenregen.jpg?fit=300%2C200&amp;ssl=1\" data-large-file=\"https:\/\/i0.wp.com\/www.fisch-fest.net\/wordpress\/wp-content\/uploads\/2012\/04\/Medaillenregen.jpg?fit=863%2C576&amp;ssl=1\" class=\"alignleft size-medium wp-image-217\" title=\"Medaillenregen\" src=\"https:\/\/i0.wp.com\/www.fisch-fest.net\/wordpress\/wp-content\/uploads\/2012\/04\/Medaillenregen.jpg?resize=300%2C200&#038;ssl=1\" alt=\"Medaillenregen auf der &quot;Ab Hof&quot; in Wieselburg\" width=\"300\" height=\"200\" srcset=\"https:\/\/i0.wp.com\/www.fisch-fest.net\/wordpress\/wp-content\/uploads\/2012\/04\/Medaillenregen.jpg?resize=300%2C200&amp;ssl=1 300w, https:\/\/i0.wp.com\/www.fisch-fest.net\/wordpress\/wp-content\/uploads\/2012\/04\/Medaillenregen.jpg?resize=1024%2C683&amp;ssl=1 1024w, https:\/\/i0.wp.com\/www.fisch-fest.net\/wordpress\/wp-content\/uploads\/2012\/04\/Medaillenregen.jpg?resize=449%2C300&amp;ssl=1 449w, https:\/\/i0.wp.com\/www.fisch-fest.net\/wordpress\/wp-content\/uploads\/2012\/04\/Medaillenregen.jpg?w=1181&amp;ssl=1 1181w\" sizes=\"auto, (max-width: 300px) 100vw, 300px\" data-recalc-dims=\"1\" \/><\/a><\/p>\n<p>&nbsp;<\/p>\n<p>&nbsp;<\/p>\n","protected":false},"excerpt":{"rendered":"<p>Andreas Pinter r\u00e4umte beim Fischkaiser gewaltig ab!! Mit zwei Goldmedaillen und drei Silbermedaillen ist Andreas sehr zufrieden und freut sich, dass auch auf der \u201cAb Hof 2012\u2033 in Wieselburg seine Anstrengungen, Fisch f\u00fcr h\u00f6chste Qualit\u00e4tsanspr\u00fcche zu produzieren, Anerkennung gefunden haben. zur\u00fcck &nbsp; &nbsp;<\/p>\n","protected":false},"author":1,"featured_media":0,"parent":56,"menu_order":2,"comment_status":"open","ping_status":"open","template":"sidebar-page.php","meta":{"jetpack_post_was_ever_published":false,"footnotes":""},"class_list":["post-213","page","type-page","status-publish","hentry"],"jetpack_sharing_enabled":true,"jetpack_shortlink":"https:\/\/wp.me\/P8BrCw-3r","jetpack-related-posts":[{"id":453,"url":"https:\/\/www.fisch-fest.net\/wordpress\/news\/01-04-marz-2013-erneuter-medaillenregen-bei-der-messe-ab-hof-in-wieselburg\/","url_meta":{"origin":213,"position":0},"title":"01. &#8211; 04. M\u00e4rz 2013 &#8211; Erneuter Medaillenregen bei der Messe &#8222;Ab Hof&#8220; in Wieselburg","date":"25. August 2013","format":false,"excerpt":"Andreas Pinter r\u00e4umte bei der \"Ab Hof 2013\" gewaltig ab!! Neben zahlreichen Goldmedaillen\u00a0hat es Andreas Pinter auf der \u201cAb Hof 2013\u2033 in Wieselburg nun\u00a0geschafft.\u00a0Seine Anstrengungen, Fische f\u00fcr h\u00f6chste Qualit\u00e4tsanspr\u00fcche zu produzieren hat durch die h\u00f6chste Auszeichnung \"dem Fischkaiser\" Anerkennung gefunden. \u00a0 Als bestes Produkt \u00d6sterreichs hat Andreas Pinter f\u00fcr die\u2026","rel":"","context":"\u00c4hnlicher Beitrag","img":{"alt_text":"","src":"","width":0,"height":0},"classes":[]},{"id":56,"url":"https:\/\/www.fisch-fest.net\/wordpress\/news\/","url_meta":{"origin":213,"position":1},"title":"News","date":"23. Oktober 2011","format":false,"excerpt":"Alle Termine finden Sie in unserem Veranstaltungskalender Ehrungen Ab Hof 2013 \"Verleihung Fischkaiser\" Hier finden Sie vergangene Ereignisse! Fest der Sinne vom 22. bis 23. November in der Plus City in Pasching Genusslandstra\u00dfe vom 13. bis 14 September in der Linzer City Einkaufsnacht in Waidhofen am 30.08.2013 03.05. - 04.05.2013\u2026","rel":"","context":"\u00c4hnlicher Beitrag","img":{"alt_text":"","src":"","width":0,"height":0},"classes":[]},{"id":758,"url":"https:\/\/www.fisch-fest.net\/wordpress\/fischer\/","url_meta":{"origin":213,"position":2},"title":"Der Fischer","date":"9. April 2017","format":false,"excerpt":"Fisch in seiner besten\u00a0Art Leidenschaftliche Fischliebhaber und Fischkenner sind hier richtig! Sie werden von der Qualit\u00e4t begeistert sein! Probieren Sie die Spezialit\u00e4ten, Filets und ganzen Fische von Andreas Pinter. Egal ob ger\u00e4uchert oder f\u00fcr die Bratpfanne, diese Qualit\u00e4t wird Sie \u00fcberzeugen! Bei Fisch&Fest z\u00e4hlt Handarbeit! Die Fische werden noch von\u2026","rel":"","context":"\u00c4hnlicher Beitrag","img":{"alt_text":"Frischfisch gebraten","src":"https:\/\/i0.wp.com\/www.fisch-fest.net\/wordpress\/wp-content\/uploads\/2017\/04\/9838788236.jpg?resize=350%2C200","width":350,"height":200},"classes":[]},{"id":1142,"url":"https:\/\/www.fisch-fest.net\/wordpress\/produkte\/frischfisch\/","url_meta":{"origin":213,"position":3},"title":"Frischfisch","date":"9. April 2017","format":false,"excerpt":"Fisch in seiner besten\u00a0Art Leidenschaftliche Fischliebhaber und Fischkenner sind hier richtig! Sie werden von der Qualit\u00e4t begeistert sein! Probieren Sie die Spezialit\u00e4ten, Filets und ganzen Fische von Andreas Pinter. Egal ob ger\u00e4uchert oder f\u00fcr die Bratpfanne, diese Qualit\u00e4t wird Sie \u00fcberzeugen! Bei Fisch&Fest z\u00e4hlt Handarbeit! Die Fische werden noch von\u2026","rel":"","context":"\u00c4hnlicher Beitrag","img":{"alt_text":"Frischfisch gebraten","src":"https:\/\/i0.wp.com\/www.fisch-fest.net\/wordpress\/wp-content\/uploads\/2017\/04\/9838788236.jpg?resize=350%2C200","width":350,"height":200},"classes":[]},{"id":1265,"url":"https:\/\/www.fisch-fest.net\/wordpress\/produkte\/raeucherfisch\/","url_meta":{"origin":213,"position":4},"title":"R\u00e4ucherfisch","date":"9. April 2017","format":false,"excerpt":"Fisch in seiner besten\u00a0Art Leidenschaftliche Fischliebhaber und Fischkenner sind hier richtig! Sie werden von der Qualit\u00e4t begeistert sein! Probieren Sie die Spezialit\u00e4ten, Filets und ganzen Fische von Andreas Pinter. Egal ob ger\u00e4uchert oder f\u00fcr die Bratpfanne, diese Qualit\u00e4t wird Sie \u00fcberzeugen! Bei Fisch&Fest z\u00e4hlt Handarbeit! Die Fische werden noch von\u2026","rel":"","context":"\u00c4hnlicher Beitrag","img":{"alt_text":"Frischfisch gebraten","src":"https:\/\/i0.wp.com\/www.fisch-fest.net\/wordpress\/wp-content\/uploads\/2017\/04\/9838788236.jpg?resize=350%2C200","width":350,"height":200},"classes":[]},{"id":608,"url":"https:\/\/www.fisch-fest.net\/wordpress\/","url_meta":{"origin":213,"position":5},"title":"Fisch&#038;Fest","date":"8. April 2017","format":false,"excerpt":"Alle Informationen zu unseren \u00d6ffnungszeiten finden Sie im Veranstaltungskalender \u00a0 Fisch in seiner besten Form Heimische S\u00fc\u00dfwasserfische gelten als besonders schmackhaft und sind zudem eine gesunde Sache! Genie\u00dfen Sie Fische von heimischen Fischz\u00fcchtern, denen Ihre Fische und unsere Umwelt besonders am Herzen liegen. Leidenschaftliche Fischliebhaber und Fischkenner sind hier richtig!\u2026","rel":"","context":"\u00c4hnlicher Beitrag","img":{"alt_text":"","src":"","width":0,"height":0},"classes":[]}],"_links":{"self":[{"href":"https:\/\/www.fisch-fest.net\/wordpress\/wp-json\/wp\/v2\/pages\/213","targetHints":{"allow":["GET"]}}],"collection":[{"href":"https:\/\/www.fisch-fest.net\/wordpress\/wp-json\/wp\/v2\/pages"}],"about":[{"href":"https:\/\/www.fisch-fest.net\/wordpress\/wp-json\/wp\/v2\/types\/page"}],"author":[{"embeddable":true,"href":"https:\/\/www.fisch-fest.net\/wordpress\/wp-json\/wp\/v2\/users\/1"}],"replies":[{"embeddable":true,"href":"https:\/\/www.fisch-fest.net\/wordpress\/wp-json\/wp\/v2\/comments?post=213"}],"version-history":[{"count":12,"href":"https:\/\/www.fisch-fest.net\/wordpress\/wp-json\/wp\/v2\/pages\/213\/revisions"}],"predecessor-version":[{"id":227,"href":"https:\/\/www.fisch-fest.net\/wordpress\/wp-json\/wp\/v2\/pages\/213\/revisions\/227"}],"up":[{"embeddable":true,"href":"https:\/\/www.fisch-fest.net\/wordpress\/wp-json\/wp\/v2\/pages\/56"}],"wp:attachment":[{"href":"https:\/\/www.fisch-fest.net\/wordpress\/wp-json\/wp\/v2\/media?parent=213"}],"curies":[{"name":"wp","href":"https:\/\/api.w.org\/{rel}","templated":true}]}}

02. März 2012 &#8211; Medaillenregen bei der Messe &#8222;Ab Hof&#8220; in Wieselburg

<p>Andreas Pinter räumte beim Fischkaiser gewaltig ab!!<br />
Mit zwei Goldmedaillen und drei Silbermedaillen ist Andreas sehr zufrieden und freut sich, dass auch auf der “Ab Hof 2012″ in Wieselburg seine Anstrengungen, Fisch für höchste Qualitätsansprüche zu produzieren, Anerkennung gefunden haben.</p>
<p><a title="News und Veranstaltungskalender" href="https://www.fisch-fest.net/wordpress/?page_id=56">zurück</a></p>
<p><a href="https://i0.wp.com/www.fisch-fest.net/wordpress/wp-content/uploads/2012/04/Medaillenregen.jpg?ssl=1"><img loading="lazy" decoding="async" data-attachment-id="217" data-permalink="https://www.fisch-fest.net/wordpress/news/02-marz-2012-medaillenregen-bei-der-messe-ab-hof-in-wieselburg/medaillenregen/" data-orig-file="https://i0.wp.com/www.fisch-fest.net/wordpress/wp-content/uploads/2012/04/Medaillenregen.jpg?fit=1181%2C788&amp;ssl=1" data-orig-size="1181,788" data-comments-opened="1" data-image-meta="{&quot;aperture&quot;:&quot;4.5&quot;,&quot;credit&quot;:&quot;&quot;,&quot;camera&quot;:&quot;Canon EOS 1000D&quot;,&quot;caption&quot;:&quot;&quot;,&quot;created_timestamp&quot;:&quot;1330690971&quot;,&quot;copyright&quot;:&quot;&quot;,&quot;focal_length&quot;:&quot;33&quot;,&quot;iso&quot;:&quot;400&quot;,&quot;shutter_speed&quot;:&quot;0.016666666666667&quot;,&quot;title&quot;:&quot;&quot;}" data-image-title="Medaillenregen" data-image-description="" data-image-caption="" data-medium-file="https://i0.wp.com/www.fisch-fest.net/wordpress/wp-content/uploads/2012/04/Medaillenregen.jpg?fit=300%2C200&amp;ssl=1" data-large-file="https://i0.wp.com/www.fisch-fest.net/wordpress/wp-content/uploads/2012/04/Medaillenregen.jpg?fit=863%2C576&amp;ssl=1" class="alignleft size-medium wp-image-217" title="Medaillenregen" src="https://i0.wp.com/www.fisch-fest.net/wordpress/wp-content/uploads/2012/04/Medaillenregen.jpg?resize=300%2C200&#038;ssl=1" alt="Medaillenregen auf der &quot;Ab Hof&quot; in Wieselburg" width="300" height="200" srcset="https://i0.wp.com/www.fisch-fest.net/wordpress/wp-content/uploads/2012/04/Medaillenregen.jpg?resize=300%2C200&amp;ssl=1 300w, https://i0.wp.com/www.fisch-fest.net/wordpress/wp-content/uploads/2012/04/Medaillenregen.jpg?resize=1024%2C683&amp;ssl=1 1024w, https://i0.wp.com/www.fisch-fest.net/wordpress/wp-content/uploads/2012/04/Medaillenregen.jpg?resize=449%2C300&amp;ssl=1 449w, https://i0.wp.com/www.fisch-fest.net/wordpress/wp-content/uploads/2012/04/Medaillenregen.jpg?w=1181&amp;ssl=1 1181w" sizes="auto, (max-width: 300px) 100vw, 300px" data-recalc-dims="1" /></a></p>
<p>&nbsp;</p>
<p>&nbsp;</p>

<p>Andreas Pinter räumte beim Fischkaiser gewaltig ab!! Mit zwei Goldmedaillen und drei Silbermedaillen ist Andreas sehr zufrieden und freut sich, dass auch auf der “Ab Hof 2012″ in Wieselburg seine Anstrengungen, Fisch für höchste Qualitätsansprüche zu produzieren, Anerkennung gefunden haben. zurück &nbsp; &nbsp;</p>

01. &#8211; 04. März 2013 &#8211; Erneuter Medaillenregen bei der Messe &#8222;Ab Hof&#8220; in Wieselburg

Andreas Pinter räumte bei der "Ab Hof 2013" gewaltig ab!! Neben zahlreichen Goldmedaillen hat es Andreas Pinter auf der “Ab Hof 2013″ in Wieselburg nun geschafft. Seine Anstrengungen, Fische für höchste Qualitätsansprüche zu produzieren hat durch die höchste Auszeichnung "dem Fischkaiser" Anerkennung gefunden.   Als bestes Produkt Österreichs hat Andreas Pinter für die…

Ähnlicher Beitrag

Alle Termine finden Sie in unserem Veranstaltungskalender Ehrungen Ab Hof 2013 "Verleihung Fischkaiser" Hier finden Sie vergangene Ereignisse! Fest der Sinne vom 22. bis 23. November in der Plus City in Pasching Genusslandstraße vom 13. bis 14 September in der Linzer City Einkaufsnacht in Waidhofen am 30.08.2013 03.05. - 04.05.2013…

Fisch in seiner besten Art Leidenschaftliche Fischliebhaber und Fischkenner sind hier richtig! Sie werden von der Qualität begeistert sein! Probieren Sie die Spezialitäten, Filets und ganzen Fische von Andreas Pinter. Egal ob geräuchert oder für die Bratpfanne, diese Qualität wird Sie überzeugen! Bei Fisch&Fest zählt Handarbeit! Die Fische werden noch von…

Räucherfisch

Alle Informationen zu unseren Öffnungszeiten finden Sie im Veranstaltungskalender   Fisch in seiner besten Form Heimische Süßwasserfische gelten als besonders schmackhaft und sind zudem eine gesunde Sache! Genießen Sie Fische von heimischen Fischzüchtern, denen Ihre Fische und unsere Umwelt besonders am Herzen liegen. Leidenschaftliche Fischliebhaber und Fischkenner sind hier richtig!…
