{"id":1745,"date":"2017-04-09T16:04:20","date_gmt":"2017-04-09T16:04:20","guid":{"rendered":"http:\/\/www.fisch-fest.net\/wordpress\/?page_id=1745"},"modified":"2017-04-09T16:04:20","modified_gmt":"2017-04-09T16:04:20","slug":"copyright","status":"publish","type":"page","link":"https:\/\/www.fisch-fest.net\/wordpress\/copyright\/","title":{"rendered":"Copyright"},"content":{"rendered":"<div id=\"pl-1745\"  class=\"panel-layout\" ><div id=\"pg-1745-0\"  class=\"panel-grid panel-no-style\" ><div id=\"pgc-1745-0-0\"  class=\"panel-grid-cell\" ><div id=\"panel-1745-0-0-0\" class=\"so-panel widget widget_sow-editor panel-first-child panel-last-child\" data-index=\"0\" ><div\n\t\t\t\n\t\t\tclass=\"so-widget-sow-editor so-widget-sow-editor-base\"\n\t\t\t\n\t\t>\n<div class=\"siteorigin-widget-tinymce textwidget\">\n\t<p>S\u00e4mtliche Inhalte der Website, insbesondere Fotos, Layout und Gestaltung sind urheberrechtlich gesch\u00fctzt.<\/p>\n<p>Die Vervielf\u00e4ltigung von Bestandteilen der Website, insbesondere von Texten, Textteilen, Bildmaterial, Videos oder grafischen Darstellungen bedarf, wenn nicht explizit angef\u00fchrt, der vorherigen schriftlichen Zustimmung von Andreas Pinter.<\/p>\n<p>Es wird keinerlei Haftung f\u00fcr Vollst\u00e4ndigkeit, Richtigkeit, Aktualit\u00e4t und Inhalten von verlinkten Seiten \u00fcbernommen. <\/p>\n<p>Die Fotos sind Symbolfotos, daher k\u00f6nnen Waren und Sonstiges in Farbe, Form etc. abweichen. Mit bester Unterst\u00fctzung von Fotolia\/Fisch&amp;Fest\/tinadefortunata\/\u00a9 2009 Jan Hanus.<\/p>\n<\/div>\n<\/div><\/div><\/div><\/div><\/div>","protected":false},"excerpt":{"rendered":"<p>S\u00e4mtliche Inhalte der Website, insbesondere Fotos, Layout und Gestaltung sind urheberrechtlich gesch\u00fctzt.Die Vervielf\u00e4ltigung von Bestandteilen der Website, insbesondere von Texten, Textteilen, Bildmaterial, Videos oder grafischen Darstellungen bedarf, wenn nicht explizit angef\u00fchrt, der vorherigen schriftlichen Zustimmung von Andreas Pinter.Es wird keinerlei Haftung f\u00fcr Vollst\u00e4ndigkeit, Richtigkeit, Aktualit\u00e4t und Inhalten von verlinkten Seiten \u00fcbernommen. Die Fotos sind Symbolfotos, &hellip; <a href=\"https:\/\/www.fisch-fest.net\/wordpress\/copyright\/\" class=\"more-link\"><span class=\"screen-reader-text\">Copyright<\/span> weiterlesen<\/a><\/p>\n","protected":false},"author":1,"featured_media":0,"parent":0,"menu_order":0,"comment_status":"closed","ping_status":"closed","template":"","meta":{"jetpack_post_was_ever_published":false,"footnotes":""},"class_list":["post-1745","page","type-page","status-publish","hentry"],"jetpack_sharing_enabled":true,"jetpack_shortlink":"https:\/\/wp.me\/P8BrCw-s9","jetpack-related-posts":[{"id":2829,"url":"https:\/\/www.fisch-fest.net\/wordpress\/datenschutzerklaerung\/","url_meta":{"origin":1745,"position":0},"title":"Datenschutzerkl\u00e4rung","date":"3. September 2022","format":false,"excerpt":"Wer wir sind Die Adresse unserer Website ist: https:\/\/www.fisch-fest.net\/wordpress.Die Adresse unseres Impressums ist: https:\/\/www.fisch-fest.net\/wordpress\/impressum\/Copyright-Erkl\u00e4rung: https:\/\/www.fisch-fest.net\/wordpress\/copyright\/ Kommentare Wenn Besucher Kommentare auf der Website schreiben, sammeln wir die Daten, die im Kommentar-Formular angezeigt werden, au\u00dferdem die IP-Adresse des Besuchers und den User-Agent-String (damit wird der Browser identifiziert), um die Erkennung von Spam\u2026","rel":"","context":"\u00c4hnlicher Beitrag","img":{"alt_text":"","src":"","width":0,"height":0},"classes":[]},{"id":758,"url":"https:\/\/www.fisch-fest.net\/wordpress\/fischer\/","url_meta":{"origin":1745,"position":1},"title":"Der Fischer","date":"9. April 2017","format":false,"excerpt":"Fisch in seiner besten\u00a0Art Leidenschaftliche Fischliebhaber und Fischkenner sind hier richtig! Sie werden von der Qualit\u00e4t begeistert sein! Probieren Sie die Spezialit\u00e4ten, Filets und ganzen Fische von Andreas Pinter. Egal ob ger\u00e4uchert oder f\u00fcr die Bratpfanne, diese Qualit\u00e4t wird Sie \u00fcberzeugen! Bei Fisch&Fest z\u00e4hlt Handarbeit! Die Fische werden noch von\u2026","rel":"","context":"\u00c4hnlicher Beitrag","img":{"alt_text":"Frischfisch gebraten","src":"https:\/\/i0.wp.com\/www.fisch-fest.net\/wordpress\/wp-content\/uploads\/2017\/04\/9838788236.jpg?resize=350%2C200","width":350,"height":200},"classes":[]},{"id":1142,"url":"https:\/\/www.fisch-fest.net\/wordpress\/produkte\/frischfisch\/","url_meta":{"origin":1745,"position":2},"title":"Frischfisch","date":"9. April 2017","format":false,"excerpt":"Fisch in seiner besten\u00a0Art Leidenschaftliche Fischliebhaber und Fischkenner sind hier richtig! Sie werden von der Qualit\u00e4t begeistert sein! Probieren Sie die Spezialit\u00e4ten, Filets und ganzen Fische von Andreas Pinter. Egal ob ger\u00e4uchert oder f\u00fcr die Bratpfanne, diese Qualit\u00e4t wird Sie \u00fcberzeugen! Bei Fisch&Fest z\u00e4hlt Handarbeit! Die Fische werden noch von\u2026","rel":"","context":"\u00c4hnlicher Beitrag","img":{"alt_text":"Frischfisch gebraten","src":"https:\/\/i0.wp.com\/www.fisch-fest.net\/wordpress\/wp-content\/uploads\/2017\/04\/9838788236.jpg?resize=350%2C200","width":350,"height":200},"classes":[]},{"id":1265,"url":"https:\/\/www.fisch-fest.net\/wordpress\/produkte\/raeucherfisch\/","url_meta":{"origin":1745,"position":3},"title":"R\u00e4ucherfisch","date":"9. April 2017","format":false,"excerpt":"Fisch in seiner besten\u00a0Art Leidenschaftliche Fischliebhaber und Fischkenner sind hier richtig! Sie werden von der Qualit\u00e4t begeistert sein! Probieren Sie die Spezialit\u00e4ten, Filets und ganzen Fische von Andreas Pinter. Egal ob ger\u00e4uchert oder f\u00fcr die Bratpfanne, diese Qualit\u00e4t wird Sie \u00fcberzeugen! Bei Fisch&Fest z\u00e4hlt Handarbeit! Die Fische werden noch von\u2026","rel":"","context":"\u00c4hnlicher Beitrag","img":{"alt_text":"Frischfisch gebraten","src":"https:\/\/i0.wp.com\/www.fisch-fest.net\/wordpress\/wp-content\/uploads\/2017\/04\/9838788236.jpg?resize=350%2C200","width":350,"height":200},"classes":[]},{"id":608,"url":"https:\/\/www.fisch-fest.net\/wordpress\/","url_meta":{"origin":1745,"position":4},"title":"Fisch&#038;Fest","date":"8. April 2017","format":false,"excerpt":"Alle Informationen zu unseren \u00d6ffnungszeiten finden Sie im Veranstaltungskalender \u00a0 Fisch in seiner besten Form Heimische S\u00fc\u00dfwasserfische gelten als besonders schmackhaft und sind zudem eine gesunde Sache! Genie\u00dfen Sie Fische von heimischen Fischz\u00fcchtern, denen Ihre Fische und unsere Umwelt besonders am Herzen liegen. Leidenschaftliche Fischliebhaber und Fischkenner sind hier richtig!\u2026","rel":"","context":"\u00c4hnlicher Beitrag","img":{"alt_text":"","src":"","width":0,"height":0},"classes":[]},{"id":369,"url":"https:\/\/www.fisch-fest.net\/wordpress\/news\/steckerlfische-beim-tag-der-offenen-tur-bei-firma-biokompakt-heiztechnik-gmbh\/","url_meta":{"origin":1745,"position":5},"title":"Steckerlfische beim Tag der offenen T\u00fcr bei Firma Biokompakt Heiztechnik","date":"17. April 2013","format":false,"excerpt":"Die Firma Biokompakt Heiztechnik GmbH und Andreas Pinter verk\u00fcndete erfreut, dass am 3. und 4. Mai 2013 die Nahversorgertage (Tag der offenen T\u00fcr) in 4381 St. Nikola, Sattl 11 stattfinden. Bei dieser Gelegenheit luden wir alle Freunde der Biomasse herzlich ein die Produktionshallen und den Kesselpr\u00fcfstand der Firma Biokompakt Heiztechnik\u2026","rel":"","context":"\u00c4hnlicher Beitrag","img":{"alt_text":"","src":"","width":0,"height":0},"classes":[]}],"_links":{"self":[{"href":"https:\/\/www.fisch-fest.net\/wordpress\/wp-json\/wp\/v2\/pages\/1745","targetHints":{"allow":["GET"]}}],"collection":[{"href":"https:\/\/www.fisch-fest.net\/wordpress\/wp-json\/wp\/v2\/pages"}],"about":[{"href":"https:\/\/www.fisch-fest.net\/wordpress\/wp-json\/wp\/v2\/types\/page"}],"author":[{"embeddable":true,"href":"https:\/\/www.fisch-fest.net\/wordpress\/wp-json\/wp\/v2\/users\/1"}],"replies":[{"embeddable":true,"href":"https:\/\/www.fisch-fest.net\/wordpress\/wp-json\/wp\/v2\/comments?post=1745"}],"version-history":[{"count":1,"href":"https:\/\/www.fisch-fest.net\/wordpress\/wp-json\/wp\/v2\/pages\/1745\/revisions"}],"predecessor-version":[{"id":1862,"href":"https:\/\/www.fisch-fest.net\/wordpress\/wp-json\/wp\/v2\/pages\/1745\/revisions\/1862"}],"wp:attachment":[{"href":"https:\/\/www.fisch-fest.net\/wordpress\/wp-json\/wp\/v2\/media?parent=1745"}],"curies":[{"name":"wp","href":"https:\/\/api.w.org\/{rel}","templated":true}]}}

<div id="pl-1745"  class="panel-layout" ><div id="pg-1745-0"  class="panel-grid panel-no-style" ><div id="pgc-1745-0-0"  class="panel-grid-cell" ><div id="panel-1745-0-0-0" class="so-panel widget widget_sow-editor panel-first-child panel-last-child" data-index="0" ><div
			
			class="so-widget-sow-editor so-widget-sow-editor-base"
			
		>
<div class="siteorigin-widget-tinymce textwidget">
	<p>Sämtliche Inhalte der Website, insbesondere Fotos, Layout und Gestaltung sind urheberrechtlich geschützt.</p>
<p>Die Vervielfältigung von Bestandteilen der Website, insbesondere von Texten, Textteilen, Bildmaterial, Videos oder grafischen Darstellungen bedarf, wenn nicht explizit angeführt, der vorherigen schriftlichen Zustimmung von Andreas Pinter.</p>
<p>Es wird keinerlei Haftung für Vollständigkeit, Richtigkeit, Aktualität und Inhalten von verlinkten Seiten übernommen. </p>
<p>Die Fotos sind Symbolfotos, daher können Waren und Sonstiges in Farbe, Form etc. abweichen. Mit bester Unterstützung von Fotolia/Fisch&amp;Fest/tinadefortunata/© 2009 Jan Hanus.</p>
</div>
</div></div></div></div></div>

<p>Sämtliche Inhalte der Website, insbesondere Fotos, Layout und Gestaltung sind urheberrechtlich geschützt.Die Vervielfältigung von Bestandteilen der Website, insbesondere von Texten, Textteilen, Bildmaterial, Videos oder grafischen Darstellungen bedarf, wenn nicht explizit angeführt, der vorherigen schriftlichen Zustimmung von Andreas Pinter.Es wird keinerlei Haftung für Vollständigkeit, Richtigkeit, Aktualität und Inhalten von verlinkten Seiten übernommen. Die Fotos sind Symbolfotos, &hellip; <a href="https://www.fisch-fest.net/wordpress/copyright/" class="more-link"><span class="screen-reader-text">Copyright</span> weiterlesen</a></p>

Datenschutzerklärung

Wer wir sind Die Adresse unserer Website ist: https://www.fisch-fest.net/wordpress.Die Adresse unseres Impressums ist: https://www.fisch-fest.net/wordpress/impressum/Copyright-Erklärung: https://www.fisch-fest.net/wordpress/copyright/ Kommentare Wenn Besucher Kommentare auf der Website schreiben, sammeln wir die Daten, die im Kommentar-Formular angezeigt werden, außerdem die IP-Adresse des Besuchers und den User-Agent-String (damit wird der Browser identifiziert), um die Erkennung von Spam…

Ähnlicher Beitrag

Fisch in seiner besten Art Leidenschaftliche Fischliebhaber und Fischkenner sind hier richtig! Sie werden von der Qualität begeistert sein! Probieren Sie die Spezialitäten, Filets und ganzen Fische von Andreas Pinter. Egal ob geräuchert oder für die Bratpfanne, diese Qualität wird Sie überzeugen! Bei Fisch&Fest zählt Handarbeit! Die Fische werden noch von…

Räucherfisch

Alle Informationen zu unseren Öffnungszeiten finden Sie im Veranstaltungskalender   Fisch in seiner besten Form Heimische Süßwasserfische gelten als besonders schmackhaft und sind zudem eine gesunde Sache! Genießen Sie Fische von heimischen Fischzüchtern, denen Ihre Fische und unsere Umwelt besonders am Herzen liegen. Leidenschaftliche Fischliebhaber und Fischkenner sind hier richtig!…

Steckerlfische beim Tag der offenen Tür bei Firma Biokompakt Heiztechnik

Die Firma Biokompakt Heiztechnik GmbH und Andreas Pinter verkündete erfreut, dass am 3. und 4. Mai 2013 die Nahversorgertage (Tag der offenen Tür) in 4381 St. Nikola, Sattl 11 stattfinden. Bei dieser Gelegenheit luden wir alle Freunde der Biomasse herzlich ein die Produktionshallen und den Kesselprüfstand der Firma Biokompakt Heiztechnik…
