{"id":1501,"date":"2017-04-09T15:48:57","date_gmt":"2017-04-09T15:48:57","guid":{"rendered":"http:\/\/www.fisch-fest.net\/wordpress\/?page_id=1501"},"modified":"2017-04-09T15:48:57","modified_gmt":"2017-04-09T15:48:57","slug":"spezialitaeten","status":"publish","type":"page","link":"https:\/\/www.fisch-fest.net\/wordpress\/produkte\/spezialitaeten\/","title":{"rendered":"Spezialit\u00e4ten"},"content":{"rendered":"<div id=\"pl-1501\"  class=\"panel-layout\" ><div id=\"pg-1501-0\"  class=\"panel-grid panel-no-style\" ><div id=\"pgc-1501-0-0\"  class=\"panel-grid-cell\" ><div id=\"panel-1501-0-0-0\" class=\"so-panel widget widget_sow-editor panel-first-child panel-last-child\" data-index=\"0\" ><div\n\t\t\t\n\t\t\tclass=\"so-widget-sow-editor so-widget-sow-editor-base\"\n\t\t\t\n\t\t><h3 class=\"widget-title\">Mousse vom R\u00e4ucherfisch<\/h3>\n<div class=\"siteorigin-widget-tinymce textwidget\">\n\t<p>Das fluffig elegante R\u00e4ucherfischmousse sollte auf keiner eleganten Fischplatte fehlen. <\/p>\n<p>Der einzigartig hervorragende Geschmack wird in Ihnen das Verlangen nach mehr hervorrufen. <\/p>\n<p>Tauchen Sie ein in die berauschende Welt des Fischgenusses.<\/p>\n<\/div>\n<\/div><\/div><\/div><div id=\"pgc-1501-0-1\"  class=\"panel-grid-cell\" ><div id=\"panel-1501-0-1-0\" class=\"so-panel widget widget_sow-image panel-first-child panel-last-child\" data-index=\"1\" ><div\n\t\t\t\n\t\t\tclass=\"so-widget-sow-image so-widget-sow-image-default-d6014b76747a-1501\"\n\t\t\t\n\t\t>\n\n<div class=\"sow-image-container\">\n\t\t<img decoding=\"async\" src=\"https:\/\/i0.wp.com\/www.fisch-fest.net\/wordpress\/wp-content\/uploads\/2017\/04\/5860287713-4-1-1.jpg?fit=527%2C454&amp;ssl=1\" width=\"527\" height=\"454\" srcset=\"https:\/\/i0.wp.com\/www.fisch-fest.net\/wordpress\/wp-content\/uploads\/2017\/04\/5860287713-4-1-1.jpg?w=527&amp;ssl=1 527w, https:\/\/i0.wp.com\/www.fisch-fest.net\/wordpress\/wp-content\/uploads\/2017\/04\/5860287713-4-1-1.jpg?resize=300%2C258&amp;ssl=1 300w, https:\/\/i0.wp.com\/www.fisch-fest.net\/wordpress\/wp-content\/uploads\/2017\/04\/5860287713-4-1-1.jpg?resize=125%2C108&amp;ssl=1 125w\" title=\"Mousse vom R\u00e4ucherfisch\" alt=\"Mousse vom R\u00e4ucherfisch\" loading=\"lazy\" \t\tclass=\"so-widget-image\"\/>\n\t<\/div>\n\n<\/div><\/div><\/div><\/div><div id=\"pg-1501-1\"  class=\"panel-grid panel-no-style\" ><div id=\"pgc-1501-1-0\"  class=\"panel-grid-cell\" ><div id=\"panel-1501-1-0-0\" class=\"so-panel widget widget_sow-editor panel-first-child panel-last-child\" data-index=\"2\" ><div\n\t\t\t\n\t\t\tclass=\"so-widget-sow-editor so-widget-sow-editor-base\"\n\t\t\t\n\t\t><h3 class=\"widget-title\">R\u00e4ucherfischtatare<\/h3>\n<div class=\"siteorigin-widget-tinymce textwidget\">\n\t<p>Die besondere Art des Fischgenusses. Das R\u00e4ucherfischtartare wird Ihnen eine andere Welt des Fischgenusses pr\u00e4sentieren.<\/p>\n<p>Entfaltet auf Wei\u00dfbrot oder Vollkornbrot den einzigartigen Geschmack des Ger\u00e4ucherten in vollendeter Form.<\/p>\n<\/div>\n<\/div><\/div><\/div><div id=\"pgc-1501-1-1\"  class=\"panel-grid-cell\" ><div id=\"panel-1501-1-1-0\" class=\"so-panel widget widget_sow-image panel-first-child panel-last-child\" data-index=\"3\" ><div\n\t\t\t\n\t\t\tclass=\"so-widget-sow-image so-widget-sow-image-default-d6014b76747a-1501\"\n\t\t\t\n\t\t>\n\n<div class=\"sow-image-container\">\n\t\t<img decoding=\"async\" src=\"https:\/\/i0.wp.com\/www.fisch-fest.net\/wordpress\/wp-content\/uploads\/2017\/04\/0475888384-4-1-1.jpg?fit=640%2C430&amp;ssl=1\" width=\"640\" height=\"430\" srcset=\"https:\/\/i0.wp.com\/www.fisch-fest.net\/wordpress\/wp-content\/uploads\/2017\/04\/0475888384-4-1-1.jpg?w=640&amp;ssl=1 640w, https:\/\/i0.wp.com\/www.fisch-fest.net\/wordpress\/wp-content\/uploads\/2017\/04\/0475888384-4-1-1.jpg?resize=300%2C202&amp;ssl=1 300w, https:\/\/i0.wp.com\/www.fisch-fest.net\/wordpress\/wp-content\/uploads\/2017\/04\/0475888384-4-1-1.jpg?resize=161%2C108&amp;ssl=1 161w, https:\/\/i0.wp.com\/www.fisch-fest.net\/wordpress\/wp-content\/uploads\/2017\/04\/0475888384-4-1-1.jpg?resize=272%2C182&amp;ssl=1 272w\" title=\"Buffet\" alt=\"Buffet\" loading=\"lazy\" \t\tclass=\"so-widget-image\"\/>\n\t<\/div>\n\n<\/div><\/div><\/div><\/div><div id=\"pg-1501-2\"  class=\"panel-grid panel-no-style\" ><div id=\"pgc-1501-2-0\"  class=\"panel-grid-cell\" ><div id=\"panel-1501-2-0-0\" class=\"so-panel widget widget_sow-editor panel-first-child panel-last-child\" data-index=\"4\" ><div\n\t\t\t\n\t\t\tclass=\"so-widget-sow-editor so-widget-sow-editor-base\"\n\t\t\t\n\t\t><h3 class=\"widget-title\">Lachsforellenfilets mit Dille gebeizt<\/h3>\n<div class=\"siteorigin-widget-tinymce textwidget\">\n\t<p><span class=\"Text_Produktdetails\">Frische, zarte, per Hand filetierte Lachsforellenfilets werden mit Rohzucker und Meersalz gebeizt und dabei gepresst. <\/p>\n<p>Nach einiger Zeit ausgewaschen, getrocknet und danach die Stehgr\u00e4ten per Hand entfernt. Mit Dille bestreut geht es ab in die K\u00fchlung, zum Durchziehen und Rasten.<\/span><\/p>\n<p class=\"Text_Produktdetails\">Die fertige Gaumenfreude wird per Hand geschnitten.<\/p>\n<\/div>\n<\/div><\/div><\/div><div id=\"pgc-1501-2-1\"  class=\"panel-grid-cell\" ><div id=\"panel-1501-2-1-0\" class=\"so-panel widget widget_sow-image panel-first-child panel-last-child\" data-index=\"5\" ><div\n\t\t\t\n\t\t\tclass=\"so-widget-sow-image so-widget-sow-image-default-d6014b76747a-1501\"\n\t\t\t\n\t\t>\n\n<div class=\"sow-image-container\">\n\t\t<img decoding=\"async\" src=\"https:\/\/i0.wp.com\/www.fisch-fest.net\/wordpress\/wp-content\/uploads\/2017\/04\/0254885464-4-1-1.jpg?fit=675%2C506&amp;ssl=1\" width=\"675\" height=\"506\" srcset=\"https:\/\/i0.wp.com\/www.fisch-fest.net\/wordpress\/wp-content\/uploads\/2017\/04\/0254885464-4-1-1.jpg?w=675&amp;ssl=1 675w, https:\/\/i0.wp.com\/www.fisch-fest.net\/wordpress\/wp-content\/uploads\/2017\/04\/0254885464-4-1-1.jpg?resize=300%2C225&amp;ssl=1 300w, https:\/\/i0.wp.com\/www.fisch-fest.net\/wordpress\/wp-content\/uploads\/2017\/04\/0254885464-4-1-1.jpg?resize=144%2C108&amp;ssl=1 144w\" title=\"Lachsforellenfilets mit Dille gebeizt\" alt=\"Lachsforellenfilets mit Dille gebeizt\" loading=\"lazy\" \t\tclass=\"so-widget-image\"\/>\n\t<\/div>\n\n<\/div><\/div><\/div><\/div><div id=\"pg-1501-3\"  class=\"panel-grid panel-no-style\" ><div id=\"pgc-1501-3-0\"  class=\"panel-grid-cell\" ><div id=\"panel-1501-3-0-0\" class=\"so-panel widget widget_sow-editor panel-first-child panel-last-child\" data-index=\"6\" ><div\n\t\t\t\n\t\t\tclass=\"so-widget-sow-editor so-widget-sow-editor-base\"\n\t\t\t\n\t\t><h3 class=\"widget-title\">kalt ger\u00e4ucherte Lachsforellenfilets<\/h3>\n<div class=\"siteorigin-widget-tinymce textwidget\">\n\t<p>Per Hand filetierte, zarte Lachsforellenfilets werden mit Rohzucker und Salz mariniert. Nach einer gewissen Zeit werden sie ausgewaschen, getrocknet und die Stehgr\u00e4ten per Hand entfernt.<\/p>\n<p>Danach geht es ab in den Ofen, bei ca. 15 Grad Celsius werden die Filets in zwei Durchg\u00e4ngen sanft kalt ger\u00e4uchert. <\/p>\n<p>Das Entscheidende dabei ist eine Symbiose zwischen saftigen Fischfilets, geschmackvollen Rauch und der richtigen Zeit zu finden. <\/p>\n<p>Nur qualitativ hochwertige St\u00fccke werden an unsere Kunden weitergegeben.<\/p>\n<\/div>\n<\/div><\/div><\/div><div id=\"pgc-1501-3-1\"  class=\"panel-grid-cell\" ><div id=\"panel-1501-3-1-0\" class=\"so-panel widget widget_sow-image panel-first-child panel-last-child\" data-index=\"7\" ><div\n\t\t\t\n\t\t\tclass=\"so-widget-sow-image so-widget-sow-image-default-d6014b76747a-1501\"\n\t\t\t\n\t\t>\n\n<div class=\"sow-image-container\">\n\t\t<img decoding=\"async\" src=\"https:\/\/i0.wp.com\/www.fisch-fest.net\/wordpress\/wp-content\/uploads\/2017\/04\/4765134262-4-1-1.jpg?fit=295%2C411&amp;ssl=1\" width=\"295\" height=\"411\" srcset=\"https:\/\/i0.wp.com\/www.fisch-fest.net\/wordpress\/wp-content\/uploads\/2017\/04\/4765134262-4-1-1.jpg?w=295&amp;ssl=1 295w, https:\/\/i0.wp.com\/www.fisch-fest.net\/wordpress\/wp-content\/uploads\/2017\/04\/4765134262-4-1-1.jpg?resize=215%2C300&amp;ssl=1 215w, https:\/\/i0.wp.com\/www.fisch-fest.net\/wordpress\/wp-content\/uploads\/2017\/04\/4765134262-4-1-1.jpg?resize=78%2C108&amp;ssl=1 78w\" title=\"kalt ger\u00e4ucherte Lachsforellenfilets\" alt=\"kalt ger\u00e4ucherte Lachsforellenfilets\" loading=\"lazy\" \t\tclass=\"so-widget-image\"\/>\n\t<\/div>\n\n<\/div><\/div><\/div><\/div><div id=\"pg-1501-4\"  class=\"panel-grid panel-no-style\" ><div id=\"pgc-1501-4-0\"  class=\"panel-grid-cell\" ><div id=\"panel-1501-4-0-0\" class=\"so-panel widget widget_sow-editor panel-first-child panel-last-child\" data-index=\"8\" ><div\n\t\t\t\n\t\t\tclass=\"so-widget-sow-editor so-widget-sow-editor-base\"\n\t\t\t\n\t\t><h3 class=\"widget-title\">M\u00fchlviertler Fischsuppe<\/h3>\n<div class=\"siteorigin-widget-tinymce textwidget\">\n\t<p>Die M\u00fchlviertler\u00a0<strong>Fischsuppe<\/strong>\u00a0ist eine Kreation aus bestem heimischen Fisch und frischem Gem\u00fcse mit einem Hauch von Chili. <br \/>Besonders Stolz sind wir auf die Verleihung des Titels \u201c<a href=\"http:\/\/www.fisch-fest.net\/wordpress\/?page_id=453\">Fischkaisers 2013<\/a>\u2033 f\u00fcr dieses Produkt!<\/p>\n<\/div>\n<\/div><\/div><\/div><div id=\"pgc-1501-4-1\"  class=\"panel-grid-cell\" ><div id=\"panel-1501-4-1-0\" class=\"so-panel widget widget_sow-image panel-first-child\" data-index=\"9\" ><div\n\t\t\t\n\t\t\tclass=\"so-widget-sow-image so-widget-sow-image-default-d6014b76747a-1501\"\n\t\t\t\n\t\t>\n\n<div class=\"sow-image-container\">\n\t\t<img decoding=\"async\" src=\"https:\/\/i0.wp.com\/www.fisch-fest.net\/wordpress\/wp-content\/uploads\/2017\/04\/5276022477-4-1-1.jpg?fit=675%2C451&amp;ssl=1\" width=\"675\" height=\"451\" srcset=\"https:\/\/i0.wp.com\/www.fisch-fest.net\/wordpress\/wp-content\/uploads\/2017\/04\/5276022477-4-1-1.jpg?w=675&amp;ssl=1 675w, https:\/\/i0.wp.com\/www.fisch-fest.net\/wordpress\/wp-content\/uploads\/2017\/04\/5276022477-4-1-1.jpg?resize=300%2C200&amp;ssl=1 300w, https:\/\/i0.wp.com\/www.fisch-fest.net\/wordpress\/wp-content\/uploads\/2017\/04\/5276022477-4-1-1.jpg?resize=162%2C108&amp;ssl=1 162w, https:\/\/i0.wp.com\/www.fisch-fest.net\/wordpress\/wp-content\/uploads\/2017\/04\/5276022477-4-1-1.jpg?resize=272%2C182&amp;ssl=1 272w\" title=\"M\u00fchlviertler Fischsuppe\" alt=\"M\u00fchlviertler Fischsuppe\" loading=\"lazy\" \t\tclass=\"so-widget-image\"\/>\n\t<\/div>\n\n<\/div><\/div><div id=\"panel-1501-4-1-1\" class=\"so-panel widget widget_sow-image panel-last-child\" data-index=\"10\" ><div\n\t\t\t\n\t\t\tclass=\"so-widget-sow-image so-widget-sow-image-default-d6014b76747a-1501\"\n\t\t\t\n\t\t>\n\n<div class=\"sow-image-container\">\n\t\t<img decoding=\"async\" src=\"https:\/\/i0.wp.com\/www.fisch-fest.net\/wordpress\/wp-content\/uploads\/2017\/04\/logo-fischkaiser-2013.jpg?fit=887%2C883&amp;ssl=1\" width=\"887\" height=\"883\" srcset=\"https:\/\/i0.wp.com\/www.fisch-fest.net\/wordpress\/wp-content\/uploads\/2017\/04\/logo-fischkaiser-2013.jpg?w=887&amp;ssl=1 887w, https:\/\/i0.wp.com\/www.fisch-fest.net\/wordpress\/wp-content\/uploads\/2017\/04\/logo-fischkaiser-2013.jpg?resize=150%2C150&amp;ssl=1 150w, https:\/\/i0.wp.com\/www.fisch-fest.net\/wordpress\/wp-content\/uploads\/2017\/04\/logo-fischkaiser-2013.jpg?resize=300%2C300&amp;ssl=1 300w, https:\/\/i0.wp.com\/www.fisch-fest.net\/wordpress\/wp-content\/uploads\/2017\/04\/logo-fischkaiser-2013.jpg?resize=768%2C765&amp;ssl=1 768w, https:\/\/i0.wp.com\/www.fisch-fest.net\/wordpress\/wp-content\/uploads\/2017\/04\/logo-fischkaiser-2013.jpg?resize=863%2C859&amp;ssl=1 863w, https:\/\/i0.wp.com\/www.fisch-fest.net\/wordpress\/wp-content\/uploads\/2017\/04\/logo-fischkaiser-2013.jpg?resize=108%2C108&amp;ssl=1 108w\" title=\"Fischkaiser\" alt=\"Fischkaiser\" loading=\"lazy\" \t\tclass=\"so-widget-image\"\/>\n\t<\/div>\n\n<\/div><\/div><\/div><\/div><div id=\"pg-1501-5\"  class=\"panel-grid panel-no-style\" ><div id=\"pgc-1501-5-0\"  class=\"panel-grid-cell\" ><div id=\"panel-1501-5-0-0\" class=\"so-panel widget widget_sow-editor panel-first-child panel-last-child\" data-index=\"11\" ><div\n\t\t\t\n\t\t\tclass=\"so-widget-sow-editor so-widget-sow-editor-base\"\n\t\t\t\n\t\t><h3 class=\"widget-title\">Fischetti<\/h3>\n<div class=\"siteorigin-widget-tinymce textwidget\">\n\t<p class=\"Text_Produktdetails\">Fisch + Br\u00f6tchen = Fischetti<\/p>\n<p>Das\u00a0<strong>Faschetti<\/strong>\u00a0wird aus einem Pizzabr\u00f6tchen, gebratenem\u00a0Fischfilet\u00a0und Kr\u00e4uter-Zitronen-Marinade zubereitet.<\/p>\n<p class=\"Text_Produktdetails\">Eine Kreation zum Tr\u00e4umen!<\/p>\n<\/div>\n<\/div><\/div><\/div><div id=\"pgc-1501-5-1\"  class=\"panel-grid-cell\" ><div id=\"panel-1501-5-1-0\" class=\"so-panel widget widget_sow-image panel-first-child panel-last-child\" data-index=\"12\" ><div\n\t\t\t\n\t\t\tclass=\"so-widget-sow-image so-widget-sow-image-default-d6014b76747a-1501\"\n\t\t\t\n\t\t>\n\n<div class=\"sow-image-container\">\n\t\t<img decoding=\"async\" src=\"https:\/\/i0.wp.com\/www.fisch-fest.net\/wordpress\/wp-content\/uploads\/2017\/04\/0844210960-4-1-1.jpg?fit=675%2C477&amp;ssl=1\" width=\"675\" height=\"477\" srcset=\"https:\/\/i0.wp.com\/www.fisch-fest.net\/wordpress\/wp-content\/uploads\/2017\/04\/0844210960-4-1-1.jpg?w=675&amp;ssl=1 675w, https:\/\/i0.wp.com\/www.fisch-fest.net\/wordpress\/wp-content\/uploads\/2017\/04\/0844210960-4-1-1.jpg?resize=300%2C212&amp;ssl=1 300w, https:\/\/i0.wp.com\/www.fisch-fest.net\/wordpress\/wp-content\/uploads\/2017\/04\/0844210960-4-1-1.jpg?resize=153%2C108&amp;ssl=1 153w\" title=\"Fischetti\" alt=\"Fischetti\" loading=\"lazy\" \t\tclass=\"so-widget-image\"\/>\n\t<\/div>\n\n<\/div><\/div><\/div><\/div><div id=\"pg-1501-6\"  class=\"panel-grid panel-no-style\" ><div id=\"pgc-1501-6-0\"  class=\"panel-grid-cell\" ><div id=\"panel-1501-6-0-0\" class=\"so-panel widget widget_sow-editor panel-first-child panel-last-child\" data-index=\"13\" ><div\n\t\t\t\n\t\t\tclass=\"so-widget-sow-editor so-widget-sow-editor-base\"\n\t\t\t\n\t\t><h3 class=\"widget-title\">Kaviar<\/h3>\n<div class=\"siteorigin-widget-tinymce textwidget\">\n\t<p>Die heimische Alternative des Kaviars! Die geschmackvolle K\u00f6stlichkeit wird Sie begl\u00fccken.<\/p>\n<p>N\u00fctzen Sie die Chance w\u00e4hrend der Saison, da diese K\u00f6stlichkeit nur f\u00fcr kurze Zeit geliefert werden kann. Erkundigen Sie sich zu welchem Zeitpunkt wir Ihren Gaumen bezaubern k\u00f6nnen. <\/p>\n<p>Herbstzeit ist Kaviarzeit!<\/p>\n<\/div>\n<\/div><\/div><\/div><div id=\"pgc-1501-6-1\"  class=\"panel-grid-cell\" ><div id=\"panel-1501-6-1-0\" class=\"so-panel widget widget_sow-image panel-first-child panel-last-child\" data-index=\"14\" ><div\n\t\t\t\n\t\t\tclass=\"so-widget-sow-image so-widget-sow-image-default-d6014b76747a-1501\"\n\t\t\t\n\t\t>\n\n<div class=\"sow-image-container\">\n\t\t<img decoding=\"async\" src=\"https:\/\/i0.wp.com\/www.fisch-fest.net\/wordpress\/wp-content\/uploads\/2017\/04\/6331330772-4-1-1.jpg?fit=332%2C251&amp;ssl=1\" width=\"332\" height=\"251\" srcset=\"https:\/\/i0.wp.com\/www.fisch-fest.net\/wordpress\/wp-content\/uploads\/2017\/04\/6331330772-4-1-1.jpg?w=332&amp;ssl=1 332w, https:\/\/i0.wp.com\/www.fisch-fest.net\/wordpress\/wp-content\/uploads\/2017\/04\/6331330772-4-1-1.jpg?resize=300%2C227&amp;ssl=1 300w, https:\/\/i0.wp.com\/www.fisch-fest.net\/wordpress\/wp-content\/uploads\/2017\/04\/6331330772-4-1-1.jpg?resize=143%2C108&amp;ssl=1 143w\" title=\"Kaviar\" alt=\"Kaviar\" loading=\"lazy\" \t\tclass=\"so-widget-image\"\/>\n\t<\/div>\n\n<\/div><\/div><\/div><\/div><\/div>","protected":false},"excerpt":{"rendered":"<p>Das fluffig elegante R\u00e4ucherfischmousse sollte auf keiner eleganten Fischplatte fehlen. Der einzigartig hervorragende Geschmack wird in Ihnen das Verlangen nach mehr hervorrufen. Tauchen Sie ein in die berauschende Welt des Fischgenusses. Die besondere Art des Fischgenusses. Das R\u00e4ucherfischtartare wird Ihnen eine andere Welt des Fischgenusses pr\u00e4sentieren. Entfaltet auf Wei\u00dfbrot oder Vollkornbrot den einzigartigen Geschmack des &hellip; <a href=\"https:\/\/www.fisch-fest.net\/wordpress\/produkte\/spezialitaeten\/\" class=\"more-link\"><span class=\"screen-reader-text\">Spezialit\u00e4ten<\/span> weiterlesen<\/a><\/p>\n","protected":false},"author":1,"featured_media":0,"parent":1022,"menu_order":0,"comment_status":"closed","ping_status":"closed","template":"","meta":{"jetpack_post_was_ever_published":false,"footnotes":""},"class_list":["post-1501","page","type-page","status-publish","hentry"],"jetpack_sharing_enabled":true,"jetpack_shortlink":"https:\/\/wp.me\/P8BrCw-od","jetpack-related-posts":[{"id":2829,"url":"https:\/\/www.fisch-fest.net\/wordpress\/datenschutzerklaerung\/","url_meta":{"origin":1501,"position":0},"title":"Datenschutzerkl\u00e4rung","date":"3. September 2022","format":false,"excerpt":"Wer wir sind Die Adresse unserer Website ist: https:\/\/www.fisch-fest.net\/wordpress.Die Adresse unseres Impressums ist: https:\/\/www.fisch-fest.net\/wordpress\/impressum\/Copyright-Erkl\u00e4rung: https:\/\/www.fisch-fest.net\/wordpress\/copyright\/ Kommentare Wenn Besucher Kommentare auf der Website schreiben, sammeln wir die Daten, die im Kommentar-Formular angezeigt werden, au\u00dferdem die IP-Adresse des Besuchers und den User-Agent-String (damit wird der Browser identifiziert), um die Erkennung von Spam\u2026","rel":"","context":"\u00c4hnlicher Beitrag","img":{"alt_text":"","src":"","width":0,"height":0},"classes":[]},{"id":440,"url":"https:\/\/www.fisch-fest.net\/wordpress\/news\/13-14-september-2013-genusslandstrase-2013\/","url_meta":{"origin":1501,"position":1},"title":"Genusslandstra\u00dfe","date":"25. August 2013","format":false,"excerpt":"Die n\u00e4chste Genusslandstra\u00dfe findet wieder im Jahr 2017 statt! Freuen\u00a0wir uns\u00a0darauf! \u00a0 \u00a0 \u00a0 \u00a0 Auch vom 13. - 14. September 2013 haben\u00a0Sie die Aussteller der Genusslandstra\u00dfe mit einem kulinarischem Feuerwerk begeistert. Fisch & Fest\u00a0hat\u00a0Sie mit den besten Fischspezialit\u00e4ten verw\u00f6hnt. F\u00fcr Ihr\u00a0leibliches\u00a0Wohl sorgten wir mit unseren Spizialit\u00e4ten: \"M\u00fchlviertler\u00a0Fischsuppe und Fischetti\".\u2026","rel":"","context":"\u00c4hnlicher Beitrag","img":{"alt_text":"","src":"https:\/\/i0.wp.com\/www.fisch-fest.net\/wordpress\/wp-content\/uploads\/2011\/11\/genussland_ooe_0271-450x3001.jpg?resize=350%2C200","width":350,"height":200},"classes":[]},{"id":29,"url":"https:\/\/www.fisch-fest.net\/wordpress\/fisch_und_fest_rezepte\/saibling-in-der-salzkruste\/","url_meta":{"origin":1501,"position":2},"title":"Saibling in der Salzkruste","date":"22. Oktober 2011","format":false,"excerpt":"f\u00fcr 2 Portionen - Zubereitungszeit ca. 1 Std. Zutaten Saibling: frischer Bachsaibling ca. 70 dag k\u00fcchenfertig, Salz, Pfeffer aus der M\u00fchle, frische Kr\u00e4uter nach Belieben, Oliven\u00f6l, ca. 1,5 kg grobes Meersalz, 2 Eiwei\u00df, nach Bedarf Wasser Zutaten f\u00fcr Sauce: 5 EL Oliven\u00f6l, Zitronensaft, Kr\u00e4uter nach Belieben ( Petersilie, Basilikum, Thymian,\u2026","rel":"","context":"\u00c4hnlicher Beitrag","img":{"alt_text":"","src":"","width":0,"height":0},"classes":[]},{"id":758,"url":"https:\/\/www.fisch-fest.net\/wordpress\/fischer\/","url_meta":{"origin":1501,"position":3},"title":"Der Fischer","date":"9. April 2017","format":false,"excerpt":"Fisch in seiner besten\u00a0Art Leidenschaftliche Fischliebhaber und Fischkenner sind hier richtig! Sie werden von der Qualit\u00e4t begeistert sein! Probieren Sie die Spezialit\u00e4ten, Filets und ganzen Fische von Andreas Pinter. Egal ob ger\u00e4uchert oder f\u00fcr die Bratpfanne, diese Qualit\u00e4t wird Sie \u00fcberzeugen! Bei Fisch&Fest z\u00e4hlt Handarbeit! Die Fische werden noch von\u2026","rel":"","context":"\u00c4hnlicher Beitrag","img":{"alt_text":"Frischfisch gebraten","src":"https:\/\/i0.wp.com\/www.fisch-fest.net\/wordpress\/wp-content\/uploads\/2017\/04\/9838788236.jpg?resize=350%2C200","width":350,"height":200},"classes":[]},{"id":1142,"url":"https:\/\/www.fisch-fest.net\/wordpress\/produkte\/frischfisch\/","url_meta":{"origin":1501,"position":4},"title":"Frischfisch","date":"9. April 2017","format":false,"excerpt":"Fisch in seiner besten\u00a0Art Leidenschaftliche Fischliebhaber und Fischkenner sind hier richtig! Sie werden von der Qualit\u00e4t begeistert sein! Probieren Sie die Spezialit\u00e4ten, Filets und ganzen Fische von Andreas Pinter. Egal ob ger\u00e4uchert oder f\u00fcr die Bratpfanne, diese Qualit\u00e4t wird Sie \u00fcberzeugen! Bei Fisch&Fest z\u00e4hlt Handarbeit! Die Fische werden noch von\u2026","rel":"","context":"\u00c4hnlicher Beitrag","img":{"alt_text":"Frischfisch gebraten","src":"https:\/\/i0.wp.com\/www.fisch-fest.net\/wordpress\/wp-content\/uploads\/2017\/04\/9838788236.jpg?resize=350%2C200","width":350,"height":200},"classes":[]},{"id":1265,"url":"https:\/\/www.fisch-fest.net\/wordpress\/produkte\/raeucherfisch\/","url_meta":{"origin":1501,"position":5},"title":"R\u00e4ucherfisch","date":"9. April 2017","format":false,"excerpt":"Fisch in seiner besten\u00a0Art Leidenschaftliche Fischliebhaber und Fischkenner sind hier richtig! Sie werden von der Qualit\u00e4t begeistert sein! Probieren Sie die Spezialit\u00e4ten, Filets und ganzen Fische von Andreas Pinter. Egal ob ger\u00e4uchert oder f\u00fcr die Bratpfanne, diese Qualit\u00e4t wird Sie \u00fcberzeugen! Bei Fisch&Fest z\u00e4hlt Handarbeit! Die Fische werden noch von\u2026","rel":"","context":"\u00c4hnlicher Beitrag","img":{"alt_text":"Frischfisch gebraten","src":"https:\/\/i0.wp.com\/www.fisch-fest.net\/wordpress\/wp-content\/uploads\/2017\/04\/9838788236.jpg?resize=350%2C200","width":350,"height":200},"classes":[]}],"_links":{"self":[{"href":"https:\/\/www.fisch-fest.net\/wordpress\/wp-json\/wp\/v2\/pages\/1501","targetHints":{"allow":["GET"]}}],"collection":[{"href":"https:\/\/www.fisch-fest.net\/wordpress\/wp-json\/wp\/v2\/pages"}],"about":[{"href":"https:\/\/www.fisch-fest.net\/wordpress\/wp-json\/wp\/v2\/types\/page"}],"author":[{"embeddable":true,"href":"https:\/\/www.fisch-fest.net\/wordpress\/wp-json\/wp\/v2\/users\/1"}],"replies":[{"embeddable":true,"href":"https:\/\/www.fisch-fest.net\/wordpress\/wp-json\/wp\/v2\/comments?post=1501"}],"version-history":[{"count":5,"href":"https:\/\/www.fisch-fest.net\/wordpress\/wp-json\/wp\/v2\/pages\/1501\/revisions"}],"predecessor-version":[{"id":1622,"href":"https:\/\/www.fisch-fest.net\/wordpress\/wp-json\/wp\/v2\/pages\/1501\/revisions\/1622"}],"up":[{"embeddable":true,"href":"https:\/\/www.fisch-fest.net\/wordpress\/wp-json\/wp\/v2\/pages\/1022"}],"wp:attachment":[{"href":"https:\/\/www.fisch-fest.net\/wordpress\/wp-json\/wp\/v2\/media?parent=1501"}],"curies":[{"name":"wp","href":"https:\/\/api.w.org\/{rel}","templated":true}]}}