{"id":1383,"date":"2017-04-12T14:39:12","date_gmt":"2017-04-12T14:39:12","guid":{"rendered":"http:\/\/www.fisch-fest.net\/wordpress\/?page_id=1383"},"modified":"2021-07-27T14:03:01","modified_gmt":"2021-07-27T12:03:01","slug":"veranstaltung","status":"publish","type":"page","link":"https:\/\/www.fisch-fest.net\/wordpress\/veranstaltung\/","title":{"rendered":"Veranstaltungen"},"content":{"rendered":"<div id=\"pl-1383\"  class=\"panel-layout\" ><div id=\"pg-1383-0\"  class=\"panel-grid panel-no-style\" ><div id=\"pgc-1383-0-0\"  class=\"panel-grid-cell\" ><div id=\"panel-1383-0-0-0\" class=\"so-panel widget widget_sow-editor panel-first-child panel-last-child\" data-index=\"0\" ><div class=\"Produkte_Verlinkung panel-widget-style panel-widget-style-for-1383-0-0-0\" ><div\n\t\t\t\n\t\t\tclass=\"so-widget-sow-editor so-widget-sow-editor-base\"\n\t\t\t\n\t\t>\n<div class=\"siteorigin-widget-tinymce textwidget\">\n\t<h1>Wochenm\u00e4rkte<\/h1>\n<ul>\n<li><a href=\"http:\/\/www.fisch-fest.net\/wordpress\/wochenmarkt-amstetten\/\" target=\"_blank\" rel=\"noopener\">Wochenmarkt Amstetten<\/a><\/li>\n<li><a href=\"http:\/\/www.fisch-fest.net\/wordpress\/veranstaltung\/wochenmarkt-purkersdorf\/\" target=\"_blank\" rel=\"noopener\">Wochenmarkt Purkersdorf<\/a><\/li>\n<li><a href=\"http:\/\/www.fisch-fest.net\/wordpress\/veranstaltung\/wochenmarkt-marchtrenk\/\" target=\"_blank\" rel=\"noopener\">Wochenmarkt Marchtrenk (14-t\u00e4gig)<\/a><\/li>\n<\/ul>\n<\/div>\n<\/div><\/div><\/div><\/div><div id=\"pgc-1383-0-1\"  class=\"panel-grid-cell\" ><div id=\"panel-1383-0-1-0\" class=\"so-panel widget widget_sow-image panel-first-child panel-last-child\" data-index=\"1\" ><div\n\t\t\t\n\t\t\tclass=\"so-widget-sow-image so-widget-sow-image-default-d6014b76747a-1383\"\n\t\t\t\n\t\t>\n\n<div class=\"sow-image-container\">\n\t\t<img decoding=\"async\" src=\"https:\/\/i0.wp.com\/www.fisch-fest.net\/wordpress\/wp-content\/uploads\/2017\/04\/0384457164-3-2.jpg?fit=675%2C477&amp;ssl=1\" width=\"675\" height=\"477\" srcset=\"https:\/\/i0.wp.com\/www.fisch-fest.net\/wordpress\/wp-content\/uploads\/2017\/04\/0384457164-3-2.jpg?w=675&amp;ssl=1 675w, https:\/\/i0.wp.com\/www.fisch-fest.net\/wordpress\/wp-content\/uploads\/2017\/04\/0384457164-3-2.jpg?resize=300%2C212&amp;ssl=1 300w, https:\/\/i0.wp.com\/www.fisch-fest.net\/wordpress\/wp-content\/uploads\/2017\/04\/0384457164-3-2.jpg?resize=153%2C108&amp;ssl=1 153w\" title=\"Andreas Pinter\" alt=\"Andreas Pinter am Wochenmarkt\" loading=\"lazy\" \t\tclass=\"so-widget-image\"\/>\n\t<\/div>\n\n<\/div><\/div><\/div><\/div><div id=\"pg-1383-1\"  class=\"panel-grid panel-no-style\" ><div id=\"pgc-1383-1-0\"  class=\"panel-grid-cell\" ><div id=\"panel-1383-1-0-0\" class=\"so-panel widget widget_sow-editor panel-first-child panel-last-child\" data-index=\"2\" ><div\n\t\t\t\n\t\t\tclass=\"so-widget-sow-editor so-widget-sow-editor-base\"\n\t\t\t\n\t\t>\n<div class=\"siteorigin-widget-tinymce textwidget\">\n\t<h1>Steckerlfisch<\/h1>\n<p>Zur Zeit sind keine Steckerlfischveranstaltungen geplant!\u00a0Um Veranstaltungen zu buchen melden Sie sich telefonisch an!<\/p>\n<\/div>\n<\/div><\/div><\/div><div id=\"pgc-1383-1-1\"  class=\"panel-grid-cell\" ><div id=\"panel-1383-1-1-0\" class=\"so-panel widget widget_sow-image panel-first-child panel-last-child\" data-index=\"3\" ><div\n\t\t\t\n\t\t\tclass=\"so-widget-sow-image so-widget-sow-image-default-d6014b76747a-1383\"\n\t\t\t\n\t\t>\n\n<div class=\"sow-image-container\">\n\t\t<img decoding=\"async\" src=\"https:\/\/i0.wp.com\/www.fisch-fest.net\/wordpress\/wp-content\/uploads\/2017\/04\/7897969206-3-2.jpg?fit=675%2C506&amp;ssl=1\" width=\"675\" height=\"506\" srcset=\"https:\/\/i0.wp.com\/www.fisch-fest.net\/wordpress\/wp-content\/uploads\/2017\/04\/7897969206-3-2.jpg?w=675&amp;ssl=1 675w, https:\/\/i0.wp.com\/www.fisch-fest.net\/wordpress\/wp-content\/uploads\/2017\/04\/7897969206-3-2.jpg?resize=300%2C225&amp;ssl=1 300w, https:\/\/i0.wp.com\/www.fisch-fest.net\/wordpress\/wp-content\/uploads\/2017\/04\/7897969206-3-2.jpg?resize=144%2C108&amp;ssl=1 144w\" title=\"Andreas Pinter\" alt=\"Andreas Pinter beim Steckrfisch-Grillen\" loading=\"lazy\" \t\tclass=\"so-widget-image\"\/>\n\t<\/div>\n\n<\/div><\/div><\/div><\/div><div id=\"pg-1383-2\"  class=\"panel-grid panel-no-style\" ><div id=\"pgc-1383-2-0\"  class=\"panel-grid-cell\" ><div id=\"panel-1383-2-0-0\" class=\"so-panel widget widget_sow-editor panel-first-child panel-last-child\" data-index=\"4\" ><div\n\t\t\t\n\t\t\tclass=\"so-widget-sow-editor so-widget-sow-editor-base\"\n\t\t\t\n\t\t>\n<div class=\"siteorigin-widget-tinymce textwidget\">\n\t<h1>Genussland-<br \/>veranstaltung<\/h1>\n<p>Zur Zeit finden keine \u00a0Genusslandveranstaltungen statt.<\/p>\n<\/div>\n<\/div><\/div><\/div><div id=\"pgc-1383-2-1\"  class=\"panel-grid-cell\" ><div id=\"panel-1383-2-1-0\" class=\"so-panel widget widget_sow-image panel-first-child panel-last-child\" data-index=\"5\" ><div\n\t\t\t\n\t\t\tclass=\"so-widget-sow-image so-widget-sow-image-default-d6014b76747a-1383\"\n\t\t\t\n\t\t>\n\n<div class=\"sow-image-container\">\n\t\t<img decoding=\"async\" src=\"https:\/\/i0.wp.com\/www.fisch-fest.net\/wordpress\/wp-content\/uploads\/2011\/11\/genussland_ooe_0271-450x3001.jpg?fit=450%2C300&amp;ssl=1\" width=\"450\" height=\"300\" srcset=\"https:\/\/i0.wp.com\/www.fisch-fest.net\/wordpress\/wp-content\/uploads\/2011\/11\/genussland_ooe_0271-450x3001.jpg?resize=450%2C3001&amp;ssl=1 450w, https:\/\/i0.wp.com\/www.fisch-fest.net\/wordpress\/wp-content\/uploads\/2011\/11\/genussland_ooe_0271-450x3001.jpg?resize=300%2C200&amp;ssl=1 300w\" title=\"Genusslandstra\u00dfe Linz\" alt=\"Andreas Pinter bei der Genusslandstra\u00dfe in Linz\" loading=\"lazy\" \t\tclass=\"so-widget-image\"\/>\n\t<\/div>\n\n<\/div><\/div><\/div><\/div><div id=\"pg-1383-3\"  class=\"panel-grid panel-no-style\" ><div id=\"pgc-1383-3-0\"  class=\"panel-grid-cell\" ><div id=\"panel-1383-3-0-0\" class=\"so-panel widget widget_sow-editor panel-first-child panel-last-child\" data-index=\"6\" ><div\n\t\t\t\n\t\t\tclass=\"so-widget-sow-editor so-widget-sow-editor-base\"\n\t\t\t\n\t\t>\n<div class=\"siteorigin-widget-tinymce textwidget\">\n\t<h1><a href=\"http:\/\/www.fisch-fest.net\/wordpress\/veranstaltungskalender\/\" target=\"_blank\">Zum <br \/>Veranstaltungs-<br \/>kalender<\/a><\/h1>\n<\/div>\n<\/div><\/div><\/div><div id=\"pgc-1383-3-1\"  class=\"panel-grid-cell\" ><div id=\"panel-1383-3-1-0\" class=\"so-panel widget widget_sow-image panel-first-child panel-last-child\" data-index=\"7\" ><div\n\t\t\t\n\t\t\tclass=\"so-widget-sow-image so-widget-sow-image-default-d6014b76747a-1383\"\n\t\t\t\n\t\t>\n\n<div class=\"sow-image-container\">\n\t\t<img decoding=\"async\" src=\"https:\/\/i0.wp.com\/www.fisch-fest.net\/wordpress\/wp-content\/uploads\/2012\/05\/Steckerlfisch3.jpg?fit=2016%2C1314&amp;ssl=1\" width=\"2016\" height=\"1314\" srcset=\"https:\/\/i0.wp.com\/www.fisch-fest.net\/wordpress\/wp-content\/uploads\/2012\/05\/Steckerlfisch3.jpg?w=2016&amp;ssl=1 2016w, https:\/\/i0.wp.com\/www.fisch-fest.net\/wordpress\/wp-content\/uploads\/2012\/05\/Steckerlfisch3.jpg?resize=300%2C195&amp;ssl=1 300w, https:\/\/i0.wp.com\/www.fisch-fest.net\/wordpress\/wp-content\/uploads\/2012\/05\/Steckerlfisch3.jpg?resize=1024%2C667&amp;ssl=1 1024w, https:\/\/i0.wp.com\/www.fisch-fest.net\/wordpress\/wp-content\/uploads\/2012\/05\/Steckerlfisch3.jpg?resize=460%2C300&amp;ssl=1 460w, https:\/\/i0.wp.com\/www.fisch-fest.net\/wordpress\/wp-content\/uploads\/2012\/05\/Steckerlfisch3.jpg?w=1726&amp;ssl=1 1726w\" title=\"Veranstaltungskalender\" alt=\"Veranstaltungskalender\" loading=\"lazy\" \t\tclass=\"so-widget-image\"\/>\n\t<\/div>\n\n<\/div><\/div><\/div><\/div><\/div>","protected":false},"excerpt":{"rendered":"<p>Wochenm\u00e4rkte Wochenmarkt Amstetten Wochenmarkt Purkersdorf Wochenmarkt Marchtrenk (14-t\u00e4gig) SteckerlfischZur Zeit sind keine Steckerlfischveranstaltungen geplant!\u00a0Um Veranstaltungen zu buchen melden Sie sich telefonisch an!<\/p>\n","protected":false},"author":1,"featured_media":0,"parent":0,"menu_order":0,"comment_status":"closed","ping_status":"closed","template":"","meta":{"jetpack_post_was_ever_published":false,"footnotes":""},"class_list":["post-1383","page","type-page","status-publish","hentry"],"jetpack_sharing_enabled":true,"jetpack_shortlink":"https:\/\/wp.me\/P8BrCw-mj","jetpack-related-posts":[{"id":2236,"url":"https:\/\/www.fisch-fest.net\/wordpress\/veranstaltung\/wochenmarkt-amstetten\/","url_meta":{"origin":1383,"position":0},"title":"Wochenmarkt Amstetten","date":"12. April 2017","format":false,"excerpt":"Der Wochenmarkt in Amstetten bietet jeden Donnerstag von 7:30 bis 11:45 Uhr ein frisches und regionales Angebot von Fischprodukten. Der Markt findet in der Fu\u00dfg\u00e4ngerzone am Hauptplatz in Amstetten statt. Nat\u00fcrlich finden Sie bei diesem beliebten Markt noch viele weitere Angebote vom Speck bis zum Brot uvm. Ein Besuch wird\u2026","rel":"","context":"\u00c4hnlicher Beitrag","img":{"alt_text":"","src":"","width":0,"height":0},"classes":[]},{"id":2362,"url":"https:\/\/www.fisch-fest.net\/wordpress\/veranstaltung\/wochenmarkt-marchtrenk\/","url_meta":{"origin":1383,"position":1},"title":"Wochenmarkt Marchtrenk","date":"12. April 2017","format":false,"excerpt":"Der Wochenmarkt in Marchtrenk am Samstag von 8:15 bis 11:30 Uhr bietet ein frisches und regionales Angebot von Fischprodukten. (14-Tage-Rhythmus) Nat\u00fcrlich finden Sie bei diesem beliebten Markt noch viele weitere Angebote vom Speck bis zum Brot uvm. Ein Besuch wird Sie vom Angebot \u00fcberzeugen. Ich freue mich in einem 14-Tage-Rhythmus\u2026","rel":"","context":"\u00c4hnlicher Beitrag","img":{"alt_text":"","src":"","width":0,"height":0},"classes":[]},{"id":2479,"url":"https:\/\/www.fisch-fest.net\/wordpress\/veranstaltung\/wochenmarkt-purkersdorf\/","url_meta":{"origin":1383,"position":2},"title":"Wochenmarkt Purkersdorf","date":"12. April 2017","format":false,"excerpt":"Der Wochenmarkt in Purkersdorf bietet jeden Freitag von 8:30 bis 16:30 Uhr ein frisches und regionales Angebot von Fischprodukten. Der Markt findet am Hauptplatz in Purkersdorf\u00a0statt. Nat\u00fcrlich finden Sie bei diesem beliebten Markt noch viele weitere Angebote vom Speck bis zum Brot uvm. Ein Besuch wird Sie vom Angebot \u00fcberzeugen.\u2026","rel":"","context":"\u00c4hnlicher Beitrag","img":{"alt_text":"","src":"","width":0,"height":0},"classes":[]},{"id":234,"url":"https:\/\/www.fisch-fest.net\/wordpress\/news\/termine-steckerlfisch\/","url_meta":{"origin":1383,"position":3},"title":"Termine Steckerlfische","date":"20. April 2012","format":false,"excerpt":"Unsere Steckerlfische sind eine Gaumenfreude und ein Geschmackserlebnis der besonderen Art. F\u00fcr unsere K\u00f6stlichkeiten verwenden wir\u00a0nur Saiblinge oder Forellen in h\u00f6chster Qualit\u00e4t.\u00a0Besuchen Sie uns und sie sind \u00fcberzeugt! \u00a0 Termin\u00fcbersicht: (siehe auch den Veranstaltungskalender) Wochenmarkt Waidhofen leider k\u00f6nnen wir zur Zeit keine Steckerlfische anbieten zur\u00fcck","rel":"","context":"\u00c4hnlicher Beitrag","img":{"alt_text":"","src":"","width":0,"height":0},"classes":[]}],"_links":{"self":[{"href":"https:\/\/www.fisch-fest.net\/wordpress\/wp-json\/wp\/v2\/pages\/1383","targetHints":{"allow":["GET"]}}],"collection":[{"href":"https:\/\/www.fisch-fest.net\/wordpress\/wp-json\/wp\/v2\/pages"}],"about":[{"href":"https:\/\/www.fisch-fest.net\/wordpress\/wp-json\/wp\/v2\/types\/page"}],"author":[{"embeddable":true,"href":"https:\/\/www.fisch-fest.net\/wordpress\/wp-json\/wp\/v2\/users\/1"}],"replies":[{"embeddable":true,"href":"https:\/\/www.fisch-fest.net\/wordpress\/wp-json\/wp\/v2\/comments?post=1383"}],"version-history":[{"count":19,"href":"https:\/\/www.fisch-fest.net\/wordpress\/wp-json\/wp\/v2\/pages\/1383\/revisions"}],"predecessor-version":[{"id":2680,"href":"https:\/\/www.fisch-fest.net\/wordpress\/wp-json\/wp\/v2\/pages\/1383\/revisions\/2680"}],"wp:attachment":[{"href":"https:\/\/www.fisch-fest.net\/wordpress\/wp-json\/wp\/v2\/media?parent=1383"}],"curies":[{"name":"wp","href":"https:\/\/api.w.org\/{rel}","templated":true}]}}

<div id="pl-1383"  class="panel-layout" ><div id="pg-1383-0"  class="panel-grid panel-no-style" ><div id="pgc-1383-0-0"  class="panel-grid-cell" ><div id="panel-1383-0-0-0" class="so-panel widget widget_sow-editor panel-first-child panel-last-child" data-index="0" ><div class="Produkte_Verlinkung panel-widget-style panel-widget-style-for-1383-0-0-0" ><div
			
			class="so-widget-sow-editor so-widget-sow-editor-base"
			
		>
<div class="siteorigin-widget-tinymce textwidget">
	<h1>Wochenmärkte</h1>
<ul>
<li><a href="http://www.fisch-fest.net/wordpress/wochenmarkt-amstetten/" target="_blank" rel="noopener">Wochenmarkt Amstetten</a></li>
<li><a href="http://www.fisch-fest.net/wordpress/veranstaltung/wochenmarkt-purkersdorf/" target="_blank" rel="noopener">Wochenmarkt Purkersdorf</a></li>
<li><a href="http://www.fisch-fest.net/wordpress/veranstaltung/wochenmarkt-marchtrenk/" target="_blank" rel="noopener">Wochenmarkt Marchtrenk (14-tägig)</a></li>
</ul>
</div>
</div></div></div></div><div id="pgc-1383-0-1"  class="panel-grid-cell" ><div id="panel-1383-0-1-0" class="so-panel widget widget_sow-image panel-first-child panel-last-child" data-index="1" ><div
			
			class="so-widget-sow-image so-widget-sow-image-default-d6014b76747a-1383"
			
		>

<div class="sow-image-container">
		<img decoding="async" src="https://i0.wp.com/www.fisch-fest.net/wordpress/wp-content/uploads/2017/04/0384457164-3-2.jpg?fit=675%2C477&amp;ssl=1" width="675" height="477" srcset="https://i0.wp.com/www.fisch-fest.net/wordpress/wp-content/uploads/2017/04/0384457164-3-2.jpg?w=675&amp;ssl=1 675w, https://i0.wp.com/www.fisch-fest.net/wordpress/wp-content/uploads/2017/04/0384457164-3-2.jpg?resize=300%2C212&amp;ssl=1 300w, https://i0.wp.com/www.fisch-fest.net/wordpress/wp-content/uploads/2017/04/0384457164-3-2.jpg?resize=153%2C108&amp;ssl=1 153w" title="Andreas Pinter" alt="Andreas Pinter am Wochenmarkt" loading="lazy" 		class="so-widget-image"/>
	</div>

</div></div></div></div><div id="pg-1383-1"  class="panel-grid panel-no-style" ><div id="pgc-1383-1-0"  class="panel-grid-cell" ><div id="panel-1383-1-0-0" class="so-panel widget widget_sow-editor panel-first-child panel-last-child" data-index="2" ><div
			
			class="so-widget-sow-editor so-widget-sow-editor-base"
			
		>
<div class="siteorigin-widget-tinymce textwidget">
	<h1>Steckerlfisch</h1>
<p>Zur Zeit sind keine Steckerlfischveranstaltungen geplant! Um Veranstaltungen zu buchen melden Sie sich telefonisch an!</p>
</div>
</div></div></div><div id="pgc-1383-1-1"  class="panel-grid-cell" ><div id="panel-1383-1-1-0" class="so-panel widget widget_sow-image panel-first-child panel-last-child" data-index="3" ><div
			
			class="so-widget-sow-image so-widget-sow-image-default-d6014b76747a-1383"
			
		>

<div class="sow-image-container">
		<img decoding="async" src="https://i0.wp.com/www.fisch-fest.net/wordpress/wp-content/uploads/2017/04/7897969206-3-2.jpg?fit=675%2C506&amp;ssl=1" width="675" height="506" srcset="https://i0.wp.com/www.fisch-fest.net/wordpress/wp-content/uploads/2017/04/7897969206-3-2.jpg?w=675&amp;ssl=1 675w, https://i0.wp.com/www.fisch-fest.net/wordpress/wp-content/uploads/2017/04/7897969206-3-2.jpg?resize=300%2C225&amp;ssl=1 300w, https://i0.wp.com/www.fisch-fest.net/wordpress/wp-content/uploads/2017/04/7897969206-3-2.jpg?resize=144%2C108&amp;ssl=1 144w" title="Andreas Pinter" alt="Andreas Pinter beim Steckrfisch-Grillen" loading="lazy" 		class="so-widget-image"/>
	</div>

</div></div></div></div><div id="pg-1383-2"  class="panel-grid panel-no-style" ><div id="pgc-1383-2-0"  class="panel-grid-cell" ><div id="panel-1383-2-0-0" class="so-panel widget widget_sow-editor panel-first-child panel-last-child" data-index="4" ><div
			
			class="so-widget-sow-editor so-widget-sow-editor-base"
			
		>
<div class="siteorigin-widget-tinymce textwidget">
	<h1>Genussland-<br />veranstaltung</h1>
<p>Zur Zeit finden keine  Genusslandveranstaltungen statt.</p>
</div>
</div></div></div><div id="pgc-1383-2-1"  class="panel-grid-cell" ><div id="panel-1383-2-1-0" class="so-panel widget widget_sow-image panel-first-child panel-last-child" data-index="5" ><div
			
			class="so-widget-sow-image so-widget-sow-image-default-d6014b76747a-1383"
			
		>

<div class="sow-image-container">
		<img decoding="async" src="https://i0.wp.com/www.fisch-fest.net/wordpress/wp-content/uploads/2011/11/genussland_ooe_0271-450x3001.jpg?fit=450%2C300&amp;ssl=1" width="450" height="300" srcset="https://i0.wp.com/www.fisch-fest.net/wordpress/wp-content/uploads/2011/11/genussland_ooe_0271-450x3001.jpg?resize=450%2C3001&amp;ssl=1 450w, https://i0.wp.com/www.fisch-fest.net/wordpress/wp-content/uploads/2011/11/genussland_ooe_0271-450x3001.jpg?resize=300%2C200&amp;ssl=1 300w" title="Genusslandstraße Linz" alt="Andreas Pinter bei der Genusslandstraße in Linz" loading="lazy" 		class="so-widget-image"/>
	</div>

</div></div></div></div><div id="pg-1383-3"  class="panel-grid panel-no-style" ><div id="pgc-1383-3-0"  class="panel-grid-cell" ><div id="panel-1383-3-0-0" class="so-panel widget widget_sow-editor panel-first-child panel-last-child" data-index="6" ><div
			
			class="so-widget-sow-editor so-widget-sow-editor-base"
			
		>
<div class="siteorigin-widget-tinymce textwidget">
	<h1><a href="http://www.fisch-fest.net/wordpress/veranstaltungskalender/" target="_blank">Zum <br />Veranstaltungs-<br />kalender</a></h1>
</div>
</div></div></div><div id="pgc-1383-3-1"  class="panel-grid-cell" ><div id="panel-1383-3-1-0" class="so-panel widget widget_sow-image panel-first-child panel-last-child" data-index="7" ><div
			
			class="so-widget-sow-image so-widget-sow-image-default-d6014b76747a-1383"
			
		>

<div class="sow-image-container">
		<img decoding="async" src="https://i0.wp.com/www.fisch-fest.net/wordpress/wp-content/uploads/2012/05/Steckerlfisch3.jpg?fit=2016%2C1314&amp;ssl=1" width="2016" height="1314" srcset="https://i0.wp.com/www.fisch-fest.net/wordpress/wp-content/uploads/2012/05/Steckerlfisch3.jpg?w=2016&amp;ssl=1 2016w, https://i0.wp.com/www.fisch-fest.net/wordpress/wp-content/uploads/2012/05/Steckerlfisch3.jpg?resize=300%2C195&amp;ssl=1 300w, https://i0.wp.com/www.fisch-fest.net/wordpress/wp-content/uploads/2012/05/Steckerlfisch3.jpg?resize=1024%2C667&amp;ssl=1 1024w, https://i0.wp.com/www.fisch-fest.net/wordpress/wp-content/uploads/2012/05/Steckerlfisch3.jpg?resize=460%2C300&amp;ssl=1 460w, https://i0.wp.com/www.fisch-fest.net/wordpress/wp-content/uploads/2012/05/Steckerlfisch3.jpg?w=1726&amp;ssl=1 1726w" title="Veranstaltungskalender" alt="Veranstaltungskalender" loading="lazy" 		class="so-widget-image"/>
	</div>

</div></div></div></div></div>

<p>Wochenmärkte Wochenmarkt Amstetten Wochenmarkt Purkersdorf Wochenmarkt Marchtrenk (14-tägig) SteckerlfischZur Zeit sind keine Steckerlfischveranstaltungen geplant! Um Veranstaltungen zu buchen melden Sie sich telefonisch an!</p>

Der Wochenmarkt in Amstetten bietet jeden Donnerstag von 7:30 bis 11:45 Uhr ein frisches und regionales Angebot von Fischprodukten. Der Markt findet in der Fußgängerzone am Hauptplatz in Amstetten statt. Natürlich finden Sie bei diesem beliebten Markt noch viele weitere Angebote vom Speck bis zum Brot uvm. Ein Besuch wird…

Ähnlicher Beitrag

Der Wochenmarkt in Marchtrenk am Samstag von 8:15 bis 11:30 Uhr bietet ein frisches und regionales Angebot von Fischprodukten. (14-Tage-Rhythmus) Natürlich finden Sie bei diesem beliebten Markt noch viele weitere Angebote vom Speck bis zum Brot uvm. Ein Besuch wird Sie vom Angebot überzeugen. Ich freue mich in einem 14-Tage-Rhythmus…

Der Wochenmarkt in Purkersdorf bietet jeden Freitag von 8:30 bis 16:30 Uhr ein frisches und regionales Angebot von Fischprodukten. Der Markt findet am Hauptplatz in Purkersdorf statt. Natürlich finden Sie bei diesem beliebten Markt noch viele weitere Angebote vom Speck bis zum Brot uvm. Ein Besuch wird Sie vom Angebot überzeugen.…

Unsere Steckerlfische sind eine Gaumenfreude und ein Geschmackserlebnis der besonderen Art. Für unsere Köstlichkeiten verwenden wir nur Saiblinge oder Forellen in höchster Qualität. Besuchen Sie uns und sie sind überzeugt!   Terminübersicht: (siehe auch den Veranstaltungskalender) Wochenmarkt Waidhofen leider können wir zur Zeit keine Steckerlfische anbieten zurück
